{"id":31294,"date":"2023-12-12T16:52:21","date_gmt":"2023-12-12T15:52:21","guid":{"rendered":"https:\/\/www.racba.org\/academic\/zabala-landa-alejandro-2\/"},"modified":"2023-12-12T16:52:21","modified_gmt":"2023-12-12T15:52:21","slug":"zabala-landa-alejandro","status":"publish","type":"academic","link":"https:\/\/www.racba.org\/es\/academic\/zabala-landa-alejandro\/","title":{"rendered":"Zabala Landa, Alejandro"},"content":{"rendered":"<p>Naci\u00f3 en Azcoitia (Guip\u00fazcoa) el 10 de septiembre de 1954. Estudi\u00f3 en el Conservatorio de M\u00fasica de San Sebasti\u00e1n con Jos\u00e9 Antonio Medina Labrada, Francisco Escudero y Jos\u00e9 Luis Marco.<br \/>\nSe gradu\u00f3 con el Primer Premio de Piano, el Primer Premio de M\u00fasica de C\u00e1mara, y el Premio \u00abPaulino Caballero\u00bb.<br \/>\nSiendo a\u00fan estudiante obtiene el premio, por unanimidad del jurado, a la mejor canci\u00f3n original por su composici\u00f3n \u00abBelenen gazta\u00f1ak\u00bb para tres voces blancas, en el VI Festival Interescolar de Coros organizado por la Diputaci\u00f3n Foral de Guip\u00fazcoa.<br \/>\nAmpli\u00f3 su formaci\u00f3n con Juan Carlos G. Zubeldia, Paul Schilhawsky, Emma Jim\u00e9nez y F\u00e9lix Lavilla.<\/p>\n<p>Realiza estudios de Filosof\u00eda y Letras en la Universidad de Deusto.<\/p>\n<p>Ha sido profesor de Acompa\u00f1amiento del Conservatorio Superior de Bilbao.<\/p>\n<p>Ha sido durante trece a\u00f1os el correpetidor y director musical de escenario de la temporada de \u00f3pera de la ABAO, lo que le ha llevado a trabajar m\u00e1s de cincuenta t\u00edtulos oper\u00edsticos con directores como Alberto Zedda, Alain Guingal, Edoardo Muller, Armando Gatto, Leona Magiera, Jan Latham Koenig, Michelangelo Veltri, David Robertson, Marcello Panni, Randall Behr, Gian Paolo Sanzogno, Romano Gandolfi, Giuliano Carella, Thomas Fulton, Rico Sacanni, Massimo de Bernart, Edwin Scholtz, Friedrich Heider, Stefan Soltez, Roberto Tolomelli, Ralf Weikert, Marco Guidarini, Ives Abel, Antonello Allamandi, etc.<\/p>\n<p>Debuta como director de orquesta en el estreno de \u00abAbenduaren lauean\u00bb de Rafael Castro, con la Orquesta \u00abJuan Cris\u00f3stomo de Arriaga\u00bb. Entre sus trabajos como director destacan \u00abLos sobrinos del capit\u00e1n Grant\u00bb en el Teatro Arriaga con la Orquesta Sinf\u00f3nica de Bilbao, y el Concierto de Navidad de la ABAO con la Orquesta \u00abPablo Sarasate\u00bb y el Coro de \u00d3pera de Bilbao acompa\u00f1ando a Ana M\u00aa S\u00e1nchez y Paolo Gavanelli.<\/p>\n<p>Ha participado como pianista en varios concursos internacionales de canto, siendo durante quince a\u00f1os pianista oficial en Toulouse.<\/p>\n<p>Es requerido para los m\u00e1ster impartidos por Ileana Cotrubas, Gabriel Bacquier, Jean Darnel e Isabel Penagos en diversos centros europeos.<br \/>\nEs frecuentemente invitado para impartir cursos de Interpretaci\u00f3n en numerosos conservatorios espa\u00f1oles.<\/p>\n<p>Destaca en su intensa actividad concert\u00edstica la dedicaci\u00f3n a la m\u00fasica de c\u00e1mara. Entre sus colaboraciones con diversas orquestas sobresale un temprano Concierto n\u00ba 1 de Shostakovich con la Orquesta Sinf\u00f3nica de Bilbao y Garc\u00eda Asensio.<br \/>\nCoopera con eminentes instrumentistas: Bartosz Bryla, Tedi Papavrami, William Bennett, Varujan Kozighian, Horacio Parravicini y, especialmente, con cantantes: Ileana Cotrubas, Margaret Price, Elena Obraztsova, Giovanna Casolla, Dennis O&#8217;Neill, Joan Pons, Enedina Lloris, Isabel Rey, Montserrat Mart\u00ed, Ana M\u00aa S\u00e1nchez, Dwayne Croft, Carlos Chausson, Carlos \u00c1lvarez, Enrique Baquerizo, Ignacio Encinas, Carlos Moreno, Anahit Mekhitarian, Maite Arruabarrena, Ann McMillan, Atsuko Kudo, Ana Rodrigo, Bego\u00f1a L\u00f3pez, Joaqu\u00edn Pix\u00e1n, Mar\u00eda Rodr\u00edguez, etc.<br \/>\nHa dado conciertos por toda Espa\u00f1a: Sociedades Filarm\u00f3nicas de Bilbao, Las Palmas, Gij\u00f3n, Castell\u00f3n, Pamplona; Palau de la M\u00fasica de Barcelona, de Valencia; Auditorios de Madrid, Granada, Palma de Mallorca, Zaragoza, Le\u00f3n, Cuenca, Lleida, Albacete, La Coru\u00f1a, Murcia, Pontevedra, Salamanca, Almer\u00eda; Teatros de C\u00f3rdoba, Ourense, Alicante, Burgos, Sevilla, Toledo, Avil\u00e9s, Valladolid, Mah\u00f3n, Soria, Segovia, M\u00e1laga, Jerez, C\u00e1diz, Cartagena, Vigo, Logro\u00f1o, Bilbao, Madrid; Quincena Donostiarra, Festival Internacional de Santander, Festival de Perelada, etc.<br \/>\nCuenta tambi\u00e9n con una relevante proyecci\u00f3n internacional: Maggio Musicale de Florencia, Z\u00fcrich, Berna, M\u00fcnchen, Atenas, Palacio de Mateus en Vila Real, Ostende, Toulouse, Par\u00eds, Marsella, Biarritz, M\u00e9xico D.F., Monterrey, Houston, New York, etc. Es particularmente significativa su colaboraci\u00f3n con Ainhoa Arteta, a quien ha acompa\u00f1ado en importantes escenarios europeos y americanos; cabe rese\u00f1ar el Recital en la Casa Blanca, invitados por los Clinton, en octubre de 1998.<\/p>\n<p>Su inter\u00e9s por los ciclos compositivos le ha llevado a interpretar las integrales de Ravel y Bernstein, las de Mompou, Montsalvatge y Rodrigo en la Fundaci\u00f3n March de Madrid, las de Isasi y Remacha para Eresbil, la de Escudero en la Quincena Donostiarra.<\/p>\n<p>Entre sus grabaciones discogr\u00e1ficas destacan \u00abRecital\u00bb con Ainhoa Arteta; \u00abHomenaje a Ram\u00f3n Cabanillas\u00bb con Joaqu\u00edn Pix\u00e1n; \u00abAve Mar\u00eda\u00bb con la English Chamber Orquestra y Joaqu\u00edn Pix\u00e1n; \u00abAmetsetan\u00bb con Maite Idirin, dedicado a canciones de Soroz\u00e1bal y Canteloube; \u00abHomenaje a Jos\u00e9 Hierro\u00bb con Juan Carlos Gago; \u00abRecital\u00bb con Mar\u00eda Ballarena; \u00abCanciones de Felipe Pedrell\u00bb y \u00abChez Guinjoan\u00bb junto a Bego\u00f1a L\u00f3pez; Integral de los Lieder de Andr\u00e9s Isasi, \u00abCanciones de Tom\u00e1s Garbizu\u00bb y \u00abCanciones de Ercilla\u00bb con Javier Solaun; Concierto del Festival Internacional de Santander, con Casolla y Encinas; \u00abCanciones para la Navidad\u00bb con Isabel Rey; \u00abM\u00fasica para la poes\u00eda de \u00c1ngel Gonz\u00e1lez\u00bb con Joaqu\u00edn Pix\u00e1n, etc. Ha realizado tambi\u00e9n numerosos registros para RNE y TVE.<\/p>\n<p>Recibe el Premio al \u00abMejor Artista de M\u00fasica Cl\u00e1sica\u00bb en la V edici\u00f3n de los Premios de la M\u00fasica de la SGAE.<\/p>\n<p>En julio de 2001 es nombrado Director Art\u00edstico del Centro Superior de M\u00fasica del Pa\u00eds Vasco.<\/p>\n<p>En marzo de 2002 interpreta en el Auditorio Nacional de Madrid el Concierto para piano y orquesta de Francisco Escudero, con la Orquesta Sinf\u00f3nica de Euskadi y Mario Venzago.<\/p>\n<p>Elegido acad\u00e9mico correspondiente por Bilbao (Vizcaya) de la Reial Acad\u00e8mia Catalana de Belles Arts de Sant Jordi el 17 de marzo de 2004, aprobando as\u00ed la propuesta en su d\u00eda presentada por los acad\u00e9micos de n\u00famero Francesc Bonastre Bertr\u00e1n, Joan Guinjoan Gispert y Josep M. Mestres Quadreny.<\/p>\n","protected":false},"template":"","rang":[144],"class_list":["post-31294","academic","type-academic","status-publish","hentry","rang-academics-corresponents"],"acf":[],"_links":{"self":[{"href":"https:\/\/www.racba.org\/es\/wp-json\/wp\/v2\/academic\/31294","targetHints":{"allow":["GET"]}}],"collection":[{"href":"https:\/\/www.racba.org\/es\/wp-json\/wp\/v2\/academic"}],"about":[{"href":"https:\/\/www.racba.org\/es\/wp-json\/wp\/v2\/types\/academic"}],"wp:attachment":[{"href":"https:\/\/www.racba.org\/es\/wp-json\/wp\/v2\/media?parent=31294"}],"wp:term":[{"taxonomy":"rang","embeddable":true,"href":"https:\/\/www.racba.org\/es\/wp-json\/wp\/v2\/rang?post=31294"}],"curies":[{"name":"wp","href":"https:\/\/api.w.org\/{rel}","templated":true}]}}

<p>Nació en Azcoitia (Guipúzcoa) el 10 de septiembre de 1954. Estudió en el Conservatorio de Música de San Sebastián con José Antonio Medina Labrada, Francisco Escudero y José Luis Marco.<br />
Se graduó con el Primer Premio de Piano, el Primer Premio de Música de Cámara, y el Premio «Paulino Caballero».<br />
Siendo aún estudiante obtiene el premio, por unanimidad del jurado, a la mejor canción original por su composición «Belenen gaztañak» para tres voces blancas, en el VI Festival Interescolar de Coros organizado por la Diputación Foral de Guipúzcoa.<br />
Amplió su formación con Juan Carlos G. Zubeldia, Paul Schilhawsky, Emma Jiménez y Félix Lavilla.</p>
<p>Realiza estudios de Filosofía y Letras en la Universidad de Deusto.</p>
<p>Ha sido profesor de Acompañamiento del Conservatorio Superior de Bilbao.</p>
<p>Ha sido durante trece años el correpetidor y director musical de escenario de la temporada de ópera de la ABAO, lo que le ha llevado a trabajar más de cincuenta títulos operísticos con directores como Alberto Zedda, Alain Guingal, Edoardo Muller, Armando Gatto, Leona Magiera, Jan Latham Koenig, Michelangelo Veltri, David Robertson, Marcello Panni, Randall Behr, Gian Paolo Sanzogno, Romano Gandolfi, Giuliano Carella, Thomas Fulton, Rico Sacanni, Massimo de Bernart, Edwin Scholtz, Friedrich Heider, Stefan Soltez, Roberto Tolomelli, Ralf Weikert, Marco Guidarini, Ives Abel, Antonello Allamandi, etc.</p>
<p>Debuta como director de orquesta en el estreno de «Abenduaren lauean» de Rafael Castro, con la Orquesta «Juan Crisóstomo de Arriaga». Entre sus trabajos como director destacan «Los sobrinos del capitán Grant» en el Teatro Arriaga con la Orquesta Sinfónica de Bilbao, y el Concierto de Navidad de la ABAO con la Orquesta «Pablo Sarasate» y el Coro de Ópera de Bilbao acompañando a Ana Mª Sánchez y Paolo Gavanelli.</p>
<p>Ha participado como pianista en varios concursos internacionales de canto, siendo durante quince años pianista oficial en Toulouse.</p>
<p>Es requerido para los máster impartidos por Ileana Cotrubas, Gabriel Bacquier, Jean Darnel e Isabel Penagos en diversos centros europeos.<br />
Es frecuentemente invitado para impartir cursos de Interpretación en numerosos conservatorios españoles.</p>
<p>Destaca en su intensa actividad concertística la dedicación a la música de cámara. Entre sus colaboraciones con diversas orquestas sobresale un temprano Concierto nº 1 de Shostakovich con la Orquesta Sinfónica de Bilbao y García Asensio.<br />
Coopera con eminentes instrumentistas: Bartosz Bryla, Tedi Papavrami, William Bennett, Varujan Kozighian, Horacio Parravicini y, especialmente, con cantantes: Ileana Cotrubas, Margaret Price, Elena Obraztsova, Giovanna Casolla, Dennis O&#8217;Neill, Joan Pons, Enedina Lloris, Isabel Rey, Montserrat Martí, Ana Mª Sánchez, Dwayne Croft, Carlos Chausson, Carlos Álvarez, Enrique Baquerizo, Ignacio Encinas, Carlos Moreno, Anahit Mekhitarian, Maite Arruabarrena, Ann McMillan, Atsuko Kudo, Ana Rodrigo, Begoña López, Joaquín Pixán, María Rodríguez, etc.<br />
Ha dado conciertos por toda España: Sociedades Filarmónicas de Bilbao, Las Palmas, Gijón, Castellón, Pamplona; Palau de la Música de Barcelona, de Valencia; Auditorios de Madrid, Granada, Palma de Mallorca, Zaragoza, León, Cuenca, Lleida, Albacete, La Coruña, Murcia, Pontevedra, Salamanca, Almería; Teatros de Córdoba, Ourense, Alicante, Burgos, Sevilla, Toledo, Avilés, Valladolid, Mahón, Soria, Segovia, Málaga, Jerez, Cádiz, Cartagena, Vigo, Logroño, Bilbao, Madrid; Quincena Donostiarra, Festival Internacional de Santander, Festival de Perelada, etc.<br />
Cuenta también con una relevante proyección internacional: Maggio Musicale de Florencia, Zürich, Berna, München, Atenas, Palacio de Mateus en Vila Real, Ostende, Toulouse, París, Marsella, Biarritz, México D.F., Monterrey, Houston, New York, etc. Es particularmente significativa su colaboración con Ainhoa Arteta, a quien ha acompañado en importantes escenarios europeos y americanos; cabe reseñar el Recital en la Casa Blanca, invitados por los Clinton, en octubre de 1998.</p>
<p>Su interés por los ciclos compositivos le ha llevado a interpretar las integrales de Ravel y Bernstein, las de Mompou, Montsalvatge y Rodrigo en la Fundación March de Madrid, las de Isasi y Remacha para Eresbil, la de Escudero en la Quincena Donostiarra.</p>
<p>Entre sus grabaciones discográficas destacan «Recital» con Ainhoa Arteta; «Homenaje a Ramón Cabanillas» con Joaquín Pixán; «Ave María» con la English Chamber Orquestra y Joaquín Pixán; «Ametsetan» con Maite Idirin, dedicado a canciones de Sorozábal y Canteloube; «Homenaje a José Hierro» con Juan Carlos Gago; «Recital» con María Ballarena; «Canciones de Felipe Pedrell» y «Chez Guinjoan» junto a Begoña López; Integral de los Lieder de Andrés Isasi, «Canciones de Tomás Garbizu» y «Canciones de Ercilla» con Javier Solaun; Concierto del Festival Internacional de Santander, con Casolla y Encinas; «Canciones para la Navidad» con Isabel Rey; «Música para la poesía de Ángel González» con Joaquín Pixán, etc. Ha realizado también numerosos registros para RNE y TVE.</p>
<p>Recibe el Premio al «Mejor Artista de Música Clásica» en la V edición de los Premios de la Música de la SGAE.</p>
<p>En julio de 2001 es nombrado Director Artístico del Centro Superior de Música del País Vasco.</p>
<p>En marzo de 2002 interpreta en el Auditorio Nacional de Madrid el Concierto para piano y orquesta de Francisco Escudero, con la Orquesta Sinfónica de Euskadi y Mario Venzago.</p>
<p>Elegido académico correspondiente por Bilbao (Vizcaya) de la Reial Acadèmia Catalana de Belles Arts de Sant Jordi el 17 de marzo de 2004, aprobando así la propuesta en su día presentada por los académicos de número Francesc Bonastre Bertrán, Joan Guinjoan Gispert y Josep M. Mestres Quadreny.</p>
