{"id":31301,"date":"2023-12-12T16:52:22","date_gmt":"2023-12-12T15:52:22","guid":{"rendered":"https:\/\/www.racba.org\/academic\/fernandez-garcia-rosa-m-2\/"},"modified":"2023-12-12T16:52:22","modified_gmt":"2023-12-12T15:52:22","slug":"fernandez-garcia-rosa-m","status":"publish","type":"academic","link":"https:\/\/www.racba.org\/es\/academic\/fernandez-garcia-rosa-m\/","title":{"rendered":"Fern\u00e1ndez Garc\u00eda, Rosa M."},"content":{"rendered":"<p>Doctora en musicolog\u00eda por la Universidad Aut\u00f3noma de Barcelona y licenciada con grado en Geograf\u00eda e Historia, especialidad de Musicolog\u00eda por la Universidad de Oviedo.<\/p>\n<p>I. Actividad profesional<br \/>\n. Asesora especialista de m\u00fasica en la Conseller\u00eda de Educaci\u00f3n y Ordenaci\u00f3n Educativa de la Xunta de Galicia.<br \/>\n. Miembro del grupo de investigaci\u00f3n de m\u00fasica de la Universidad de Santiago de Compostela.<br \/>\n. Profesora del curso de doctorado \u00abM\u00fasica y emigraci\u00f3n\u00bb del Departamento de Artes de la USC.<br \/>\n. Comisionada por la Conseller\u00eda de Educaci\u00f3n y Ordenaci\u00f3n Universitaria de la Xunta de Galicia para la elaboraci\u00f3n de los curricula de educaci\u00f3n primaria: educaci\u00f3n art\u00edstica.<br \/>\n. Comisionada por la Conseller\u00eda de Educaci\u00f3n y Ordenaci\u00f3n Universitaria de la Xunta de Galicia para la elaboraci\u00f3n de los curricula de educaci\u00f3n secundaria de la materia de M\u00fasica.<br \/>\n. Comisionada por la Conseller\u00eda de Educaci\u00f3n y Ordenaci\u00f3n Universitaria de la Xunta de Galicia para la elaboraci\u00f3n del curriculum de la materia de Historia de la m\u00fasica de Bachillerato.<br \/>\n. Miembro de la Sociedad Espa\u00f1ola de Musicolog\u00eda.<br \/>\n. Profesora titular con destino definitivo en comisi\u00f3n de servicios de jefe del departamento de M\u00fasica en el Instituto de Bachillerato \u00abAntonio Fraguas\u00bb, de Santiago de Compostela.<br \/>\n. Asesor\u00eda musical del Ayuntamiento de Lugo (1996-1999).<br \/>\n. Directora de las \u00abI Jornadas did\u00e1cticas de m\u00fasica para ni\u00f1os\u00bb organizadas por el Excmo. Ayuntamiento de Lugo, abril de 1997.<br \/>\n. Directora del curso \u00abAproximaci\u00f3n a la m\u00fasica cl\u00e1sica\u00bb, Centro sociocultural del Excmo. Ayuntamiento de Lugo, diciembre de 1997.<br \/>\n. Directora del curso \u00abAn\u00e1lisis de m\u00fasica cl\u00e1sica\u00bb, Ayuntamiento de Lugo, marzo de 1998.<br \/>\n. Profesora de licenciados en pr\u00e1cticas del \u00abCurso de Adaptaci\u00f3n Pedag\u00f3gica\u00bb, 1998, 2000 y 2001.<br \/>\n. Miembro del \u00abSeminario virtual transnacional sobre nuevas tecnolog\u00edas aplicadas a la educaci\u00f3n\u00bb, marzo 1999.<br \/>\n. Colaboradora del \u00abDiccionario de la M\u00fasica Espa\u00f1ola e Hispanoamericana\u00bb, editado por el Ministerio de Cultura-INAEM y la Sociedad General de Autores de Espa\u00f1a.<br \/>\n. Cr\u00edtico y articulista del peri\u00f3dico \u00abEl Progreso\u00bb de Lugo.<br \/>\n. Cr\u00edtico del VI Festival Internacional de Jazz de Lugo.<br \/>\n. Cr\u00edtico del VII Festival Internacional de Jazz de Lugo.<br \/>\n. Coordinadora en Espa\u00f1a del programa S\u00f3crates\/Comenius titulado \u00abLas ciudades y los r\u00edos\u00bb, en el que se encuentran trabajando representantes de Inglaterra, Alemania, Francia, Italia y Rusia.<br \/>\n. Colaboradora con la \u00abObra Cultural\u00bb de la Caja de Ahorros de Asturias para el proyecto \u00abAntolog\u00eda de Cuartetos espa\u00f1oles\u00bb.<br \/>\n. Corresponsable del \u00abPrograma Arion: Enrichment programes for gifted childen\u00bb.<br \/>\n. Coordinadora cient\u00edfica del encuentro internacional sobre Cooperaci\u00f3n al Desarrollo \u201cEliminando fronteras: los objetivos del Milenio\u201d, Palacio de Congresos de Santiago de Compostela, noviembre de 2009.<br \/>\n. Coordinadora cient\u00edfica del curso \u201cReformulaci\u00f3n de conceptos en la m\u00fasica cl\u00e1sica\u201d. Conseller\u00eda de Educaci\u00f3n, Santiago de Compostela, mayo 2010.<br \/>\n. Profesora del Curso en Internet de la Conseller\u00eda de Educaci\u00f3n de Galicia \u201cLenguaje musical; pr\u00e1ctica y pedagog\u00eda\u201d.<br \/>\n. Coordinadora cient\u00edfica del curso \u201cLa \u00f3pera en los siglos XIX, XX y XXI\u201d, Conseller\u00eda de Educaci\u00f3n, Santiago de Compostela, junio 2010.<br \/>\n. Master en Derecho de la Uni\u00f3n Europea, realizado en A Coru\u00f1a, 2010.<br \/>\n. Responsable de Innovaci\u00f3n de la Conseller\u00eda de Educaci\u00f3n de Galicia, 2009 y 2010.<br \/>\n. Estancia en las Instituciones Europeas en Bruselas para realizar un trabajo de investigaci\u00f3n sobre \u00abPol\u00edticas europeas de evaluaci\u00f3n e innovaci\u00f3n en Educaci\u00f3n al Desarrollo\u00bb, junio de 2010.<br \/>\n. Agregada de M\u00fasica en Andorra del Ministerio de Educaci\u00f3n y del Ministerio de Asuntos Exteriores en el Instituto Espa\u00f1ol de Andorra, desde septiembre de 2010.<\/p>\n<p>II. Cargos directivos y de responsabilidad ocupados<br \/>\n. Asesora especialista de temas transversales de educaci\u00f3n en la Conseller\u00eda de Educaci\u00f3n y Ordenaci\u00f3n Universitaria.<br \/>\n. Miembro del tribunal de los Premios Extraordinarios de Bachillerato de Galicia.<br \/>\n. Responsable del Plan Galego de Fomento de la Lectura.<br \/>\n. Miembro de la Comisi\u00f3n Interuniversitaria de Galicia.<br \/>\n. Vicedirectora del Instituto de Ense\u00f1anza Secundaria \u00abA Nosa Se\u00f1ora dos ollos grandes\u00bb de Lugo.<br \/>\n. Jefa del departamento de m\u00fasica en el citado instituto.<br \/>\n. Responsable del plan de innovaci\u00f3n educativa de \u00absecci\u00f3n europea\u00bb en el mismo instituto.<br \/>\n. Responsable de los proyectos \u00abS\u00f3crates\u00bb del centro entre los a\u00f1os 1998-2000.<br \/>\n. Responsable del intercambio con Alemania en el curso 1998-1999.<br \/>\n. Organizadora de la \u00abEuropean week\u00bb, que, con sede en el citado instituto, prepar\u00f3 distintas actividades para alumnos de seis pa\u00edses, en el curso 1999-2000.<br \/>\n. Responsable del intercambio con Suecia en el curso 2000-2001.<\/p>\n<p>III. Libros publicados<br \/>\n. \u00abLa obra pian\u00edstica de Joan Guinjoan\u00bb, Editorial Alpuerto, Madrid, 1996.<br \/>\n. \u00abHistoria de la m\u00fasica\u00bb, Ed. Galinova, A Coru\u00f1a, 2003.<br \/>\n. \u00abJes\u00fas Bal y Gay. O seu pensamento antes de 1933\u00bb, Edici\u00f3s do Castro, A Coru\u00f1a, 2005.<br \/>\n. \u00abAndr\u00e9s Gaos\u00bb, Conseller\u00eda de Cultura e Deporte, Santiago de Compostela, 2005.<\/p>\n<p>IV. Art\u00edculos y conferencias<br \/>\n. \u00abLas est\u00e9ticas \u00edntimas: Eduardo Toldr\u00e1 y Gerardo Gombau\u00bb, en \u00abAntolog\u00eda del Cuarteto en Espa\u00f1a\u00bb, Oviedo, 1995.<br \/>\n. \u00abConversaciones con Joan Guinjoan y Ernest Mart\u00ednez Izquierdo\u00bb, en \u00ab2\u00ba Festival de m\u00fasica del siglo XX\u00bb, Barcelona, Excmo. Ayuntamiento de Barcelona, 1996.<br \/>\n. \u00abEl eclecticismo como concepci\u00f3n est\u00e9tica en la obra de Joan Guinjoan\u00bb, conferencia pronunciada en el Teatro Fortuny, Reus, 1997.<br \/>\n. \u00abJoan Guinjoan: la creaci\u00f3n constante\u00bb, en \u00abJoan Guinjoan\u00bb, Ed. Asociaci\u00f3n de Ingenieros Industriales de Catalu\u00f1a, Barcelona, diciembre 1997.<br \/>\n. \u00abConciliaci\u00f3n de identidades extramusicales: en torno al nacionalismo\u00bb, en \u00abActas del V Congreso Internacional &#8216;El Discurso art\u00edstico Norte y Sur'\u00bb, Servicio de Publicaciones de la Universidad de Oviedo, Oviedo, 1998.<br \/>\n. \u00abJoan Guinjoan: un acercamiento a su est\u00e9tica musical\u00bb, Revista \u00abM\u00fasica d&#8217;ara\u00bb, n\u00ba 1, Ed. Asociaci\u00f3n Catalana de Compositores, Barcelona, 1998.<br \/>\n. \u00abLa italiana en Argel\u00bb, programa de mano de esta \u00f3pera de Rossini, Semana del Corpus Lucense, Lugo, 1998.<br \/>\n. \u00abEl lenguaje cinematogr\u00e1fico de la m\u00fasica\u00bb, en \u00abActas del VI Congreso Internacional sobre el discurso art\u00edstico &#8216;El cine: otra dimensi\u00f3n del discurso art\u00edstico'\u00bb, Servicio de Publicaciones de la Universidad de Oviedo, Oviedo, 1999.<br \/>\n. \u00abPupils teach pupils on-line\u00bb, conferencia enmarcada en el \u00abSeminario Comunet 99\u00bb de altas tecnolog\u00edas aplicadas a proyectos europeos, Barcelona, abril 1999.<br \/>\n. \u00abM\u00fasica de sal\u00f3n: el C\u00edrculo de las Artes de Lugo\u00bb, conferencia en las Jornadas sobre Juan Montes, Conseller\u00eda de Cultura.<br \/>\n. \u00abM\u00fasica de sal\u00f3n: el C\u00edrculo de las Artes de Lugo\u00bb, en \u00abActas del Congreso &#8216;Juan Montes'\u00bb, Xunta de Galicia, Santiago de Compostela, 1999.<br \/>\n. \u00abUnsere stadt am Strom\u00bb, ponencia mantenida en Alemania, 1999, enmarcada en el programa S\u00f3crates, el programa de acci\u00f3n de la Uni\u00f3n Europea para la cooperaci\u00f3n en el \u00e1mbito de la educaci\u00f3n.<br \/>\n. \u00abCien a\u00f1os sin Juan Montes\u00bb, art\u00edculo publicado en el \u00abAnuario\u00bb del diario \u00abEl Progreso\u00bb, Lugo, 2000.<br \/>\n. \u00abLa est\u00e9tica expresionista alemana\u00bb, conferencia celebrada en la Facultad de Humanidades, Lugo, 2000.<br \/>\n. \u00abAproximaci\u00f3n est\u00e9tica a la m\u00fasica de Guinjoan\u00bb, en \u00abJoan Guinjoan; testimonio de un m\u00fasico\u00bb, Garc\u00eda del Busto (ed.), SGAE, 2001.<br \/>\n. \u00abJes\u00fas Bal y Gay: visi\u00f3n del exilio a trav\u00e9s de sus cartas\u00bb, en \u00abCongreso Internacional &#8216;O Exilio Galego'\u00bb, Consello da Cultura Gallega, Santiago de Compostela, 2001.<br \/>\n. \u00abCuesti\u00f3ns te\u00f3ricas sobre a creaci\u00f3n musical espa\u00f1ola na actualidade\u00bb, en \u00abRevista Galega do Ensino\u00bb, n\u00fam. 36, Xunta de Galicia, Santiago de Compostela, 2002.<br \/>\n. \u00abM\u00fasica contempor\u00e1nea catalana: aproximaci\u00f3n metodol\u00f3gica\u00bb, Conseller\u00eda de Educaci\u00f3n y Ordenaci\u00f3n Universitaria, Santiago de Compostela, abril 2003.<br \/>\n. \u00abMusic education in Galicia\u00bb, Cracovia, enero 2003.<br \/>\n. \u00abVisi\u00f3n de Bal y Gay en los intelectuales de su tiempo\u00bb, Xornadas Bal y Gay, Lugo, 2003.<br \/>\n. \u00abA m\u00fasica contempor\u00e1nea catalana\u00bb, Conseller\u00eda de Educaci\u00f3n y Ordenaci\u00f3n Universitaria, Santiago de Compostela, febrero 2004.<br \/>\n. \u00abJes\u00fas Bal y Gay; una generaci\u00f3n en torno a un m\u00fasico\u00bb, Pontevedra, 2004.<br \/>\n. \u00abJoan Guinjoan e Josep Soler; est\u00e9ticas de contraste\u00bb, Santiago de Compostela, Conseller\u00eda de Educaci\u00f3n, marzo 2005.<br \/>\n. \u00abLa programaci\u00f3n musical en la \u00e9poca de Canalejas\u00bb, en \u00abActas del Congreso Canalejas\u00bb, Ferrol, 2005.<br \/>\n. \u00abHistoria da M\u00fasica\u00bb, material complementario de esta materia para segundo curso de Bachillerato, 2005.<br \/>\n. \u00abJoan Guinjoan\u00bb, en revista \u00abSibila\u00bb, Sevilla, 2005.<\/p>\n<p>V. Becas de investigaci\u00f3n y premios recibidos<br \/>\n. Becaria de colaboraci\u00f3n, beca concedida por la Universidad de Oviedo en 1993 y 1994 (Becas de Formaci\u00f3n de Personal Investigador &#8211; Subprograma de Formaci\u00f3n de Profesorado Universitario).<br \/>\n. Becada por la Fundaci\u00f3n de M\u00fasica Contempor\u00e1nea, organismo dependiente de la Consejer\u00eda de Cultura de la Generalitat de Catalunya por el trabajo de investigaci\u00f3n \u00abAn\u00e1lisis y po\u00e9tica del compositor catal\u00e1n contempor\u00e1neo Joan Guinjoan\u00bb, 1994.<br \/>\n. Becada por la Fundaci\u00f3n Montele\u00f3n (convocatoria 1994) por el proyecto de trabajo \u00abEstudio organol\u00f3gico en El Bierzo\u00bb.<br \/>\n. Becada por la Fundaci\u00f3n Montele\u00f3n (convocatoria 1995) por el proyecto de trabajo \u00ab\u00c1ngel Barja: Obra camar\u00edstica I\u00bb.<br \/>\n. Becada por la Fundaci\u00f3n Caixavigo (convocatoria 1999) por el proyecto de investigaci\u00f3n \u00abJes\u00fas Bal y Gay a trav\u00e9s de la Residencia de Estudiantes\u00bb.<br \/>\n. Becada por la Comisi\u00f3n Europea para participar en el Programa \u00abArion\u00bb de educaci\u00f3n para ni\u00f1os con sobredotaci\u00f3n intelectual, Austria, 2003.<br \/>\n. Elegida acad\u00e9mica correspondiente por Santiago de Compostela (La Coru\u00f1a) de la Reial Acad\u00e8mia Catalana de Belles Arts de Sant Jordi el 19 de abril de 2006, aprobando as\u00ed la propuesta en su d\u00eda presentada por los acad\u00e9micos de n\u00famero Francesc Bonastre Bertran, Joan Guinjoan Gispert y Cecilia Colien Honegger.<\/p>\n<p>VI. Idiomas y cursos realizados<br \/>\n. Nivel avanzado de ingl\u00e9s, franc\u00e9s y gallego.<br \/>\n. Nivel medio de portugu\u00e9s.<br \/>\n. Advanced English and Teaching Methodology for Music Teachers, 1999.<br \/>\n. Curso de Gesti\u00f3n Cultural, Conseller\u00eda de Cultura, Comunicaci\u00f3n Social y Turismo, 2004.<br \/>\n. Curso de Conversaci\u00f3n en ingl\u00e9s, Escuela Gallega de Administraci\u00f3n P\u00fablica, 2005.<br \/>\n. Curso de Conversaci\u00f3n en franc\u00e9s, Escuela Gallega de Administraci\u00f3n P\u00fablica, 2005.<\/p>\n","protected":false},"template":"","rang":[144],"class_list":["post-31301","academic","type-academic","status-publish","has-post-thumbnail","hentry","rang-academics-corresponents"],"acf":[],"_links":{"self":[{"href":"https:\/\/www.racba.org\/es\/wp-json\/wp\/v2\/academic\/31301","targetHints":{"allow":["GET"]}}],"collection":[{"href":"https:\/\/www.racba.org\/es\/wp-json\/wp\/v2\/academic"}],"about":[{"href":"https:\/\/www.racba.org\/es\/wp-json\/wp\/v2\/types\/academic"}],"wp:featuredmedia":[{"embeddable":true,"href":"https:\/\/www.racba.org\/es\/wp-json\/wp\/v2\/media\/8865"}],"wp:attachment":[{"href":"https:\/\/www.racba.org\/es\/wp-json\/wp\/v2\/media?parent=31301"}],"wp:term":[{"taxonomy":"rang","embeddable":true,"href":"https:\/\/www.racba.org\/es\/wp-json\/wp\/v2\/rang?post=31301"}],"curies":[{"name":"wp","href":"https:\/\/api.w.org\/{rel}","templated":true}]}}

Fernández García, Rosa M.

<p>Doctora en musicología por la Universidad Autónoma de Barcelona y licenciada con grado en Geografía e Historia, especialidad de Musicología por la Universidad de Oviedo.</p>
<p>I. Actividad profesional<br />
. Asesora especialista de música en la Consellería de Educación y Ordenación Educativa de la Xunta de Galicia.<br />
. Miembro del grupo de investigación de música de la Universidad de Santiago de Compostela.<br />
. Profesora del curso de doctorado «Música y emigración» del Departamento de Artes de la USC.<br />
. Comisionada por la Consellería de Educación y Ordenación Universitaria de la Xunta de Galicia para la elaboración de los curricula de educación primaria: educación artística.<br />
. Comisionada por la Consellería de Educación y Ordenación Universitaria de la Xunta de Galicia para la elaboración de los curricula de educación secundaria de la materia de Música.<br />
. Comisionada por la Consellería de Educación y Ordenación Universitaria de la Xunta de Galicia para la elaboración del curriculum de la materia de Historia de la música de Bachillerato.<br />
. Miembro de la Sociedad Española de Musicología.<br />
. Profesora titular con destino definitivo en comisión de servicios de jefe del departamento de Música en el Instituto de Bachillerato «Antonio Fraguas», de Santiago de Compostela.<br />
. Asesoría musical del Ayuntamiento de Lugo (1996-1999).<br />
. Directora de las «I Jornadas didácticas de música para niños» organizadas por el Excmo. Ayuntamiento de Lugo, abril de 1997.<br />
. Directora del curso «Aproximación a la música clásica», Centro sociocultural del Excmo. Ayuntamiento de Lugo, diciembre de 1997.<br />
. Directora del curso «Análisis de música clásica», Ayuntamiento de Lugo, marzo de 1998.<br />
. Profesora de licenciados en prácticas del «Curso de Adaptación Pedagógica», 1998, 2000 y 2001.<br />
. Miembro del «Seminario virtual transnacional sobre nuevas tecnologías aplicadas a la educación», marzo 1999.<br />
. Colaboradora del «Diccionario de la Música Española e Hispanoamericana», editado por el Ministerio de Cultura-INAEM y la Sociedad General de Autores de España.<br />
. Crítico y articulista del periódico «El Progreso» de Lugo.<br />
. Crítico del VI Festival Internacional de Jazz de Lugo.<br />
. Crítico del VII Festival Internacional de Jazz de Lugo.<br />
. Coordinadora en España del programa Sócrates/Comenius titulado «Las ciudades y los ríos», en el que se encuentran trabajando representantes de Inglaterra, Alemania, Francia, Italia y Rusia.<br />
. Colaboradora con la «Obra Cultural» de la Caja de Ahorros de Asturias para el proyecto «Antología de Cuartetos españoles».<br />
. Corresponsable del «Programa Arion: Enrichment programes for gifted childen».<br />
. Coordinadora científica del encuentro internacional sobre Cooperación al Desarrollo “Eliminando fronteras: los objetivos del Milenio”, Palacio de Congresos de Santiago de Compostela, noviembre de 2009.<br />
. Coordinadora científica del curso “Reformulación de conceptos en la música clásica”. Consellería de Educación, Santiago de Compostela, mayo 2010.<br />
. Profesora del Curso en Internet de la Consellería de Educación de Galicia “Lenguaje musical; práctica y pedagogía”.<br />
. Coordinadora científica del curso “La ópera en los siglos XIX, XX y XXI”, Consellería de Educación, Santiago de Compostela, junio 2010.<br />
. Master en Derecho de la Unión Europea, realizado en A Coruña, 2010.<br />
. Responsable de Innovación de la Consellería de Educación de Galicia, 2009 y 2010.<br />
. Estancia en las Instituciones Europeas en Bruselas para realizar un trabajo de investigación sobre «Políticas europeas de evaluación e innovación en Educación al Desarrollo», junio de 2010.<br />
. Agregada de Música en Andorra del Ministerio de Educación y del Ministerio de Asuntos Exteriores en el Instituto Español de Andorra, desde septiembre de 2010.</p>
<p>II. Cargos directivos y de responsabilidad ocupados<br />
. Asesora especialista de temas transversales de educación en la Consellería de Educación y Ordenación Universitaria.<br />
. Miembro del tribunal de los Premios Extraordinarios de Bachillerato de Galicia.<br />
. Responsable del Plan Galego de Fomento de la Lectura.<br />
. Miembro de la Comisión Interuniversitaria de Galicia.<br />
. Vicedirectora del Instituto de Enseñanza Secundaria «A Nosa Señora dos ollos grandes» de Lugo.<br />
. Jefa del departamento de música en el citado instituto.<br />
. Responsable del plan de innovación educativa de «sección europea» en el mismo instituto.<br />
. Responsable de los proyectos «Sócrates» del centro entre los años 1998-2000.<br />
. Responsable del intercambio con Alemania en el curso 1998-1999.<br />
. Organizadora de la «European week», que, con sede en el citado instituto, preparó distintas actividades para alumnos de seis países, en el curso 1999-2000.<br />
. Responsable del intercambio con Suecia en el curso 2000-2001.</p>
<p>III. Libros publicados<br />
. «La obra pianística de Joan Guinjoan», Editorial Alpuerto, Madrid, 1996.<br />
. «Historia de la música», Ed. Galinova, A Coruña, 2003.<br />
. «Jesús Bal y Gay. O seu pensamento antes de 1933», Ediciós do Castro, A Coruña, 2005.<br />
. «Andrés Gaos», Consellería de Cultura e Deporte, Santiago de Compostela, 2005.</p>
<p>IV. Artículos y conferencias<br />
. «Las estéticas íntimas: Eduardo Toldrá y Gerardo Gombau», en «Antología del Cuarteto en España», Oviedo, 1995.<br />
. «Conversaciones con Joan Guinjoan y Ernest Martínez Izquierdo», en «2º Festival de música del siglo XX», Barcelona, Excmo. Ayuntamiento de Barcelona, 1996.<br />
. «El eclecticismo como concepción estética en la obra de Joan Guinjoan», conferencia pronunciada en el Teatro Fortuny, Reus, 1997.<br />
. «Joan Guinjoan: la creación constante», en «Joan Guinjoan», Ed. Asociación de Ingenieros Industriales de Cataluña, Barcelona, diciembre 1997.<br />
. «Conciliación de identidades extramusicales: en torno al nacionalismo», en «Actas del V Congreso Internacional &#8216;El Discurso artístico Norte y Sur'», Servicio de Publicaciones de la Universidad de Oviedo, Oviedo, 1998.<br />
. «Joan Guinjoan: un acercamiento a su estética musical», Revista «Música d&#8217;ara», nº 1, Ed. Asociación Catalana de Compositores, Barcelona, 1998.<br />
. «La italiana en Argel», programa de mano de esta ópera de Rossini, Semana del Corpus Lucense, Lugo, 1998.<br />
. «El lenguaje cinematográfico de la música», en «Actas del VI Congreso Internacional sobre el discurso artístico &#8216;El cine: otra dimensión del discurso artístico'», Servicio de Publicaciones de la Universidad de Oviedo, Oviedo, 1999.<br />
. «Pupils teach pupils on-line», conferencia enmarcada en el «Seminario Comunet 99» de altas tecnologías aplicadas a proyectos europeos, Barcelona, abril 1999.<br />
. «Música de salón: el Círculo de las Artes de Lugo», conferencia en las Jornadas sobre Juan Montes, Consellería de Cultura.<br />
. «Música de salón: el Círculo de las Artes de Lugo», en «Actas del Congreso &#8216;Juan Montes'», Xunta de Galicia, Santiago de Compostela, 1999.<br />
. «Unsere stadt am Strom», ponencia mantenida en Alemania, 1999, enmarcada en el programa Sócrates, el programa de acción de la Unión Europea para la cooperación en el ámbito de la educación.<br />
. «Cien años sin Juan Montes», artículo publicado en el «Anuario» del diario «El Progreso», Lugo, 2000.<br />
. «La estética expresionista alemana», conferencia celebrada en la Facultad de Humanidades, Lugo, 2000.<br />
. «Aproximación estética a la música de Guinjoan», en «Joan Guinjoan; testimonio de un músico», García del Busto (ed.), SGAE, 2001.<br />
. «Jesús Bal y Gay: visión del exilio a través de sus cartas», en «Congreso Internacional &#8216;O Exilio Galego'», Consello da Cultura Gallega, Santiago de Compostela, 2001.<br />
. «Cuestións teóricas sobre a creación musical española na actualidade», en «Revista Galega do Ensino», núm. 36, Xunta de Galicia, Santiago de Compostela, 2002.<br />
. «Música contemporánea catalana: aproximación metodológica», Consellería de Educación y Ordenación Universitaria, Santiago de Compostela, abril 2003.<br />
. «Music education in Galicia», Cracovia, enero 2003.<br />
. «Visión de Bal y Gay en los intelectuales de su tiempo», Xornadas Bal y Gay, Lugo, 2003.<br />
. «A música contemporánea catalana», Consellería de Educación y Ordenación Universitaria, Santiago de Compostela, febrero 2004.<br />
. «Jesús Bal y Gay; una generación en torno a un músico», Pontevedra, 2004.<br />
. «Joan Guinjoan e Josep Soler; estéticas de contraste», Santiago de Compostela, Consellería de Educación, marzo 2005.<br />
. «La programación musical en la época de Canalejas», en «Actas del Congreso Canalejas», Ferrol, 2005.<br />
. «Historia da Música», material complementario de esta materia para segundo curso de Bachillerato, 2005.<br />
. «Joan Guinjoan», en revista «Sibila», Sevilla, 2005.</p>
<p>V. Becas de investigación y premios recibidos<br />
. Becaria de colaboración, beca concedida por la Universidad de Oviedo en 1993 y 1994 (Becas de Formación de Personal Investigador &#8211; Subprograma de Formación de Profesorado Universitario).<br />
. Becada por la Fundación de Música Contemporánea, organismo dependiente de la Consejería de Cultura de la Generalitat de Catalunya por el trabajo de investigación «Análisis y poética del compositor catalán contemporáneo Joan Guinjoan», 1994.<br />
. Becada por la Fundación Monteleón (convocatoria 1994) por el proyecto de trabajo «Estudio organológico en El Bierzo».<br />
. Becada por la Fundación Monteleón (convocatoria 1995) por el proyecto de trabajo «Ángel Barja: Obra camarística I».<br />
. Becada por la Fundación Caixavigo (convocatoria 1999) por el proyecto de investigación «Jesús Bal y Gay a través de la Residencia de Estudiantes».<br />
. Becada por la Comisión Europea para participar en el Programa «Arion» de educación para niños con sobredotación intelectual, Austria, 2003.<br />
. Elegida académica correspondiente por Santiago de Compostela (La Coruña) de la Reial Acadèmia Catalana de Belles Arts de Sant Jordi el 19 de abril de 2006, aprobando así la propuesta en su día presentada por los académicos de número Francesc Bonastre Bertran, Joan Guinjoan Gispert y Cecilia Colien Honegger.</p>
<p>VI. Idiomas y cursos realizados<br />
. Nivel avanzado de inglés, francés y gallego.<br />
. Nivel medio de portugués.<br />
. Advanced English and Teaching Methodology for Music Teachers, 1999.<br />
. Curso de Gestión Cultural, Consellería de Cultura, Comunicación Social y Turismo, 2004.<br />
. Curso de Conversación en inglés, Escuela Gallega de Administración Pública, 2005.<br />
. Curso de Conversación en francés, Escuela Gallega de Administración Pública, 2005.</p>
