{"id":31307,"date":"2023-12-12T16:52:23","date_gmt":"2023-12-12T15:52:23","guid":{"rendered":"https:\/\/www.racba.org\/academic\/crippa-maria-antonietta-2\/"},"modified":"2023-12-12T16:52:23","modified_gmt":"2023-12-12T15:52:23","slug":"crippa-maria-antonietta","status":"publish","type":"academic","link":"https:\/\/www.racba.org\/es\/academic\/crippa-maria-antonietta\/","title":{"rendered":"Crippa, Maria Antonietta"},"content":{"rendered":"<p>(1946). Elegida acad\u00e9mica correspondiente por Mil\u00e1n (Italia) de la Reial Acad\u00e8mia Catalana de Belles Arts de Sant Jordi el 21 de enero de 2009, aprobando as\u00ed la propuesta en su d\u00eda presentada por los acad\u00e9micos de n\u00famero Jordi Bonet Armengol, Leopoldo Gil Nebot y Joan Uriach Marsal.<\/p>\n<p>(Ver ingl\u00e9s)<\/p>\n","protected":false},"template":"","rang":[144],"class_list":["post-31307","academic","type-academic","status-publish","hentry","rang-academics-corresponents"],"acf":[],"_links":{"self":[{"href":"https:\/\/www.racba.org\/es\/wp-json\/wp\/v2\/academic\/31307","targetHints":{"allow":["GET"]}}],"collection":[{"href":"https:\/\/www.racba.org\/es\/wp-json\/wp\/v2\/academic"}],"about":[{"href":"https:\/\/www.racba.org\/es\/wp-json\/wp\/v2\/types\/academic"}],"wp:attachment":[{"href":"https:\/\/www.racba.org\/es\/wp-json\/wp\/v2\/media?parent=31307"}],"wp:term":[{"taxonomy":"rang","embeddable":true,"href":"https:\/\/www.racba.org\/es\/wp-json\/wp\/v2\/rang?post=31307"}],"curies":[{"name":"wp","href":"https:\/\/api.w.org\/{rel}","templated":true}]}}

<p>(1946). Elegida académica correspondiente por Milán (Italia) de la Reial Acadèmia Catalana de Belles Arts de Sant Jordi el 21 de enero de 2009, aprobando así la propuesta en su día presentada por los académicos de número Jordi Bonet Armengol, Leopoldo Gil Nebot y Joan Uriach Marsal.</p>
<p>(Ver inglés)</p>
