{"id":33303,"date":"2024-10-17T11:26:26","date_gmt":"2024-10-17T09:26:26","guid":{"rendered":"https:\/\/www.racba.org\/?post_type=academic&#038;p=33303"},"modified":"2024-10-17T12:28:07","modified_gmt":"2024-10-17T10:28:07","slug":"benedito-i-graells-ramon","status":"publish","type":"academic","link":"https:\/\/www.racba.org\/es\/academic\/benedito-i-graells-ramon\/","title":{"rendered":"Benedito i Graells, Ramon"},"content":{"rendered":"\n<p>Barcelona 1945<br><a href=\"http:\/\/www.beneditodesign.es\">www.beneditodesign.es<\/a><\/p>\n\n\n\n<p>&nbsp;Nascut a Barcelona, funda l\u2019any 1973, conjuntament amb Maite Prat, l\u2019estudi <strong>Benedito Design<\/strong>, dedicat al disseny i desenvolupament de producte. Entre els seus 130 clients destaquen les empreses: Roca, La Caixa, Fujitsu, Xerox, Escofet, Leds-C4, Indra, Fermax, Renfe, Topcon, Repsol, Grifols, Mediclinics, Indo, Uralita, BMI, Futurmat, Castey, Intemo i Vieta.&nbsp;&nbsp;&nbsp;<\/p>\n\n\n\n<p>&nbsp;&nbsp; La principal \u00e0rea d\u2019activitat de l\u2019estudi es centra en el disseny d\u2019aparells electr\u00f2nics i d\u2019inform\u00e0tica, en el d\u2019instrumental t\u00e8cnic i cient\u00edfic, de m\u00e0quines i eines, d\u2019il\u00b7luminaci\u00f3, aix\u00ed com en el disseny d\u2019equipament dom\u00e8stic i de diversitat d\u2019elements per a instal\u00b7lacions i construcci\u00f3.<\/p>\n\n\n\n<p>&nbsp;&nbsp; L\u2019any 1983 estableix, conjuntament amb Llu\u00eds Morillas i Josep Puig, l\u2019equip de disseny experimental <strong>Transatlantic<\/strong>, que conclou la seva activitat l\u2019any 1989. D\u2019entre el seus dissenys destaca el <strong>tamboret Frenes\u00ed<\/strong>, que va ser exposat a la mostra <strong>Europalia<\/strong> (Brussel\u00b7les,1985) i a la <strong>XIX Bienal<\/strong> de Sao Paulo (1987) i va ser posteriorment incorporat a la col\u00b7lecci\u00f3 del <strong>Victoria &amp; Albert Museum<\/strong>, amb motiu de la mostra <strong><em>Postmodernism<\/em><\/strong> (Londres, 2010). L\u2019obra de l\u2019equip ha estat tamb\u00e9 objecte&nbsp; de diverses mostres de disseny: els anys 1985, 86 i 87 dins l\u2019exposici\u00f3 itinerant <strong><em>Trittico, <\/em><\/strong>exhibida a Mil\u00e0, Roma i Barcelona; l\u2019any 1987 s\u2019exposa Nexus a la <strong>Sala Vin\u00e7on<\/strong>; 1989 en la mostra <strong>Transatlantic 1984-1989<\/strong>, celebrada a la <strong>Sala Muncunill<\/strong> de Terrassa i posteriorment a la <strong>Casa Elizalde <\/strong>(1991)<strong>,<\/strong> dins el marc de la Primavera del Disseny a Barcelona. L\u2019any 1999 es presenta un recull de maquetes de Transatlantic dins de l\u2019exposici\u00f3 <strong>Del Dise\u00f1o Industrial a la Arquitectura<\/strong> exhibida a l\u2019<strong>Arquer\u00eda de los Nuevos Ministerios <\/strong>(Madrid). L\u2019any 2023 s\u2019exposa el projecte XIP en l\u2019exposici\u00f3 <em>Food Age<\/em> a la <strong>Galleria d\u2019Arte Moderna e Contemporanea<\/strong> de Roma.<\/p>\n\n\n\n<p>&nbsp;&nbsp; Ramon Benedito ha compaginat la seva carrera professional de dissenyador amb una intensa activitat docent al llarg de 19 anys a l\u2019Escola de Disseny i Enginyeria <strong>ELISAVA<\/strong>, de la qual n\u2019esdev\u00e9 Director General entre els anys 2010-2016 i President del Patronat de la Fundaci\u00f3 (2017-2020).&nbsp;<\/p>\n\n\n\n<p>&nbsp;&nbsp; Una selecci\u00f3 dels seus dissenys ha estat exposada a<strong> Europalia<\/strong> (Bruselas 1985), i a l\u2019exposici\u00f3 <strong><em>Design in Catalogne<\/em><\/strong> inaugurada a Mil\u00e0 a l\u2019any 1988; el 1990 participa a l\u2019exposici\u00f3 <strong><em>Dise\u00f1o Industrial en Espa\u00f1a<\/em><\/strong> al Museo Nacional Reina Sof\u00eda.&nbsp; A partir de l\u2019any 2004 presenta un recull dels seus projectes m\u00e9s destacats a diversos centres universitaris i de recerca: <strong>La Universitat Diego Portales<\/strong> (Santiago de Xile), a l<strong>\u2018<em>Istituto Europeo di Design<\/em><\/strong> i a la <strong>Shanghai University<em>.<\/em><\/strong>Aquell mateix any \u00e9s convidat, dins la <strong><em>Triennale di MIlano<\/em><\/strong><em>, <\/em>a participar en el projecte <strong><em>Food Design<\/em><\/strong>organitzat per Guzzini. L\u2019any 2005 presenta el seu treball a l\u2019<strong>Ambaixada Espanyola de Tokio<\/strong> i el 2008 l\u2019<strong>Instituto Cervantes de Sofia<\/strong> i la <strong>universitat UAM de M\u00e8xic<\/strong> organitzen una exposici\u00f3 sobre la seva obra.&nbsp; Aquell mateix any es presenten tres exposicions, sota el t\u00edtol <strong><em>Projekt Dizajn,<\/em><\/strong> a Pol\u00f2nia i dos anys m\u00e9s tard, a la <strong>Universidad Veritas<\/strong> de Costa Rica, presenta una exposici\u00f3 dels seus treballs en l\u2019\u00e0mbit sanitari. El caixer Punt Groc (La Caixa) i el carro d\u2019autoservei (Policad) s\u2019exposen a Madrid en l\u2019entorn d\u2019<strong><em>Espa\u00f1a Dise\u00f1a.<\/em><\/strong>&nbsp; Ha impartit confer\u00e8ncies a diferents ciutats d\u2019Espanya i a Nova Delhi, Atenes, Shanghai, Buenos Aires, Santiago de Xile, Crac\u00f2via, Caracas, Sofia, CDM\u00e8xic, Zagreb, San Jos\u00e9 de Costa Rica, Montevideo i Panam\u00e0.<\/p>\n\n\n\n<p>&nbsp;Ha col\u00b7laborat regularment amb diverses entitats vinculades al m\u00f3n del disseny: ha estat consultor del <strong>KIDP<\/strong> (<em>Korean Institute of Industrial Design)<\/em>, President de la Junta Directiva de l\u2019<strong>ADI-FAD<\/strong>, membre del Consell Directiu del <strong>FAD<\/strong> i membre del Patronat de la <strong>Fundaci\u00f3 BCD<\/strong>.<\/p>\n\n\n\n<p>&nbsp;&nbsp; D\u2019en\u00e7\u00e0 l\u2019any 2015, l\u2019arquitecta Gae Benedito, gestiona la continu\u00eftat de l\u2019estudi <strong>Benedito Design.<\/strong>&nbsp;&nbsp;&nbsp;<\/p>\n\n\n\n<p>    Elegit acad\u00e8mic d&#8217;honor de la Reial Acad\u00e8mia Catalana de Belles Arts de Sant Jordi el 16 d&#8217;octubre de 2024, aprovant aix\u00ed la proposta en el seu dia presentada per les acad\u00e8miques de n\u00famero senyores Isabel Campi i Valls, S\u00edlvia Ca\u00f1ellas i Mart\u00ednez, i Pilar V\u00e9lez i Vicente.<br><\/p>\n\n\n\n<p><strong>Premis destacats<\/strong><\/p>\n\n\n\n<ul class=\"wp-block-list\">\n<li>Premi Nacional de Disseny (1992)<\/li>\n\n\n\n<li>Premi a la <em>Innovaci\u00f3n Tecnol\u00f2gica del Ministeri de Industria i Energ\u00eda<\/em> (1982)<\/li>\n\n\n\n<li>Primer Premi Concurs BIMO 1984<\/li>\n\n\n\n<li>Premi al Disseny Industrial del Consell de Cambres de Comer\u00e7 de Catalunya, 1989<\/li>\n\n\n\n<li>Premi Val\u00e8ncia Innovaci\u00f3 1991<\/li>\n\n\n\n<li>Premis \u201cDelta de Plata\u201d ADI-FAD els anys 1986, 1995, 1997 i 2001<\/li>\n\n\n\n<li>Primer Premi Domus BBJ Design Competition. Mil\u00e0, 2000<\/li>\n\n\n\n<li>Primer Premi del Certamen de Disseny \u00abSalamanca 2005 Plaza Mayor de Europa\u00bb<\/li>\n\n\n\n<li>Premi a l\u2019Excel\u00b7l\u00e8ncia en Disseny&nbsp; M\u00e8xic 2005<\/li>\n\n\n\n<li>Intel Design Award 2005 \u00abAugusto Morello\u00bb Mil\u00e0 2005<\/li>\n\n\n\n<li>Premi \u00abBID10\u00bb de la <em>II Bienal Ibero-Americana de Dise\u00f1o<\/em> 2010<\/li>\n\n\n\n<li>iF Product Design Award. Hannover, 2018, 2019.<\/li>\n\n\n\n<li>Premi AUNA al <em>Producto m\u00e1s innovador. <\/em>2021<\/li>\n<\/ul>\n","protected":false},"template":"","rang":[141],"class_list":["post-33303","academic","type-academic","status-publish","hentry","rang-academics-dhonor"],"acf":[],"_links":{"self":[{"href":"https:\/\/www.racba.org\/es\/wp-json\/wp\/v2\/academic\/33303","targetHints":{"allow":["GET"]}}],"collection":[{"href":"https:\/\/www.racba.org\/es\/wp-json\/wp\/v2\/academic"}],"about":[{"href":"https:\/\/www.racba.org\/es\/wp-json\/wp\/v2\/types\/academic"}],"wp:attachment":[{"href":"https:\/\/www.racba.org\/es\/wp-json\/wp\/v2\/media?parent=33303"}],"wp:term":[{"taxonomy":"rang","embeddable":true,"href":"https:\/\/www.racba.org\/es\/wp-json\/wp\/v2\/rang?post=33303"}],"curies":[{"name":"wp","href":"https:\/\/api.w.org\/{rel}","templated":true}]}}

<p>Barcelona 1945<br><a href="http://www.beneditodesign.es">www.beneditodesign.es</a></p>



<p>&nbsp;Nascut a Barcelona, funda l’any 1973, conjuntament amb Maite Prat, l’estudi <strong>Benedito Design</strong>, dedicat al disseny i desenvolupament de producte. Entre els seus 130 clients destaquen les empreses: Roca, La Caixa, Fujitsu, Xerox, Escofet, Leds-C4, Indra, Fermax, Renfe, Topcon, Repsol, Grifols, Mediclinics, Indo, Uralita, BMI, Futurmat, Castey, Intemo i Vieta.&nbsp;&nbsp;&nbsp;</p>



<p>&nbsp;&nbsp; La principal àrea d’activitat de l’estudi es centra en el disseny d’aparells electrònics i d’informàtica, en el d’instrumental tècnic i científic, de màquines i eines, d’il·luminació, així com en el disseny d’equipament domèstic i de diversitat d’elements per a instal·lacions i construcció.</p>



<p>&nbsp;&nbsp; L’any 1983 estableix, conjuntament amb Lluís Morillas i Josep Puig, l’equip de disseny experimental <strong>Transatlantic</strong>, que conclou la seva activitat l’any 1989. D’entre el seus dissenys destaca el <strong>tamboret Frenesí</strong>, que va ser exposat a la mostra <strong>Europalia</strong> (Brussel·les,1985) i a la <strong>XIX Bienal</strong> de Sao Paulo (1987) i va ser posteriorment incorporat a la col·lecció del <strong>Victoria &amp; Albert Museum</strong>, amb motiu de la mostra <strong><em>Postmodernism</em></strong> (Londres, 2010). L’obra de l’equip ha estat també objecte&nbsp; de diverses mostres de disseny: els anys 1985, 86 i 87 dins l’exposició itinerant <strong><em>Trittico, </em></strong>exhibida a Milà, Roma i Barcelona; l’any 1987 s’exposa Nexus a la <strong>Sala Vinçon</strong>; 1989 en la mostra <strong>Transatlantic 1984-1989</strong>, celebrada a la <strong>Sala Muncunill</strong> de Terrassa i posteriorment a la <strong>Casa Elizalde </strong>(1991)<strong>,</strong> dins el marc de la Primavera del Disseny a Barcelona. L’any 1999 es presenta un recull de maquetes de Transatlantic dins de l’exposició <strong>Del Diseño Industrial a la Arquitectura</strong> exhibida a l’<strong>Arquería de los Nuevos Ministerios </strong>(Madrid). L’any 2023 s’exposa el projecte XIP en l’exposició <em>Food Age</em> a la <strong>Galleria d’Arte Moderna e Contemporanea</strong> de Roma.</p>



<p>&nbsp;&nbsp; Ramon Benedito ha compaginat la seva carrera professional de dissenyador amb una intensa activitat docent al llarg de 19 anys a l’Escola de Disseny i Enginyeria <strong>ELISAVA</strong>, de la qual n’esdevé Director General entre els anys 2010-2016 i President del Patronat de la Fundació (2017-2020).&nbsp;</p>



<p>&nbsp;&nbsp; Una selecció dels seus dissenys ha estat exposada a<strong> Europalia</strong> (Bruselas 1985), i a l’exposició <strong><em>Design in Catalogne</em></strong> inaugurada a Milà a l’any 1988; el 1990 participa a l’exposició <strong><em>Diseño Industrial en España</em></strong> al Museo Nacional Reina Sofía.&nbsp; A partir de l’any 2004 presenta un recull dels seus projectes més destacats a diversos centres universitaris i de recerca: <strong>La Universitat Diego Portales</strong> (Santiago de Xile), a l<strong>‘<em>Istituto Europeo di Design</em></strong> i a la <strong>Shanghai University<em>.</em></strong>Aquell mateix any és convidat, dins la <strong><em>Triennale di MIlano</em></strong><em>, </em>a participar en el projecte <strong><em>Food Design</em></strong>organitzat per Guzzini. L’any 2005 presenta el seu treball a l’<strong>Ambaixada Espanyola de Tokio</strong> i el 2008 l’<strong>Instituto Cervantes de Sofia</strong> i la <strong>universitat UAM de Mèxic</strong> organitzen una exposició sobre la seva obra.&nbsp; Aquell mateix any es presenten tres exposicions, sota el títol <strong><em>Projekt Dizajn,</em></strong> a Polònia i dos anys més tard, a la <strong>Universidad Veritas</strong> de Costa Rica, presenta una exposició dels seus treballs en l’àmbit sanitari. El caixer Punt Groc (La Caixa) i el carro d’autoservei (Policad) s’exposen a Madrid en l’entorn d’<strong><em>España Diseña.</em></strong>&nbsp; Ha impartit conferències a diferents ciutats d’Espanya i a Nova Delhi, Atenes, Shanghai, Buenos Aires, Santiago de Xile, Cracòvia, Caracas, Sofia, CDMèxic, Zagreb, San José de Costa Rica, Montevideo i Panamà.</p>



<p>&nbsp;Ha col·laborat regularment amb diverses entitats vinculades al món del disseny: ha estat consultor del <strong>KIDP</strong> (<em>Korean Institute of Industrial Design)</em>, President de la Junta Directiva de l’<strong>ADI-FAD</strong>, membre del Consell Directiu del <strong>FAD</strong> i membre del Patronat de la <strong>Fundació BCD</strong>.</p>



<p>&nbsp;&nbsp; D’ençà l’any 2015, l’arquitecta Gae Benedito, gestiona la continuïtat de l’estudi <strong>Benedito Design.</strong>&nbsp;&nbsp;&nbsp;</p>



<p>    Elegit acadèmic d&#8217;honor de la Reial Acadèmia Catalana de Belles Arts de Sant Jordi el 16 d&#8217;octubre de 2024, aprovant així la proposta en el seu dia presentada per les acadèmiques de número senyores Isabel Campi i Valls, Sílvia Cañellas i Martínez, i Pilar Vélez i Vicente.<br></p>



<p><strong>Premis destacats</strong></p>



<ul class="wp-block-list">
<li>Premi Nacional de Disseny (1992)</li>



<li>Premi a la <em>Innovación Tecnològica del Ministeri de Industria i Energía</em> (1982)</li>



<li>Primer Premi Concurs BIMO 1984</li>



<li>Premi al Disseny Industrial del Consell de Cambres de Comerç de Catalunya, 1989</li>



<li>Premi València Innovació 1991</li>



<li>Premis “Delta de Plata” ADI-FAD els anys 1986, 1995, 1997 i 2001</li>



<li>Primer Premi Domus BBJ Design Competition. Milà, 2000</li>



<li>Primer Premi del Certamen de Disseny «Salamanca 2005 Plaza Mayor de Europa»</li>



<li>Premi a l’Excel·lència en Disseny&nbsp; Mèxic 2005</li>



<li>Intel Design Award 2005 «Augusto Morello» Milà 2005</li>



<li>Premi «BID10» de la <em>II Bienal Ibero-Americana de Diseño</em> 2010</li>



<li>iF Product Design Award. Hannover, 2018, 2019.</li>



<li>Premi AUNA al <em>Producto más innovador. </em>2021</li>
</ul>
