{"id":22781,"date":"2023-01-12T23:31:11","date_gmt":"2023-01-12T22:31:11","guid":{"rendered":"http:\/\/novaweb.racba.org\/obra\/la-vinguda-de-lesperit-sant\/"},"modified":"2023-01-12T23:31:11","modified_gmt":"2023-01-12T22:31:11","slug":"la-vinguda-de-lesperit-sant","status":"publish","type":"obra","link":"https:\/\/www.racba.org\/es\/obra\/la-vinguda-de-lesperit-sant\/","title":{"rendered":"La Vinguda de l\u2019Esperit Sant"},"content":{"rendered":"<p>Dip\u00f2sit del Museo del Prado (1866). Fou redipositat per la mateixa Acad\u00e8mia a la Reial Audi\u00e8ncia Territorial de Catalunya, al Palau de Just\u00edcia, el 1908, per R.O. de 16-1-1907.<br \/>\nA l&#8217;actualitat es conserva al Museu Abell\u00f3 de Mollet del Vall\u00e8s.<\/p>\n","protected":false},"featured_media":12768,"template":"","ubicacio":[1584],"tecnica":[403],"classificacio":[404],"autor":[1748],"class_list":["post-22781","obra","type-obra","status-publish","has-post-thumbnail","hentry","ubicacio-museu-abello-de-mollet-del-valles","tecnica-oli-sobre-tela","classificacio-pintura","autor-gonzalez-velazquez-zacarias"],"acf":[],"_links":{"self":[{"href":"https:\/\/www.racba.org\/es\/wp-json\/wp\/v2\/obra\/22781","targetHints":{"allow":["GET"]}}],"collection":[{"href":"https:\/\/www.racba.org\/es\/wp-json\/wp\/v2\/obra"}],"about":[{"href":"https:\/\/www.racba.org\/es\/wp-json\/wp\/v2\/types\/obra"}],"wp:featuredmedia":[{"embeddable":true,"href":"https:\/\/www.racba.org\/es\/wp-json\/wp\/v2\/media\/12768"}],"wp:attachment":[{"href":"https:\/\/www.racba.org\/es\/wp-json\/wp\/v2\/media?parent=22781"}],"wp:term":[{"taxonomy":"ubicacio","embeddable":true,"href":"https:\/\/www.racba.org\/es\/wp-json\/wp\/v2\/ubicacio?post=22781"},{"taxonomy":"tecnica","embeddable":true,"href":"https:\/\/www.racba.org\/es\/wp-json\/wp\/v2\/tecnica?post=22781"},{"taxonomy":"classificacio","embeddable":true,"href":"https:\/\/www.racba.org\/es\/wp-json\/wp\/v2\/classificacio?post=22781"},{"taxonomy":"autor","embeddable":true,"href":"https:\/\/www.racba.org\/es\/wp-json\/wp\/v2\/autor?post=22781"}],"curies":[{"name":"wp","href":"https:\/\/api.w.org\/{rel}","templated":true}]}}

<p>Dipòsit del Museo del Prado (1866). Fou redipositat per la mateixa Acadèmia a la Reial Audiència Territorial de Catalunya, al Palau de Justícia, el 1908, per R.O. de 16-1-1907.<br />
A l&#8217;actualitat es conserva al Museu Abelló de Mollet del Vallès.</p>
