{"id":22847,"date":"2023-01-12T23:31:55","date_gmt":"2023-01-12T22:31:55","guid":{"rendered":"http:\/\/novaweb.racba.org\/obra\/retrat-dantoni-gaudi\/"},"modified":"2023-01-12T23:31:55","modified_gmt":"2023-01-12T22:31:55","slug":"retrat-dantoni-gaudi","status":"publish","type":"obra","link":"https:\/\/www.racba.org\/es\/obra\/retrat-dantoni-gaudi\/","title":{"rendered":"Retrat d&#8217;Antoni Gaud\u00ed"},"content":{"rendered":"<p>Inscripcions: \u00abJ. Matamala \/ 2\/2\u00bb, a la part inferior del costat dret; \u00abFUNDICION ARTISTICA \/ VILA \/ TARRAGONA\u00bb, al costat esquerre; \u00abANTONIUS GAUDI \/ CORNET \/ARCHITECTUS \/ 1852-1926\u00bb, al dors.<br \/>\nDonaci\u00f3 de Joan Bassegoda Nonell, acad\u00e8mic numerari, president de l\u2019Acad\u00e8mia entre els anys 1990 i 1998, i director de la C\u00e0tedra Gaud\u00ed des del 1991.<br \/>\nL\u2019escultor Joan Matamala fou el col\u00b7laborador de Gaud\u00ed al temple de la Sagrada Fam\u00edlia i fill de Lloren\u00e7 Matamala, tamb\u00e9 escultor, que havia estat el cap de la secci\u00f3 d\u2019escultors del temple i home de confian\u00e7a de l\u2019arquitecte. A m\u00e9s d\u2019aquest bust, el guix original del qual es conserva a la C\u00e0tedra Gaud\u00ed de l\u2019Escola d\u2019Arquitectura, a la Fundaci\u00f3 Caixa de Catalunya hi ha un altre exemplar en bronze. Matamala f\u00e9u, a m\u00e9s, la mascareta funer\u00e0ria de Gaud\u00ed. Fou tamb\u00e9 autor d\u2019una llarga biografia de l\u2019arquitecte intitulada \u00abMi itinerario con el arquitecto\u00bb, que acab\u00e0 el 1960 i que roman in\u00e8dita a la C\u00e0tedra Gaud\u00ed, entitat a la qual havia cedit tota la documentaci\u00f3 i les escultures que posse\u00efa sobre Gaud\u00ed l\u2019any 1972.<\/p>\n","protected":false},"featured_media":12606,"template":"","ubicacio":[405],"tecnica":[1655],"classificacio":[413],"autor":[1955],"class_list":["post-22847","obra","type-obra","status-publish","has-post-thumbnail","hentry","ubicacio-reial-academia-catalana-de-belles-arts-de-sant-jordi","tecnica-bronze","classificacio-escultura","autor-matamala-flotats-joan"],"acf":[],"_links":{"self":[{"href":"https:\/\/www.racba.org\/es\/wp-json\/wp\/v2\/obra\/22847","targetHints":{"allow":["GET"]}}],"collection":[{"href":"https:\/\/www.racba.org\/es\/wp-json\/wp\/v2\/obra"}],"about":[{"href":"https:\/\/www.racba.org\/es\/wp-json\/wp\/v2\/types\/obra"}],"wp:featuredmedia":[{"embeddable":true,"href":"https:\/\/www.racba.org\/es\/wp-json\/wp\/v2\/media\/12606"}],"wp:attachment":[{"href":"https:\/\/www.racba.org\/es\/wp-json\/wp\/v2\/media?parent=22847"}],"wp:term":[{"taxonomy":"ubicacio","embeddable":true,"href":"https:\/\/www.racba.org\/es\/wp-json\/wp\/v2\/ubicacio?post=22847"},{"taxonomy":"tecnica","embeddable":true,"href":"https:\/\/www.racba.org\/es\/wp-json\/wp\/v2\/tecnica?post=22847"},{"taxonomy":"classificacio","embeddable":true,"href":"https:\/\/www.racba.org\/es\/wp-json\/wp\/v2\/classificacio?post=22847"},{"taxonomy":"autor","embeddable":true,"href":"https:\/\/www.racba.org\/es\/wp-json\/wp\/v2\/autor?post=22847"}],"curies":[{"name":"wp","href":"https:\/\/api.w.org\/{rel}","templated":true}]}}

Retrat d&#8217;Antoni Gaudí

<p>Inscripcions: «J. Matamala / 2/2», a la part inferior del costat dret; «FUNDICION ARTISTICA / VILA / TARRAGONA», al costat esquerre; «ANTONIUS GAUDI / CORNET /ARCHITECTUS / 1852-1926», al dors.<br />
Donació de Joan Bassegoda Nonell, acadèmic numerari, president de l’Acadèmia entre els anys 1990 i 1998, i director de la Càtedra Gaudí des del 1991.<br />
L’escultor Joan Matamala fou el col·laborador de Gaudí al temple de la Sagrada Família i fill de Llorenç Matamala, també escultor, que havia estat el cap de la secció d’escultors del temple i home de confiança de l’arquitecte. A més d’aquest bust, el guix original del qual es conserva a la Càtedra Gaudí de l’Escola d’Arquitectura, a la Fundació Caixa de Catalunya hi ha un altre exemplar en bronze. Matamala féu, a més, la mascareta funerària de Gaudí. Fou també autor d’una llarga biografia de l’arquitecte intitulada «Mi itinerario con el arquitecto», que acabà el 1960 i que roman inèdita a la Càtedra Gaudí, entitat a la qual havia cedit tota la documentació i les escultures que posseïa sobre Gaudí l’any 1972.</p>
