{"id":23243,"date":"2023-01-12T23:37:13","date_gmt":"2023-01-12T22:37:13","guid":{"rendered":"http:\/\/novaweb.racba.org\/obra\/retrat-de-lintendent-manuel-de-teran-baro-de-la-linde\/"},"modified":"2023-01-12T23:37:13","modified_gmt":"2023-01-12T22:37:13","slug":"retrat-de-lintendent-manuel-de-teran-baro-de-la-linde","status":"publish","type":"obra","link":"https:\/\/www.racba.org\/es\/obra\/retrat-de-lintendent-manuel-de-teran-baro-de-la-linde\/","title":{"rendered":"Retrat de l\u2019intendent Manuel de Ter\u00e1n, Bar\u00f3 de la Linde"},"content":{"rendered":"<p>Inscripcions: Al marc, en cartel\u00b7la antiga amb tinta: \u201c359\u201d. Al dors, en etiqueta Acad\u00e8mia amb tinta: \u201cRetrato del Intendente S. Bar\u00f3n de la\/ Linda (sic)\/ por Monta\u00f1a\u201d; en restes d\u2019etiqueta, amb tinta: \u201c(&#8230;) N.a. (&#8230;)\u201d ; i etiquetes de les exposicions \u201cExposici\u00f3n de retratos y dibujos&#8230;\u201d i \u201cUn siglo olvidado&#8230;\u201d.<br \/>\nProced\u00e8ncia: Enc\u00e0rrec de la Junta de Comer\u00e7. Estigu\u00e9 a la Presid\u00e8ncia de l\u2019Escola de Dibuix de la Junta de Comer\u00e7.<br \/>\nRestauracions: restaurat per Joaquim Pradell el 1967. Restaurat pel taller Balaguer i Grau el juliol del 2000.<br \/>\nExposicions: Barcelona, Exposici\u00f3n de Arte Antiguo, 1902, n\u00fam. 1098; Barcelona, Exposici\u00f3n de retratos y dibujos antiguos y modernos, 1910, sala IV, n\u00fam. 22; Barcelona, Un Siglo Olvidado de Pintura Catalana (1750-1850), 1951, n\u00fam. 70; Barcelona, Dos segles d\u2019activitats art\u00edstiques barcelonines, Escola de Llotja, 1960; Barcelona, Exposici\u00f3 Intendents, Acad\u00e8mia de Bones Lletres, octubre 2000.<br \/>\nObservacions: El retratat (Ontaneda, 1714 &#8211; Saragossa, 1793) va ser intendent del Principat de Catalunya des del 29 de setembre del 1776 al 24 de maig de 1789.<\/p>\n","protected":false},"featured_media":14134,"template":"","ubicacio":[405],"tecnica":[403],"classificacio":[404],"autor":[1923],"class_list":["post-23243","obra","type-obra","status-publish","has-post-thumbnail","hentry","ubicacio-reial-academia-catalana-de-belles-arts-de-sant-jordi","tecnica-oli-sobre-tela","classificacio-pintura","autor-montanya-i-llanas-pere-pau"],"acf":[],"_links":{"self":[{"href":"https:\/\/www.racba.org\/es\/wp-json\/wp\/v2\/obra\/23243","targetHints":{"allow":["GET"]}}],"collection":[{"href":"https:\/\/www.racba.org\/es\/wp-json\/wp\/v2\/obra"}],"about":[{"href":"https:\/\/www.racba.org\/es\/wp-json\/wp\/v2\/types\/obra"}],"wp:featuredmedia":[{"embeddable":true,"href":"https:\/\/www.racba.org\/es\/wp-json\/wp\/v2\/media\/14134"}],"wp:attachment":[{"href":"https:\/\/www.racba.org\/es\/wp-json\/wp\/v2\/media?parent=23243"}],"wp:term":[{"taxonomy":"ubicacio","embeddable":true,"href":"https:\/\/www.racba.org\/es\/wp-json\/wp\/v2\/ubicacio?post=23243"},{"taxonomy":"tecnica","embeddable":true,"href":"https:\/\/www.racba.org\/es\/wp-json\/wp\/v2\/tecnica?post=23243"},{"taxonomy":"classificacio","embeddable":true,"href":"https:\/\/www.racba.org\/es\/wp-json\/wp\/v2\/classificacio?post=23243"},{"taxonomy":"autor","embeddable":true,"href":"https:\/\/www.racba.org\/es\/wp-json\/wp\/v2\/autor?post=23243"}],"curies":[{"name":"wp","href":"https:\/\/api.w.org\/{rel}","templated":true}]}}

Retrat de l’intendent Manuel de Terán, Baró de la Linde

<p>Inscripcions: Al marc, en cartel·la antiga amb tinta: “359”. Al dors, en etiqueta Acadèmia amb tinta: “Retrato del Intendente S. Barón de la/ Linda (sic)/ por Montaña”; en restes d’etiqueta, amb tinta: “(&#8230;) N.a. (&#8230;)” ; i etiquetes de les exposicions “Exposición de retratos y dibujos&#8230;” i “Un siglo olvidado&#8230;”.<br />
Procedència: Encàrrec de la Junta de Comerç. Estigué a la Presidència de l’Escola de Dibuix de la Junta de Comerç.<br />
Restauracions: restaurat per Joaquim Pradell el 1967. Restaurat pel taller Balaguer i Grau el juliol del 2000.<br />
Exposicions: Barcelona, Exposición de Arte Antiguo, 1902, núm. 1098; Barcelona, Exposición de retratos y dibujos antiguos y modernos, 1910, sala IV, núm. 22; Barcelona, Un Siglo Olvidado de Pintura Catalana (1750-1850), 1951, núm. 70; Barcelona, Dos segles d’activitats artístiques barcelonines, Escola de Llotja, 1960; Barcelona, Exposició Intendents, Acadèmia de Bones Lletres, octubre 2000.<br />
Observacions: El retratat (Ontaneda, 1714 &#8211; Saragossa, 1793) va ser intendent del Principat de Catalunya des del 29 de setembre del 1776 al 24 de maig de 1789.</p>
