{"id":23247,"date":"2023-01-12T23:37:15","date_gmt":"2023-01-12T22:37:15","guid":{"rendered":"http:\/\/novaweb.racba.org\/obra\/retrat-de-jaume-folch-i-costa\/"},"modified":"2023-01-12T23:37:15","modified_gmt":"2023-01-12T22:37:15","slug":"retrat-de-jaume-folch-i-costa","status":"publish","type":"obra","link":"https:\/\/www.racba.org\/es\/obra\/retrat-de-jaume-folch-i-costa\/","title":{"rendered":"Retrat de Jaume Folch i Costa"},"content":{"rendered":"<p>Inscripcions: Al dors del marc i al bastidor, etiquetes de les exposicions \u201cExposici\u00f3n de retratos y dibujos&#8230;\u201d, i \u201cUn siglo olvidado&#8230;\u201d; en adhesius moderns: \u201c3\u201d i \u201cBelles Arts\u201d; en cartel\u00b7la: \u201cD. Jaime Folch, director que fue\/ de esta escuela de Nobles Artes\u201d.<br \/>\nProced\u00e8ncia: La sala de testes i figures de l\u2019Escola de Dibuix de la Junta de Comer\u00e7.<br \/>\nRestauracions: Restaurat pel taller Balaguer i Grau el 1999.<br \/>\nExposicions: Barcelona, Exposici\u00f3n de Arte Antiguo, 1902, n\u00fam. 1091; Barcelona, Exposici\u00f3n de retratos y dibujos antiguos y modernos, 1910, sala VII, n\u00fam. 6 (com a an\u00f2nim); Barcelona, Un Siglo Olvidado de Pintura Catalana (1750-1850), 1951, n\u00fam. 107 (com a an\u00f2nim); Barcelona, Dos segles d\u2019activitats art\u00edstiques barcelonines, Escola de Llotja, 1960; Barcelona, Exposici\u00f3 La Llotja i l\u2019economia catalana, 1986; Pamplona-Vitoria-Bilbao-Madrid, RACBASJ. Exposici\u00f3n antol\u00f3gica de pintura, 2000, n\u00fam. 37.<br \/>\nProced\u00e8ncia: La sala de testes i figures de l\u2019Escola de Dibuix de la Junta de Comer\u00e7.<br \/>\nObservacions: El retratat (1755-1821), escultor, va ser director de l\u2019Escola de Nobles Arts de Barcelona entre 1805 i 1809, i entre 1814 i la seva mort. T\u00e9, al damunt de la taula un llibre de la Historia de los Dioses i al seu darrere una escultura gran i una de petita, segurament obres de Folch.<\/p>\n","protected":false},"featured_media":14151,"template":"","ubicacio":[405],"tecnica":[403],"classificacio":[404],"autor":[1926],"class_list":["post-23247","obra","type-obra","status-publish","has-post-thumbnail","hentry","ubicacio-reial-academia-catalana-de-belles-arts-de-sant-jordi","tecnica-oli-sobre-tela","classificacio-pintura","autor-planella-i-parera-ramon"],"acf":[],"_links":{"self":[{"href":"https:\/\/www.racba.org\/es\/wp-json\/wp\/v2\/obra\/23247","targetHints":{"allow":["GET"]}}],"collection":[{"href":"https:\/\/www.racba.org\/es\/wp-json\/wp\/v2\/obra"}],"about":[{"href":"https:\/\/www.racba.org\/es\/wp-json\/wp\/v2\/types\/obra"}],"wp:featuredmedia":[{"embeddable":true,"href":"https:\/\/www.racba.org\/es\/wp-json\/wp\/v2\/media\/14151"}],"wp:attachment":[{"href":"https:\/\/www.racba.org\/es\/wp-json\/wp\/v2\/media?parent=23247"}],"wp:term":[{"taxonomy":"ubicacio","embeddable":true,"href":"https:\/\/www.racba.org\/es\/wp-json\/wp\/v2\/ubicacio?post=23247"},{"taxonomy":"tecnica","embeddable":true,"href":"https:\/\/www.racba.org\/es\/wp-json\/wp\/v2\/tecnica?post=23247"},{"taxonomy":"classificacio","embeddable":true,"href":"https:\/\/www.racba.org\/es\/wp-json\/wp\/v2\/classificacio?post=23247"},{"taxonomy":"autor","embeddable":true,"href":"https:\/\/www.racba.org\/es\/wp-json\/wp\/v2\/autor?post=23247"}],"curies":[{"name":"wp","href":"https:\/\/api.w.org\/{rel}","templated":true}]}}

<p>Inscripcions: Al dors del marc i al bastidor, etiquetes de les exposicions “Exposición de retratos y dibujos&#8230;”, i “Un siglo olvidado&#8230;”; en adhesius moderns: “3” i “Belles Arts”; en cartel·la: “D. Jaime Folch, director que fue/ de esta escuela de Nobles Artes”.<br />
Procedència: La sala de testes i figures de l’Escola de Dibuix de la Junta de Comerç.<br />
Restauracions: Restaurat pel taller Balaguer i Grau el 1999.<br />
Exposicions: Barcelona, Exposición de Arte Antiguo, 1902, núm. 1091; Barcelona, Exposición de retratos y dibujos antiguos y modernos, 1910, sala VII, núm. 6 (com a anònim); Barcelona, Un Siglo Olvidado de Pintura Catalana (1750-1850), 1951, núm. 107 (com a anònim); Barcelona, Dos segles d’activitats artístiques barcelonines, Escola de Llotja, 1960; Barcelona, Exposició La Llotja i l’economia catalana, 1986; Pamplona-Vitoria-Bilbao-Madrid, RACBASJ. Exposición antológica de pintura, 2000, núm. 37.<br />
Procedència: La sala de testes i figures de l’Escola de Dibuix de la Junta de Comerç.<br />
Observacions: El retratat (1755-1821), escultor, va ser director de l’Escola de Nobles Arts de Barcelona entre 1805 i 1809, i entre 1814 i la seva mort. Té, al damunt de la taula un llibre de la Historia de los Dioses i al seu darrere una escultura gran i una de petita, segurament obres de Folch.</p>
