{"id":23268,"date":"2023-01-12T23:37:28","date_gmt":"2023-01-12T22:37:28","guid":{"rendered":"http:\/\/novaweb.racba.org\/obra\/retrat-de-lintendent-juan-bautista-de-erro-y-azpiroz\/"},"modified":"2026-07-24T10:48:13","modified_gmt":"2026-07-24T08:48:13","slug":"retrat-de-lintendent-juan-bautista-de-erro-y-azpiroz","status":"publish","type":"obra","link":"https:\/\/www.racba.org\/es\/obra\/retrat-de-lintendent-juan-bautista-de-erro-y-azpiroz\/","title":{"rendered":"Retrat de l\u2019intendent Juan Bautista de Erro y Azpiroz"},"content":{"rendered":"\n<div class=\"wp-block-group is-vertical is-layout-flex wp-container-core-group-is-layout-4fc3f8e1 wp-block-group-is-layout-flex\">\n<p class=\"wp-block-paragraph\"><strong>Inventari general: <\/strong>232<\/p>\n\n\n\n<p class=\"wp-block-paragraph\"><strong>Inscripcions:<\/strong> \u00ab362\u00bb (a tinta, en cartel\u00b7la antiga enganxada al marc); etiqueta exposici\u00f3 <em>Un siglo olvidado&#8230;<\/em> (enganxada al dors del marc); \u00abN.A. 362\/N.m. 1[&#8230;]\/por[&#8230;]\/alto 0,78 x 0,62 ancho\u00bb (a tinta, en etiqueta de l\u2019Acad\u00e8mia enganxada al dors del marc); \u00abRetrato del In[&#8230;]\/Juan Bta. de [&#8230;]\/por [&#8230;]guez\u00bb (a tinta, en una altra etiqueta de l\u2019Acad\u00e8mia enganxada al dors del marc).<\/p>\n\n\n\n<p class=\"wp-block-paragraph\"><strong>Proced\u00e8ncia:<\/strong> Presid\u00e8ncia de l\u2019Escola de Dibuix de la Junta de Comer\u00e7.<\/p>\n\n\n\n<p class=\"wp-block-paragraph\"><strong>Observacions:<\/strong> El retratat (Andoain, 1774-Baiona, 1854) va ser intendent de l\u2019Ex\u00e8rcit i del Principat de Catalunya (1818-1820).&nbsp;<\/p>\n\n\n\n<p class=\"wp-block-paragraph\"><strong>Restauracions: <\/strong>Restaurat per Joaquim Pradell el 1967; restaurat pel taller Balaguer i Grau el juliol de 2000.<\/p>\n\n\n\n<p class=\"wp-block-paragraph\"><strong>Estat de conservaci\u00f3:<\/strong> Obra for\u00e7a deteriorada.<\/p>\n\n\n\n<p class=\"wp-block-paragraph\"><strong>Exposicions:<\/strong> Barcelona, Exposici\u00f3n de Arte Antiguo, 1902, n\u00fam. 1097; Barcelona, Un Siglo Olvidado de Pintura Catalana (1750-1850), 1951, n\u00fam. 94<strong>; <\/strong>Barcelona, Exposici\u00f3 Intendents, Acad\u00e8mia de Bones Lletres, octubre 2000.<\/p>\n\n\n\n<p class=\"wp-block-paragraph\"><strong>Bibliografia:<\/strong> Bordas 1837, (presid\u00e8ncia) p. 43; Cat. Expo. Art Antic 1902, p. 113; Subias, p. 41; Cat. Expo. Un Siglo XII-1951 [p. 10]; Alcolea [Gil], vol. II, p. 157. Inventari 1821; Inventari 1825; Cat\u00e0leg 1847, n\u00fam. 302; Inventari 1851, n\u00fam. 302; Cat\u00e0legs 1866, 1867 i c. 1872, n\u00fam. 362; Cat\u00e0leg 1913, n\u00fam. 16; Cat\u00e0leg 1999, p. 77-78 (reprod.).<\/p>\n\n\n\n<p class=\"wp-block-paragraph\">&nbsp;<\/p>\n<\/div>\n","protected":false},"featured_media":14222,"template":"","ubicacio":[405],"tecnica":[403],"classificacio":[404],"autor":[1885],"class_list":["post-23268","obra","type-obra","status-publish","has-post-thumbnail","hentry","ubicacio-reial-academia-catalana-de-belles-arts-de-sant-jordi","tecnica-oli-sobre-tela","classificacio-pintura","autor-rodriguez-i-pusat-francesc"],"acf":[],"_links":{"self":[{"href":"https:\/\/www.racba.org\/es\/wp-json\/wp\/v2\/obra\/23268","targetHints":{"allow":["GET"]}}],"collection":[{"href":"https:\/\/www.racba.org\/es\/wp-json\/wp\/v2\/obra"}],"about":[{"href":"https:\/\/www.racba.org\/es\/wp-json\/wp\/v2\/types\/obra"}],"wp:featuredmedia":[{"embeddable":true,"href":"https:\/\/www.racba.org\/es\/wp-json\/wp\/v2\/media\/14222"}],"wp:attachment":[{"href":"https:\/\/www.racba.org\/es\/wp-json\/wp\/v2\/media?parent=23268"}],"wp:term":[{"taxonomy":"ubicacio","embeddable":true,"href":"https:\/\/www.racba.org\/es\/wp-json\/wp\/v2\/ubicacio?post=23268"},{"taxonomy":"tecnica","embeddable":true,"href":"https:\/\/www.racba.org\/es\/wp-json\/wp\/v2\/tecnica?post=23268"},{"taxonomy":"classificacio","embeddable":true,"href":"https:\/\/www.racba.org\/es\/wp-json\/wp\/v2\/classificacio?post=23268"},{"taxonomy":"autor","embeddable":true,"href":"https:\/\/www.racba.org\/es\/wp-json\/wp\/v2\/autor?post=23268"}],"curies":[{"name":"wp","href":"https:\/\/api.w.org\/{rel}","templated":true}]}}

<div class="wp-block-group is-vertical is-layout-flex wp-container-core-group-is-layout-4fc3f8e1 wp-block-group-is-layout-flex">
<p class="wp-block-paragraph"><strong>Inventari general: </strong>232</p>



<p class="wp-block-paragraph"><strong>Inscripcions:</strong> «362» (a tinta, en cartel·la antiga enganxada al marc); etiqueta exposició <em>Un siglo olvidado&#8230;</em> (enganxada al dors del marc); «N.A. 362/N.m. 1[&#8230;]/por[&#8230;]/alto 0,78 x 0,62 ancho» (a tinta, en etiqueta de l’Acadèmia enganxada al dors del marc); «Retrato del In[&#8230;]/Juan Bta. de [&#8230;]/por [&#8230;]guez» (a tinta, en una altra etiqueta de l’Acadèmia enganxada al dors del marc).</p>



<p class="wp-block-paragraph"><strong>Procedència:</strong> Presidència de l’Escola de Dibuix de la Junta de Comerç.</p>



<p class="wp-block-paragraph"><strong>Observacions:</strong> El retratat (Andoain, 1774-Baiona, 1854) va ser intendent de l’Exèrcit i del Principat de Catalunya (1818-1820).&nbsp;</p>



<p class="wp-block-paragraph"><strong>Restauracions: </strong>Restaurat per Joaquim Pradell el 1967; restaurat pel taller Balaguer i Grau el juliol de 2000.</p>



<p class="wp-block-paragraph"><strong>Estat de conservació:</strong> Obra força deteriorada.</p>



<p class="wp-block-paragraph"><strong>Exposicions:</strong> Barcelona, Exposición de Arte Antiguo, 1902, núm. 1097; Barcelona, Un Siglo Olvidado de Pintura Catalana (1750-1850), 1951, núm. 94<strong>; </strong>Barcelona, Exposició Intendents, Acadèmia de Bones Lletres, octubre 2000.</p>



<p class="wp-block-paragraph"><strong>Bibliografia:</strong> Bordas 1837, (presidència) p. 43; Cat. Expo. Art Antic 1902, p. 113; Subias, p. 41; Cat. Expo. Un Siglo XII-1951 [p. 10]; Alcolea [Gil], vol. II, p. 157. Inventari 1821; Inventari 1825; Catàleg 1847, núm. 302; Inventari 1851, núm. 302; Catàlegs 1866, 1867 i c. 1872, núm. 362; Catàleg 1913, núm. 16; Catàleg 1999, p. 77-78 (reprod.).</p>



<p class="wp-block-paragraph">&nbsp;</p>
</div>
