{"id":23336,"date":"2023-01-12T23:38:11","date_gmt":"2023-01-12T22:38:11","guid":{"rendered":"http:\/\/novaweb.racba.org\/obra\/penediment-de-judes\/"},"modified":"2023-01-12T23:38:11","modified_gmt":"2023-01-12T22:38:11","slug":"penediment-de-judes","status":"publish","type":"obra","link":"https:\/\/www.racba.org\/es\/obra\/penediment-de-judes\/","title":{"rendered":"Penediment de Judes"},"content":{"rendered":"<p>Inscripcions: A l\u2019angle inferior dret, en vermell: \u201c10612\u201d. Al bastidor, etiqueta de l\u2019exposici\u00f3 Caba-Miralles, en qu\u00e8 consta com a propietari del quadre el Museu d\u2019Art Modern de Barcelona; en una altra etiqueta impresa: \u201cMuseu de Belles Arts\/ de Barcelona\u201d. Al dors del marc, en  etiqueta impresa: \u201c10612\u201d, i etiqueta de l\u2019Acad\u00e8mia en qu\u00e8 consta el n\u00fam. antic 39  l\u2019autor, el t\u00edtol i les dimensions del quadre, que s\u00f3n err\u00f2nies (2,14 x 2,35).<br \/>\nProced\u00e8ncia: Treball amb qu\u00e8 l\u2019autor guany\u00e0 les oposicions a la pla\u00e7a de professor de colorit  i composici\u00f3 a l\u2019escola de Llotja de Barcelona, contra Sim\u00f3 G\u00f3mez, l\u2019obra del qual tamb\u00e9  pass\u00e0 al Museu de l\u2019Acad\u00e8mia (n\u00fam. d\u2019inv. 278).<br \/>\nRestauracions: Restaurat al Centre de Conservaci\u00f3 i Restauraci\u00f3 de B\u00e9ns Culturals Mobles de la Generalitat de Catalunya el 1985 i pel taller Balaguer i Grau el 1999.<br \/>\nExposicions: Barcelona, Manifestaci\u00f3n de Productos Catalanes, 1877, n\u00fam. 154-2; Barcelona, Exposici\u00f3 Caba-Miralles, 1947, n\u00fam. 134; Pamplona-Vitoria-Bilbao-Madrid, RACBASJ. Exposici\u00f3n antol\u00f3gica de pintura, 2000, n\u00fam. 61.<br \/>\nObservacions: Estigu\u00e9 dipositada als Museus d\u2019Art de Barcelona, on li assignaren el n\u00famero d\u2019inventari 10612. Fou retornada el 11 de gener de 1965. <\/p>\n","protected":false},"featured_media":14552,"template":"","ubicacio":[405],"tecnica":[403],"classificacio":[404],"autor":[1752],"class_list":["post-23336","obra","type-obra","status-publish","has-post-thumbnail","hentry","ubicacio-reial-academia-catalana-de-belles-arts-de-sant-jordi","tecnica-oli-sobre-tela","classificacio-pintura","autor-caba-i-casamitjana-antoni"],"acf":[],"_links":{"self":[{"href":"https:\/\/www.racba.org\/es\/wp-json\/wp\/v2\/obra\/23336","targetHints":{"allow":["GET"]}}],"collection":[{"href":"https:\/\/www.racba.org\/es\/wp-json\/wp\/v2\/obra"}],"about":[{"href":"https:\/\/www.racba.org\/es\/wp-json\/wp\/v2\/types\/obra"}],"wp:featuredmedia":[{"embeddable":true,"href":"https:\/\/www.racba.org\/es\/wp-json\/wp\/v2\/media\/14552"}],"wp:attachment":[{"href":"https:\/\/www.racba.org\/es\/wp-json\/wp\/v2\/media?parent=23336"}],"wp:term":[{"taxonomy":"ubicacio","embeddable":true,"href":"https:\/\/www.racba.org\/es\/wp-json\/wp\/v2\/ubicacio?post=23336"},{"taxonomy":"tecnica","embeddable":true,"href":"https:\/\/www.racba.org\/es\/wp-json\/wp\/v2\/tecnica?post=23336"},{"taxonomy":"classificacio","embeddable":true,"href":"https:\/\/www.racba.org\/es\/wp-json\/wp\/v2\/classificacio?post=23336"},{"taxonomy":"autor","embeddable":true,"href":"https:\/\/www.racba.org\/es\/wp-json\/wp\/v2\/autor?post=23336"}],"curies":[{"name":"wp","href":"https:\/\/api.w.org\/{rel}","templated":true}]}}

<p>Inscripcions: A l’angle inferior dret, en vermell: “10612”. Al bastidor, etiqueta de l’exposició Caba-Miralles, en què consta com a propietari del quadre el Museu d’Art Modern de Barcelona; en una altra etiqueta impresa: “Museu de Belles Arts/ de Barcelona”. Al dors del marc, en  etiqueta impresa: “10612”, i etiqueta de l’Acadèmia en què consta el núm. antic 39  l’autor, el títol i les dimensions del quadre, que són errònies (2,14 x 2,35).<br />
Procedència: Treball amb què l’autor guanyà les oposicions a la plaça de professor de colorit  i composició a l’escola de Llotja de Barcelona, contra Simó Gómez, l’obra del qual també  passà al Museu de l’Acadèmia (núm. d’inv. 278).<br />
Restauracions: Restaurat al Centre de Conservació i Restauració de Béns Culturals Mobles de la Generalitat de Catalunya el 1985 i pel taller Balaguer i Grau el 1999.<br />
Exposicions: Barcelona, Manifestación de Productos Catalanes, 1877, núm. 154-2; Barcelona, Exposició Caba-Miralles, 1947, núm. 134; Pamplona-Vitoria-Bilbao-Madrid, RACBASJ. Exposición antológica de pintura, 2000, núm. 61.<br />
Observacions: Estigué dipositada als Museus d’Art de Barcelona, on li assignaren el número d’inventari 10612. Fou retornada el 11 de gener de 1965. </p>
