{"id":23522,"date":"2023-01-12T23:40:09","date_gmt":"2023-01-12T22:40:09","guid":{"rendered":"http:\/\/novaweb.racba.org\/obra\/nu-femeni-assegut\/"},"modified":"2023-01-12T23:40:09","modified_gmt":"2023-01-12T22:40:09","slug":"nu-femeni-assegut","status":"publish","type":"obra","link":"https:\/\/www.racba.org\/es\/obra\/nu-femeni-assegut\/","title":{"rendered":"Nu femen\u00ed assegut"},"content":{"rendered":"<p>Proced\u00e8ncia: Form\u00e0 part de la col\u00b7lecci\u00f3 de Josep Ma. Garrut, la qual pass\u00e0 a l&#8217;Acad\u00e8mia per voluntat testament\u00e0ria del finat. Data ingr\u00e9s: 12 de juliol de 2010.<br \/>\nL&#8217;obra no estava inclosa a l&#8217;inventari de la col\u2022lecci\u00f3 Garrut. Segons Bernat Puigdollers es tracta d&#8217;una obra for\u00e7a caracter\u00edstica de Ricard Sala i Olivella (23-2-2012).<\/p>\n","protected":false},"featured_media":15432,"template":"","ubicacio":[405],"tecnica":[2196],"classificacio":[413],"autor":[2061],"class_list":["post-23522","obra","type-obra","status-publish","has-post-thumbnail","hentry","ubicacio-reial-academia-catalana-de-belles-arts-de-sant-jordi","tecnica-pedra-peana-de-marbre-negre","classificacio-escultura","autor-sala-i-olivella-ricard"],"acf":[],"_links":{"self":[{"href":"https:\/\/www.racba.org\/es\/wp-json\/wp\/v2\/obra\/23522","targetHints":{"allow":["GET"]}}],"collection":[{"href":"https:\/\/www.racba.org\/es\/wp-json\/wp\/v2\/obra"}],"about":[{"href":"https:\/\/www.racba.org\/es\/wp-json\/wp\/v2\/types\/obra"}],"wp:featuredmedia":[{"embeddable":true,"href":"https:\/\/www.racba.org\/es\/wp-json\/wp\/v2\/media\/15432"}],"wp:attachment":[{"href":"https:\/\/www.racba.org\/es\/wp-json\/wp\/v2\/media?parent=23522"}],"wp:term":[{"taxonomy":"ubicacio","embeddable":true,"href":"https:\/\/www.racba.org\/es\/wp-json\/wp\/v2\/ubicacio?post=23522"},{"taxonomy":"tecnica","embeddable":true,"href":"https:\/\/www.racba.org\/es\/wp-json\/wp\/v2\/tecnica?post=23522"},{"taxonomy":"classificacio","embeddable":true,"href":"https:\/\/www.racba.org\/es\/wp-json\/wp\/v2\/classificacio?post=23522"},{"taxonomy":"autor","embeddable":true,"href":"https:\/\/www.racba.org\/es\/wp-json\/wp\/v2\/autor?post=23522"}],"curies":[{"name":"wp","href":"https:\/\/api.w.org\/{rel}","templated":true}]}}

Nu femení assegut

<p>Procedència: Formà part de la col·lecció de Josep Ma. Garrut, la qual passà a l&#8217;Acadèmia per voluntat testamentària del finat. Data ingrés: 12 de juliol de 2010.<br />
L&#8217;obra no estava inclosa a l&#8217;inventari de la col•lecció Garrut. Segons Bernat Puigdollers es tracta d&#8217;una obra força característica de Ricard Sala i Olivella (23-2-2012).</p>
