{"id":23560,"date":"2023-01-12T23:40:32","date_gmt":"2023-01-12T22:40:32","guid":{"rendered":"http:\/\/novaweb.racba.org\/obra\/escaner-per-a-un-nen\/"},"modified":"2023-01-12T23:40:32","modified_gmt":"2023-01-12T22:40:32","slug":"escaner-per-a-un-nen","status":"publish","type":"obra","link":"https:\/\/www.racba.org\/es\/obra\/escaner-per-a-un-nen\/","title":{"rendered":"Esc\u00e0ner per a un nen"},"content":{"rendered":"<p>Signatura: \u00abRubio\/91\u00bb (a carbonet, a l&#8217;ang. inf. dret).<br \/>\nInscripcions:  al dors de la taula suport, a tinta: \u00abESCANER PARA\/UN NI\u00d1O\/Rubio\/91\u00bb.<br \/>\nProced\u00e8ncia: Premi del concurs de dibuix Ynglada-Guillot 1991.<br \/>\nData ingr\u00e9s: 3 de juny de 1991 (data del lliurament del premi)<br \/>\nExposicions: EXPO. YNGLADA-GUILLOT 1991; Exposici\u00f3 \u00abMariano Rubio\u201d, Madrid, Sala Blanquerna, febrer-mar\u00e7 1995; Exposici\u00f3 \u201cRubio. Sin l\u00edmites en el tiempo y en el espacio\u201d, Zaragoza, Diputaci\u00f3n General de Arag\u00f3n, Sala Hnos. Bayeu y Mar\u00eda Moliner, Edificio Pignatelli, abril-maig 2000; Exposici\u00f3 \u201cMariano Rubio: Tres d\u00e8cades de creativitat\u201d, Tarragona, Tinglado n\u00fam. 2, maig-juliol 2000; Exposici\u00f3 \u00abMariano Rubio, a trav\u00e9s del temps i l&#8217;espai\u00bb, Tarragona, Museu d&#8217;Art Modern, setembre-octubre 2009.<br \/>\nBibliografia: CAT. YNGLADA-GUILLOT 1991, p. 2 (reprodu\u00eft); CAT. MARIANO RUBIO 1995; CAT. MARIANO RUBIO 2000, p. 21 (reprodu\u00eft); MARIANO RUBIO 2009, p. 72 (reprodu\u00eft); PREMI YNGLADA-GUILLOT 50\u00e8 aniversari 2012, p. 116 i 117 (reprodu\u00eft).<br \/>\nObservacions: El paper utilitzat per realitzar el dibuix \u2013format per dos fulls (48 i 48,5 cm cadascun) enganxats amb cinta adhesiva\u2013 estava pr\u00e8viament gravat amb la t\u00e8cnica del gofrat. No ens consta que Mariano Rubio hagi participat en cap altre dels concursos Ynglada-Guillot. Destacat pintor i gravador, es va establir a Tarragona fa m\u00e9s de 45 anys i va ser professor de l\u2019Escola d\u2019Art i Disseny de la Diputaci\u00f3. La seva mostra m\u00e9s rellevant va ser la retrospectiva en homenatge a la seva traject\u00f2ria realitzada en el Museu d\u2019Art Modern de Tarragona l\u2019any 2009, que va estar acompanyada del llibre Rubio a trav\u00e9s del temps i de l\u2019espai, editat per la Diputaci\u00f3 de Tarragona i Viena Edicions. La constant necessitat d\u2019experimentar en quant les t\u00e8cniques i les tem\u00e0tiques, li fa desenvolupar una obra molt elaborada, original i summament t\u00e8cnica, en la qual reflecteix l\u2019inter\u00e8s pel paisatge, la natura morta i la figura humana, i als \u00faltims temps per representar la seva visi\u00f3 de la realitat global del Cosmos.<\/p>\n","protected":false},"featured_media":15570,"template":"","ubicacio":[405],"tecnica":[2209],"classificacio":[408],"autor":[2104],"class_list":["post-23560","obra","type-obra","status-publish","has-post-thumbnail","hentry","ubicacio-reial-academia-catalana-de-belles-arts-de-sant-jordi","tecnica-carbonet-llapis-blanc-i-vermell-sobre-paper-verd","classificacio-dibuix","autor-rubio-martinez-mariano"],"acf":[],"_links":{"self":[{"href":"https:\/\/www.racba.org\/es\/wp-json\/wp\/v2\/obra\/23560","targetHints":{"allow":["GET"]}}],"collection":[{"href":"https:\/\/www.racba.org\/es\/wp-json\/wp\/v2\/obra"}],"about":[{"href":"https:\/\/www.racba.org\/es\/wp-json\/wp\/v2\/types\/obra"}],"wp:featuredmedia":[{"embeddable":true,"href":"https:\/\/www.racba.org\/es\/wp-json\/wp\/v2\/media\/15570"}],"wp:attachment":[{"href":"https:\/\/www.racba.org\/es\/wp-json\/wp\/v2\/media?parent=23560"}],"wp:term":[{"taxonomy":"ubicacio","embeddable":true,"href":"https:\/\/www.racba.org\/es\/wp-json\/wp\/v2\/ubicacio?post=23560"},{"taxonomy":"tecnica","embeddable":true,"href":"https:\/\/www.racba.org\/es\/wp-json\/wp\/v2\/tecnica?post=23560"},{"taxonomy":"classificacio","embeddable":true,"href":"https:\/\/www.racba.org\/es\/wp-json\/wp\/v2\/classificacio?post=23560"},{"taxonomy":"autor","embeddable":true,"href":"https:\/\/www.racba.org\/es\/wp-json\/wp\/v2\/autor?post=23560"}],"curies":[{"name":"wp","href":"https:\/\/api.w.org\/{rel}","templated":true}]}}

Escàner per a un nen

<p>Signatura: «Rubio/91» (a carbonet, a l&#8217;ang. inf. dret).<br />
Inscripcions:  al dors de la taula suport, a tinta: «ESCANER PARA/UN NIÑO/Rubio/91».<br />
Procedència: Premi del concurs de dibuix Ynglada-Guillot 1991.<br />
Data ingrés: 3 de juny de 1991 (data del lliurament del premi)<br />
Exposicions: EXPO. YNGLADA-GUILLOT 1991; Exposició «Mariano Rubio”, Madrid, Sala Blanquerna, febrer-març 1995; Exposició “Rubio. Sin límites en el tiempo y en el espacio”, Zaragoza, Diputación General de Aragón, Sala Hnos. Bayeu y María Moliner, Edificio Pignatelli, abril-maig 2000; Exposició “Mariano Rubio: Tres dècades de creativitat”, Tarragona, Tinglado núm. 2, maig-juliol 2000; Exposició «Mariano Rubio, a través del temps i l&#8217;espai», Tarragona, Museu d&#8217;Art Modern, setembre-octubre 2009.<br />
Bibliografia: CAT. YNGLADA-GUILLOT 1991, p. 2 (reproduït); CAT. MARIANO RUBIO 1995; CAT. MARIANO RUBIO 2000, p. 21 (reproduït); MARIANO RUBIO 2009, p. 72 (reproduït); PREMI YNGLADA-GUILLOT 50è aniversari 2012, p. 116 i 117 (reproduït).<br />
Observacions: El paper utilitzat per realitzar el dibuix –format per dos fulls (48 i 48,5 cm cadascun) enganxats amb cinta adhesiva– estava prèviament gravat amb la tècnica del gofrat. No ens consta que Mariano Rubio hagi participat en cap altre dels concursos Ynglada-Guillot. Destacat pintor i gravador, es va establir a Tarragona fa més de 45 anys i va ser professor de l’Escola d’Art i Disseny de la Diputació. La seva mostra més rellevant va ser la retrospectiva en homenatge a la seva trajectòria realitzada en el Museu d’Art Modern de Tarragona l’any 2009, que va estar acompanyada del llibre Rubio a través del temps i de l’espai, editat per la Diputació de Tarragona i Viena Edicions. La constant necessitat d’experimentar en quant les tècniques i les temàtiques, li fa desenvolupar una obra molt elaborada, original i summament tècnica, en la qual reflecteix l’interès pel paisatge, la natura morta i la figura humana, i als últims temps per representar la seva visió de la realitat global del Cosmos.</p>
