{"id":24215,"date":"2023-01-12T23:47:49","date_gmt":"2023-01-12T22:47:49","guid":{"rendered":"http:\/\/novaweb.racba.org\/obra\/apostol\/"},"modified":"2023-01-12T23:47:49","modified_gmt":"2023-01-12T22:47:49","slug":"apostol","status":"publish","type":"obra","link":"https:\/\/www.racba.org\/es\/obra\/apostol\/","title":{"rendered":"Ap\u00f2stol"},"content":{"rendered":"<p>Proced\u00e8ncia: Museu de la Junta de Comer\u00e7.<br \/>\nObservacions: Sens dubte formava part d\u2019un apostolat a qu\u00e8 tamb\u00e9 pertanyien els n\u00fameros 340, 741 i 743. Molt deteriorat. Dipositat al Museu Frederic Mar\u00e8s de Barcelona (n\u00fam. inv. 4).<\/p>\n","protected":false},"featured_media":18814,"template":"","ubicacio":[2182],"tecnica":[403],"classificacio":[404],"autor":[2025],"class_list":["post-24215","obra","type-obra","status-publish","has-post-thumbnail","hentry","ubicacio-museu-frederic-mares-de-montblanc","tecnica-oli-sobre-tela","classificacio-pintura","autor-anonim-escola-napolitana-1a-meitat-segle-xvii"],"acf":[],"_links":{"self":[{"href":"https:\/\/www.racba.org\/es\/wp-json\/wp\/v2\/obra\/24215","targetHints":{"allow":["GET"]}}],"collection":[{"href":"https:\/\/www.racba.org\/es\/wp-json\/wp\/v2\/obra"}],"about":[{"href":"https:\/\/www.racba.org\/es\/wp-json\/wp\/v2\/types\/obra"}],"wp:featuredmedia":[{"embeddable":true,"href":"https:\/\/www.racba.org\/es\/wp-json\/wp\/v2\/media\/18814"}],"wp:attachment":[{"href":"https:\/\/www.racba.org\/es\/wp-json\/wp\/v2\/media?parent=24215"}],"wp:term":[{"taxonomy":"ubicacio","embeddable":true,"href":"https:\/\/www.racba.org\/es\/wp-json\/wp\/v2\/ubicacio?post=24215"},{"taxonomy":"tecnica","embeddable":true,"href":"https:\/\/www.racba.org\/es\/wp-json\/wp\/v2\/tecnica?post=24215"},{"taxonomy":"classificacio","embeddable":true,"href":"https:\/\/www.racba.org\/es\/wp-json\/wp\/v2\/classificacio?post=24215"},{"taxonomy":"autor","embeddable":true,"href":"https:\/\/www.racba.org\/es\/wp-json\/wp\/v2\/autor?post=24215"}],"curies":[{"name":"wp","href":"https:\/\/api.w.org\/{rel}","templated":true}]}}

Apòstol

<p>Procedència: Museu de la Junta de Comerç.<br />
Observacions: Sens dubte formava part d’un apostolat a què també pertanyien els números 340, 741 i 743. Molt deteriorat. Dipositat al Museu Frederic Marès de Barcelona (núm. inv. 4).</p>
