{"id":24390,"date":"2023-01-12T23:49:41","date_gmt":"2023-01-12T22:49:41","guid":{"rendered":"http:\/\/novaweb.racba.org\/obra\/paisatge-amb-cami-i-ermita\/"},"modified":"2023-01-12T23:49:41","modified_gmt":"2023-01-12T22:49:41","slug":"paisatge-amb-cami-i-ermita","status":"publish","type":"obra","link":"https:\/\/www.racba.org\/es\/obra\/paisatge-amb-cami-i-ermita\/","title":{"rendered":"Paisatge amb cam\u00ed i ermita"},"content":{"rendered":"<p>Signatura: \u00abMERCAD\u00c9. 189\u00bb (a pintura verda, a l&#8217;ang. inf. dret).<br \/>\nInscripcions: \u00abPROTOCOL: F.R.T.N\u00ba (192)\/Noviembre-Diciembre. 1993\u00bb (a tinta, en targeta de presentaci\u00f3 impresa de Joana Casanovas Garc\u00e9s, Restauraci\u00f3 de pintura, enganxada al bastidor).<br \/>\nProced\u00e8ncia: Donaci\u00f3 de l&#8217;acad\u00e8mica de n\u00famero Montserrat Isern.<br \/>\nData ingr\u00e9s: 9 d&#8217;abril de 2014<br \/>\nRestauracions: restaurada al taller de Joana Casanovas Garc\u00e9s el 1993.<br \/>\nObservacions: Fa parella amb la pintura n\u00fam. d&#8217;inv. 4597, un altre paisatge del mateix autor. L\u2019obra estava atribu\u00efda a Benet Mercad\u00e9, per\u00f2 la llunyania estil\u00edstica i tem\u00e0tica amb l\u2019obra coneguda del pintor ens ha fet associar-la al pintor Ignasi Mercad\u00e9 i Sancho (el segon cognom apareix als llibres de matr\u00edcula de l&#8217;Escola), del qual diu R\u00e0fols que era paisatgista i que es va presentar a l&#8217;Exposici\u00f3 de Madrid de 1878 amb la pintura \u00abOrillas del Manzanares\u00bb i a la de Barcelona de 1888. Mercad\u00e9 Sancho va estar matriculat a l'\u00bbEnse\u00f1anza Profesional de Dibujo, Pintura, Escultura, y Grabado\u00bb de Barcelona des de 1868 fins a 1873, i va cursar, entre d&#8217;altres assignatures, paisatge i perspectiva. El llibre de Sebasti\u00e0 GASCH, Col\u2022lecci\u00f3 Isern Dalmau (Barcelona, 1948) no inclou aquesta obra, encara que s\u00ed que en devia formar part ja que hi apareix a la biografia del pintor (p. 94).<\/p>\n","protected":false},"featured_media":19469,"template":"","ubicacio":[405],"tecnica":[403],"classificacio":[404],"autor":[2131],"class_list":["post-24390","obra","type-obra","status-publish","has-post-thumbnail","hentry","ubicacio-reial-academia-catalana-de-belles-arts-de-sant-jordi","tecnica-oli-sobre-tela","classificacio-pintura","autor-mercade-i-sancho-ignasi"],"acf":[],"_links":{"self":[{"href":"https:\/\/www.racba.org\/es\/wp-json\/wp\/v2\/obra\/24390","targetHints":{"allow":["GET"]}}],"collection":[{"href":"https:\/\/www.racba.org\/es\/wp-json\/wp\/v2\/obra"}],"about":[{"href":"https:\/\/www.racba.org\/es\/wp-json\/wp\/v2\/types\/obra"}],"wp:featuredmedia":[{"embeddable":true,"href":"https:\/\/www.racba.org\/es\/wp-json\/wp\/v2\/media\/19469"}],"wp:attachment":[{"href":"https:\/\/www.racba.org\/es\/wp-json\/wp\/v2\/media?parent=24390"}],"wp:term":[{"taxonomy":"ubicacio","embeddable":true,"href":"https:\/\/www.racba.org\/es\/wp-json\/wp\/v2\/ubicacio?post=24390"},{"taxonomy":"tecnica","embeddable":true,"href":"https:\/\/www.racba.org\/es\/wp-json\/wp\/v2\/tecnica?post=24390"},{"taxonomy":"classificacio","embeddable":true,"href":"https:\/\/www.racba.org\/es\/wp-json\/wp\/v2\/classificacio?post=24390"},{"taxonomy":"autor","embeddable":true,"href":"https:\/\/www.racba.org\/es\/wp-json\/wp\/v2\/autor?post=24390"}],"curies":[{"name":"wp","href":"https:\/\/api.w.org\/{rel}","templated":true}]}}

Paisatge amb camí i ermita

<p>Signatura: «MERCADÉ. 189» (a pintura verda, a l&#8217;ang. inf. dret).<br />
Inscripcions: «PROTOCOL: F.R.T.Nº (192)/Noviembre-Diciembre. 1993» (a tinta, en targeta de presentació impresa de Joana Casanovas Garcés, Restauració de pintura, enganxada al bastidor).<br />
Procedència: Donació de l&#8217;acadèmica de número Montserrat Isern.<br />
Data ingrés: 9 d&#8217;abril de 2014<br />
Restauracions: restaurada al taller de Joana Casanovas Garcés el 1993.<br />
Observacions: Fa parella amb la pintura núm. d&#8217;inv. 4597, un altre paisatge del mateix autor. L’obra estava atribuïda a Benet Mercadé, però la llunyania estilística i temàtica amb l’obra coneguda del pintor ens ha fet associar-la al pintor Ignasi Mercadé i Sancho (el segon cognom apareix als llibres de matrícula de l&#8217;Escola), del qual diu Ràfols que era paisatgista i que es va presentar a l&#8217;Exposició de Madrid de 1878 amb la pintura «Orillas del Manzanares» i a la de Barcelona de 1888. Mercadé Sancho va estar matriculat a l'»Enseñanza Profesional de Dibujo, Pintura, Escultura, y Grabado» de Barcelona des de 1868 fins a 1873, i va cursar, entre d&#8217;altres assignatures, paisatge i perspectiva. El llibre de Sebastià GASCH, Col•lecció Isern Dalmau (Barcelona, 1948) no inclou aquesta obra, encara que sí que en devia formar part ja que hi apareix a la biografia del pintor (p. 94).</p>
