{"id":24473,"date":"2023-01-12T23:50:39","date_gmt":"2023-01-12T22:50:39","guid":{"rendered":"http:\/\/novaweb.racba.org\/obra\/cap-de-la-germana-del-pintor-estudi-per-la-purissima\/"},"modified":"2023-01-12T23:50:39","modified_gmt":"2023-01-12T22:50:39","slug":"cap-de-la-germana-del-pintor-estudi-per-la-purissima","status":"publish","type":"obra","link":"https:\/\/www.racba.org\/es\/obra\/cap-de-la-germana-del-pintor-estudi-per-la-purissima\/","title":{"rendered":"Cap de la germana del pintor. Estudi per \u201cla Pur\u00edssima\u201d"},"content":{"rendered":"<p>Signatura: \u201cV. Genovart y A. 1871\u201d(al cartr\u00f3 suport, en etiqueta amb tinta).<br \/>\nInscripcions: Al cartr\u00f3 suport, en paper i amb tinta: \u201cEn Vicen\u00e7 Genovart Alsina, naix a Barcelona en 10-IX-1851. \/ En 1872 o sea als 21 any v\u00e1 pintar \u00abLa Pur\u00edsima\u00bb i aquesta \/ figura es la seva germana Josefa Genovart Alsina nascuda \u00e1 Barcelona en 31-V de 1857 que va servirli de model q\u00fcant \/ aquesta tenia 15 anys. Es natural que l\u2019Artista pintor s\u2019inspir\u00e9s \/ amb la seva germana, i tot seguit v\u00e1 pintar la Assenci\u00f3 als Cels \/ signada als 1872. El artista va morir en 1914 i la germana \/ Josefa v\u00e1 morir en 13-IX-1937 en plena guerra, als 80 anys. \/ Aquesta pintura no pot separarse del cuadro la \u00abPur\u00edsima\u00bb \/ C La m\u00e1 que est\u00e1 sobre del cap de la nena es un estudi de la m\u00e1 \/ del cuadro, \u00abEl pintor y la seva obra\u00bb que esta a la Llibreria\u201d.<br \/>\nProced\u00e8ncia: Llegat del fill de l\u2019artista, Manuel Genovart i Boixet (Barcelona, 1894 &#8211; 1980), per voluntat testament\u00e0ria, a la Reial Acad\u00e8mia Catalana de Belles Arts de Sant Jordi. Data ingr\u00e9s: 28 de gener de 1981.<br \/>\nObservacions: La Pur\u00edssima, de qu\u00e8 aquesta obra \u00e9s l\u2019estudi preparatori, figura tamb\u00e9 al Museu de l\u2019Acad\u00e8mia amb el n\u00famero d\u2019inventari 770.<\/p>\n","protected":false},"featured_media":19807,"template":"","ubicacio":[405],"tecnica":[403],"classificacio":[404],"autor":[1865],"class_list":["post-24473","obra","type-obra","status-publish","has-post-thumbnail","hentry","ubicacio-reial-academia-catalana-de-belles-arts-de-sant-jordi","tecnica-oli-sobre-tela","classificacio-pintura","autor-genovart-i-alsina-vicenc"],"acf":[],"_links":{"self":[{"href":"https:\/\/www.racba.org\/es\/wp-json\/wp\/v2\/obra\/24473","targetHints":{"allow":["GET"]}}],"collection":[{"href":"https:\/\/www.racba.org\/es\/wp-json\/wp\/v2\/obra"}],"about":[{"href":"https:\/\/www.racba.org\/es\/wp-json\/wp\/v2\/types\/obra"}],"wp:featuredmedia":[{"embeddable":true,"href":"https:\/\/www.racba.org\/es\/wp-json\/wp\/v2\/media\/19807"}],"wp:attachment":[{"href":"https:\/\/www.racba.org\/es\/wp-json\/wp\/v2\/media?parent=24473"}],"wp:term":[{"taxonomy":"ubicacio","embeddable":true,"href":"https:\/\/www.racba.org\/es\/wp-json\/wp\/v2\/ubicacio?post=24473"},{"taxonomy":"tecnica","embeddable":true,"href":"https:\/\/www.racba.org\/es\/wp-json\/wp\/v2\/tecnica?post=24473"},{"taxonomy":"classificacio","embeddable":true,"href":"https:\/\/www.racba.org\/es\/wp-json\/wp\/v2\/classificacio?post=24473"},{"taxonomy":"autor","embeddable":true,"href":"https:\/\/www.racba.org\/es\/wp-json\/wp\/v2\/autor?post=24473"}],"curies":[{"name":"wp","href":"https:\/\/api.w.org\/{rel}","templated":true}]}}

Cap de la germana del pintor. Estudi per “la Puríssima”

<p>Signatura: “V. Genovart y A. 1871”(al cartró suport, en etiqueta amb tinta).<br />
Inscripcions: Al cartró suport, en paper i amb tinta: “En Vicenç Genovart Alsina, naix a Barcelona en 10-IX-1851. / En 1872 o sea als 21 any vá pintar «La Purísima» i aquesta / figura es la seva germana Josefa Genovart Alsina nascuda á Barcelona en 31-V de 1857 que va servirli de model qüant / aquesta tenia 15 anys. Es natural que l’Artista pintor s’inspirés / amb la seva germana, i tot seguit vá pintar la Assenció als Cels / signada als 1872. El artista va morir en 1914 i la germana / Josefa vá morir en 13-IX-1937 en plena guerra, als 80 anys. / Aquesta pintura no pot separarse del cuadro la «Purísima» / C La má que está sobre del cap de la nena es un estudi de la má / del cuadro, «El pintor y la seva obra» que esta a la Llibreria”.<br />
Procedència: Llegat del fill de l’artista, Manuel Genovart i Boixet (Barcelona, 1894 &#8211; 1980), per voluntat testamentària, a la Reial Acadèmia Catalana de Belles Arts de Sant Jordi. Data ingrés: 28 de gener de 1981.<br />
Observacions: La Puríssima, de què aquesta obra és l’estudi preparatori, figura també al Museu de l’Acadèmia amb el número d’inventari 770.</p>
