{"id":24491,"date":"2023-01-12T23:50:51","date_gmt":"2023-01-12T22:50:51","guid":{"rendered":"http:\/\/novaweb.racba.org\/obra\/ladoracio-del-vedell-dor-2\/"},"modified":"2023-01-12T23:50:51","modified_gmt":"2023-01-12T22:50:51","slug":"ladoracio-del-vedell-dor-2","status":"publish","type":"obra","link":"https:\/\/www.racba.org\/es\/obra\/ladoracio-del-vedell-dor-2\/","title":{"rendered":"L\u2019adoraci\u00f3 del vedell d\u2019or"},"content":{"rendered":"<p>Proced\u00e8ncia: Obra feta per concursar a la pensi\u00f3 de Roma el febrer de 1802, en concurr\u00e8ncia amb les hom\u00f2nimes de Miquel Cabanyes, Francesc Lacoma i Sans, i altres.<br \/>\nData ingr\u00e9s: 18 de febrer de 1802.<br \/>\nObservacions: Aquesta obra \u00e9s d\u2019id\u00e8ntic tema i dimensions a les n\u00fams. 370 i 372. El motiu \u00e9s que totes tres foren proves de l\u2019Escola de Llotja per obtenir pensi\u00f3 d\u2019estudis l\u2019any 1802, a les quals es presentaren cinc opositors: Cabanyes, Antoni Sanahuja, Lacoma i Sans, Jaume Riera i Gaiet\u00e0 Pont. La de Cabanyes va guanyar la pensi\u00f3 per unanimitat, per\u00f2 el 5 d\u2019agost la Junta Suprema canvi\u00e0 el veredicte en favor de la que havia presentat Francesc Lacoma i Sans, si b\u00e9 Cabanyes tamb\u00e9 acabaria rebent fons per anar a Roma. A quin dels opositors coneguts correspon cada una de les tres pintures conservades al Museu no es diu, per\u00f2 per proximitat estil\u00edstica, la 370 ha de ser la de Lacoma i Sans, mentre que la inferior qualitat d\u2019aquesta obra respecte a la 372- que seria la de Cabanyes- fa pensar que no devia rebre premi, i per tant deu ser la d\u2019un dels altres concursants: Sanahuja, Riera o Pont.<\/p>\n","protected":false},"featured_media":19874,"template":"","ubicacio":[405],"tecnica":[403],"classificacio":[404],"autor":[2039],"class_list":["post-24491","obra","type-obra","status-publish","has-post-thumbnail","hentry","ubicacio-reial-academia-catalana-de-belles-arts-de-sant-jordi","tecnica-oli-sobre-tela","classificacio-pintura","autor-anonim-escola-catalana-principis-segle-xix"],"acf":[],"_links":{"self":[{"href":"https:\/\/www.racba.org\/es\/wp-json\/wp\/v2\/obra\/24491","targetHints":{"allow":["GET"]}}],"collection":[{"href":"https:\/\/www.racba.org\/es\/wp-json\/wp\/v2\/obra"}],"about":[{"href":"https:\/\/www.racba.org\/es\/wp-json\/wp\/v2\/types\/obra"}],"wp:featuredmedia":[{"embeddable":true,"href":"https:\/\/www.racba.org\/es\/wp-json\/wp\/v2\/media\/19874"}],"wp:attachment":[{"href":"https:\/\/www.racba.org\/es\/wp-json\/wp\/v2\/media?parent=24491"}],"wp:term":[{"taxonomy":"ubicacio","embeddable":true,"href":"https:\/\/www.racba.org\/es\/wp-json\/wp\/v2\/ubicacio?post=24491"},{"taxonomy":"tecnica","embeddable":true,"href":"https:\/\/www.racba.org\/es\/wp-json\/wp\/v2\/tecnica?post=24491"},{"taxonomy":"classificacio","embeddable":true,"href":"https:\/\/www.racba.org\/es\/wp-json\/wp\/v2\/classificacio?post=24491"},{"taxonomy":"autor","embeddable":true,"href":"https:\/\/www.racba.org\/es\/wp-json\/wp\/v2\/autor?post=24491"}],"curies":[{"name":"wp","href":"https:\/\/api.w.org\/{rel}","templated":true}]}}

L’adoració del vedell d’or

<p>Procedència: Obra feta per concursar a la pensió de Roma el febrer de 1802, en concurrència amb les homònimes de Miquel Cabanyes, Francesc Lacoma i Sans, i altres.<br />
Data ingrés: 18 de febrer de 1802.<br />
Observacions: Aquesta obra és d’idèntic tema i dimensions a les núms. 370 i 372. El motiu és que totes tres foren proves de l’Escola de Llotja per obtenir pensió d’estudis l’any 1802, a les quals es presentaren cinc opositors: Cabanyes, Antoni Sanahuja, Lacoma i Sans, Jaume Riera i Gaietà Pont. La de Cabanyes va guanyar la pensió per unanimitat, però el 5 d’agost la Junta Suprema canvià el veredicte en favor de la que havia presentat Francesc Lacoma i Sans, si bé Cabanyes també acabaria rebent fons per anar a Roma. A quin dels opositors coneguts correspon cada una de les tres pintures conservades al Museu no es diu, però per proximitat estilística, la 370 ha de ser la de Lacoma i Sans, mentre que la inferior qualitat d’aquesta obra respecte a la 372- que seria la de Cabanyes- fa pensar que no devia rebre premi, i per tant deu ser la d’un dels altres concursants: Sanahuja, Riera o Pont.</p>
