{"id":24519,"date":"2023-01-12T23:51:11","date_gmt":"2023-01-12T22:51:11","guid":{"rendered":"http:\/\/novaweb.racba.org\/obra\/retrat-de-felip-emmanuel-de-bette\/"},"modified":"2023-01-12T23:51:11","modified_gmt":"2023-01-12T22:51:11","slug":"retrat-de-felip-emmanuel-de-bette","status":"publish","type":"obra","link":"https:\/\/www.racba.org\/es\/obra\/retrat-de-felip-emmanuel-de-bette\/","title":{"rendered":"Retrat de Felip-Emmanuel de Bette"},"content":{"rendered":"<p>Inscripcions: A la part inferior (en una cartel\u2022la pintada): \u201cPhelipe Eml. de Bette, Flamenco, Cavallero de Lede, de la Exma. familia de los Marqueses de\/ Lede, Comendador de la Orden de Santiago, sigui\u00f3 la carrera de la milicia, uniendo el valor y fideli\/dad, \u00e2 la pureza de vida, hasta la edad de 50 a\u00f1os, en que hallandose Theniente Genl. de los Exers.\/ del Rey Catholico, despues de muchas heridas recibidas en su Rl. Ser\u00ba, renunci\u00f3 los empleos y\/ las esperanzas de mayores, devidos \u00e0 su grande mer\u00ba abrazdo. por Cel\u20191. impulso el estado humilde de\/ Her\u00ba de la Congn. de la Misn. en la Casa de Barnna., donde con singr. Exem\u00ba de humd., sensillez y\/ demas Virts., vivi\u00f3 hasta los 65 de su edad y muri\u00f3 en la misma C\u00aa, \u00e2 los 4 de En. 1742.\u201d Al dors, en etiqueta Acad\u00e8mia amb tinta: \u201cN. a.: No le tuvo\/ N. M.: 51\/ Retrato de Felipe\/ Emanuel de Bette\u201d.<br \/>\nProced\u00e8ncia: Seminari de la Missi\u00f3 (Pares Pa\u00fcls), del carrer Tallers de Barcelona.<br \/>\nData ingr\u00e9s: 1835 (?).<br \/>\nObservacions: No \u00e9s a l\u2019inventari de les obres recollides el 1835 per\u00f2 s\u00ed que hi \u00e9s al document de 1837. El retratat (Flandes, 1677 &#8211; Barcelona, 1742), segurament germ\u00e0 de Jan Frans van Bette, notable militar borb\u00f2nic, va ser tinent general de l\u2019ex\u00e8rcit del rei- activitat representada per una batalla que s\u2019esbossa al fons, a la dreta del quadre-, fins que cap al 1727 entr\u00e0 en religi\u00f3 a Barcelona. Al costat esquerre de la figura del retratat hi ha un quadre amb la imatge de Nostra Senyora d\u2019\u00c0frica.<\/p>\n","protected":false},"featured_media":19979,"template":"","ubicacio":[405],"tecnica":[403],"classificacio":[404],"autor":[2031],"class_list":["post-24519","obra","type-obra","status-publish","has-post-thumbnail","hentry","ubicacio-reial-academia-catalana-de-belles-arts-de-sant-jordi","tecnica-oli-sobre-tela","classificacio-pintura","autor-anonim-escola-catalana-segle-xviii"],"acf":[],"_links":{"self":[{"href":"https:\/\/www.racba.org\/es\/wp-json\/wp\/v2\/obra\/24519","targetHints":{"allow":["GET"]}}],"collection":[{"href":"https:\/\/www.racba.org\/es\/wp-json\/wp\/v2\/obra"}],"about":[{"href":"https:\/\/www.racba.org\/es\/wp-json\/wp\/v2\/types\/obra"}],"wp:featuredmedia":[{"embeddable":true,"href":"https:\/\/www.racba.org\/es\/wp-json\/wp\/v2\/media\/19979"}],"wp:attachment":[{"href":"https:\/\/www.racba.org\/es\/wp-json\/wp\/v2\/media?parent=24519"}],"wp:term":[{"taxonomy":"ubicacio","embeddable":true,"href":"https:\/\/www.racba.org\/es\/wp-json\/wp\/v2\/ubicacio?post=24519"},{"taxonomy":"tecnica","embeddable":true,"href":"https:\/\/www.racba.org\/es\/wp-json\/wp\/v2\/tecnica?post=24519"},{"taxonomy":"classificacio","embeddable":true,"href":"https:\/\/www.racba.org\/es\/wp-json\/wp\/v2\/classificacio?post=24519"},{"taxonomy":"autor","embeddable":true,"href":"https:\/\/www.racba.org\/es\/wp-json\/wp\/v2\/autor?post=24519"}],"curies":[{"name":"wp","href":"https:\/\/api.w.org\/{rel}","templated":true}]}}

<p>Inscripcions: A la part inferior (en una cartel•la pintada): “Phelipe Eml. de Bette, Flamenco, Cavallero de Lede, de la Exma. familia de los Marqueses de/ Lede, Comendador de la Orden de Santiago, siguió la carrera de la milicia, uniendo el valor y fideli/dad, â la pureza de vida, hasta la edad de 50 años, en que hallandose Theniente Genl. de los Exers./ del Rey Catholico, despues de muchas heridas recibidas en su Rl. Serº, renunció los empleos y/ las esperanzas de mayores, devidos à su grande merº abrazdo. por Cel’1. impulso el estado humilde de/ Herº de la Congn. de la Misn. en la Casa de Barnna., donde con singr. Exemº de humd., sensillez y/ demas Virts., vivió hasta los 65 de su edad y murió en la misma Cª, â los 4 de En. 1742.” Al dors, en etiqueta Acadèmia amb tinta: “N. a.: No le tuvo/ N. M.: 51/ Retrato de Felipe/ Emanuel de Bette”.<br />
Procedència: Seminari de la Missió (Pares Paüls), del carrer Tallers de Barcelona.<br />
Data ingrés: 1835 (?).<br />
Observacions: No és a l’inventari de les obres recollides el 1835 però sí que hi és al document de 1837. El retratat (Flandes, 1677 &#8211; Barcelona, 1742), segurament germà de Jan Frans van Bette, notable militar borbònic, va ser tinent general de l’exèrcit del rei- activitat representada per una batalla que s’esbossa al fons, a la dreta del quadre-, fins que cap al 1727 entrà en religió a Barcelona. Al costat esquerre de la figura del retratat hi ha un quadre amb la imatge de Nostra Senyora d’Àfrica.</p>
