{"id":24629,"date":"2023-01-12T23:52:25","date_gmt":"2023-01-12T22:52:25","guid":{"rendered":"http:\/\/novaweb.racba.org\/obra\/retrat-de-jordi-bonet-i-armengol-relleu\/"},"modified":"2023-01-12T23:52:25","modified_gmt":"2023-01-12T22:52:25","slug":"retrat-de-jordi-bonet-i-armengol-relleu","status":"publish","type":"obra","link":"https:\/\/www.racba.org\/es\/obra\/retrat-de-jordi-bonet-i-armengol-relleu\/","title":{"rendered":"Retrat de Jordi Bonet i Armengol (relleu)"},"content":{"rendered":"<p>Signatura: \u00abFajula\/08\u00bb (gravat al buit, a la part inf. esq.).<br \/>\nInscripcions: \u00abBUST de JORDI BONET\/I ARMENGOL\/autor- FRANCESC FAJULA\u00bb (a llapis, al dors de la taula suport).<br \/>\nProced\u00e8ncia: Donaci\u00f3 de l&#8217;autor.<br \/>\nData ingr\u00e9s: 17 de juny de 2015<br \/>\nObservacions: el relleu es troba muntat sobre un suport de fusta (49,8 x 48 x 4 cm) preparat per a la col\u00b7locaci\u00f3 de la pe\u00e7a al Museu . L&#8217;arquitecte Jordi Bonet i Armengol, acad\u00e8mic de n\u00famero des de 1985, fou president de l&#8217;entitat entre l&#8217;any 1998 i el 2011.<\/p>\n","protected":false},"featured_media":20426,"template":"","ubicacio":[405],"tecnica":[1670],"classificacio":[413],"autor":[2047],"class_list":["post-24629","obra","type-obra","status-publish","has-post-thumbnail","hentry","ubicacio-reial-academia-catalana-de-belles-arts-de-sant-jordi","tecnica-terra-cuita","classificacio-escultura","autor-fajula-i-pellicer-francesc"],"acf":[],"_links":{"self":[{"href":"https:\/\/www.racba.org\/es\/wp-json\/wp\/v2\/obra\/24629","targetHints":{"allow":["GET"]}}],"collection":[{"href":"https:\/\/www.racba.org\/es\/wp-json\/wp\/v2\/obra"}],"about":[{"href":"https:\/\/www.racba.org\/es\/wp-json\/wp\/v2\/types\/obra"}],"wp:featuredmedia":[{"embeddable":true,"href":"https:\/\/www.racba.org\/es\/wp-json\/wp\/v2\/media\/20426"}],"wp:attachment":[{"href":"https:\/\/www.racba.org\/es\/wp-json\/wp\/v2\/media?parent=24629"}],"wp:term":[{"taxonomy":"ubicacio","embeddable":true,"href":"https:\/\/www.racba.org\/es\/wp-json\/wp\/v2\/ubicacio?post=24629"},{"taxonomy":"tecnica","embeddable":true,"href":"https:\/\/www.racba.org\/es\/wp-json\/wp\/v2\/tecnica?post=24629"},{"taxonomy":"classificacio","embeddable":true,"href":"https:\/\/www.racba.org\/es\/wp-json\/wp\/v2\/classificacio?post=24629"},{"taxonomy":"autor","embeddable":true,"href":"https:\/\/www.racba.org\/es\/wp-json\/wp\/v2\/autor?post=24629"}],"curies":[{"name":"wp","href":"https:\/\/api.w.org\/{rel}","templated":true}]}}

<p>Signatura: «Fajula/08» (gravat al buit, a la part inf. esq.).<br />
Inscripcions: «BUST de JORDI BONET/I ARMENGOL/autor- FRANCESC FAJULA» (a llapis, al dors de la taula suport).<br />
Procedència: Donació de l&#8217;autor.<br />
Data ingrés: 17 de juny de 2015<br />
Observacions: el relleu es troba muntat sobre un suport de fusta (49,8 x 48 x 4 cm) preparat per a la col·locació de la peça al Museu . L&#8217;arquitecte Jordi Bonet i Armengol, acadèmic de número des de 1985, fou president de l&#8217;entitat entre l&#8217;any 1998 i el 2011.</p>
