{"id":24652,"date":"2023-01-12T23:52:40","date_gmt":"2023-01-12T22:52:40","guid":{"rendered":"http:\/\/novaweb.racba.org\/obra\/antonio-perez-alliberat-de-la-preso\/"},"modified":"2023-01-12T23:52:40","modified_gmt":"2023-01-12T22:52:40","slug":"antonio-perez-alliberat-de-la-preso","status":"publish","type":"obra","link":"https:\/\/www.racba.org\/es\/obra\/antonio-perez-alliberat-de-la-preso\/","title":{"rendered":"Antonio P\u00e9rez alliberat de la pres\u00f3"},"content":{"rendered":"<p>Dip\u00f2sit del Museo del Prado.<br \/>\nSignatura: \u201cM. Ferran\u201d (ang. inf. dret).<br \/>\nData ingr\u00e9s: 1866 (R.O. 10-IV-1866).<br \/>\nObservacions: Adquirit per l\u2019Estat (R.O. 22-II-1865) per 12.000 rals. Fou redipositat per la mateixa Acad\u00e8mia als Museus d\u2019Art de Barcelona el 1906, on va portar el n\u00famero 10169. Retorn\u00e0 a l&#8217;Acad\u00e8mia el 1965. En l&#8217;actualitat traslladat a la Biblioteca-Museu V\u00edctor Balaguer de Vilanova i la Geltr\u00fa el 1996.<\/p>\n","protected":false},"featured_media":12768,"template":"","ubicacio":[1599],"tecnica":[403],"classificacio":[404],"autor":[1730],"class_list":["post-24652","obra","type-obra","status-publish","has-post-thumbnail","hentry","ubicacio-biblioteca-museu-victor-balaguer-de-vilanova-i-la-geltru","tecnica-oli-sobre-tela","classificacio-pintura","autor-ferran-bajona-manuel"],"acf":[],"_links":{"self":[{"href":"https:\/\/www.racba.org\/es\/wp-json\/wp\/v2\/obra\/24652","targetHints":{"allow":["GET"]}}],"collection":[{"href":"https:\/\/www.racba.org\/es\/wp-json\/wp\/v2\/obra"}],"about":[{"href":"https:\/\/www.racba.org\/es\/wp-json\/wp\/v2\/types\/obra"}],"wp:featuredmedia":[{"embeddable":true,"href":"https:\/\/www.racba.org\/es\/wp-json\/wp\/v2\/media\/12768"}],"wp:attachment":[{"href":"https:\/\/www.racba.org\/es\/wp-json\/wp\/v2\/media?parent=24652"}],"wp:term":[{"taxonomy":"ubicacio","embeddable":true,"href":"https:\/\/www.racba.org\/es\/wp-json\/wp\/v2\/ubicacio?post=24652"},{"taxonomy":"tecnica","embeddable":true,"href":"https:\/\/www.racba.org\/es\/wp-json\/wp\/v2\/tecnica?post=24652"},{"taxonomy":"classificacio","embeddable":true,"href":"https:\/\/www.racba.org\/es\/wp-json\/wp\/v2\/classificacio?post=24652"},{"taxonomy":"autor","embeddable":true,"href":"https:\/\/www.racba.org\/es\/wp-json\/wp\/v2\/autor?post=24652"}],"curies":[{"name":"wp","href":"https:\/\/api.w.org\/{rel}","templated":true}]}}

Antonio Pérez alliberat de la presó

<p>Dipòsit del Museo del Prado.<br />
Signatura: “M. Ferran” (ang. inf. dret).<br />
Data ingrés: 1866 (R.O. 10-IV-1866).<br />
Observacions: Adquirit per l’Estat (R.O. 22-II-1865) per 12.000 rals. Fou redipositat per la mateixa Acadèmia als Museus d’Art de Barcelona el 1906, on va portar el número 10169. Retornà a l&#8217;Acadèmia el 1965. En l&#8217;actualitat traslladat a la Biblioteca-Museu Víctor Balaguer de Vilanova i la Geltrú el 1996.</p>
