{"id":24757,"date":"2023-01-12T23:54:13","date_gmt":"2023-01-12T22:54:13","guid":{"rendered":"http:\/\/novaweb.racba.org\/obra\/sant-didac-dalcala-curant-un-cec\/"},"modified":"2023-01-12T23:54:13","modified_gmt":"2023-01-12T22:54:13","slug":"sant-didac-dalcala-curant-un-cec","status":"publish","type":"obra","link":"https:\/\/www.racba.org\/es\/obra\/sant-didac-dalcala-curant-un-cec\/","title":{"rendered":"Sant D\u00eddac d\u2019Alcal\u00e0 curant un cec"},"content":{"rendered":"<p>Proced\u00e8ncia: Capella Juan Enr\u00edquez Herrera, a San Giacomo degli Spagnuoli deRoma. Conjunt desmuntat i repartit entre l\u2019Acad\u00e8mia i el Museo del Prado de Madrid.<br \/>\nData ingr\u00e9s: 9 d\u2019agost de 1851, per donaci\u00f3 de la reina Isabel II a l\u2019Acad\u00e8mia, si b\u00e9 no hi entr\u00e0 f\u00edsicament fins al mar\u00e7 de 1852 per problemes amb la duana.<br \/>\nRestauracions: restaurat al taller de restauraci\u00f3 del MNAC el 2003.<br \/>\nExposicions: Barcelona, Prefiguraci\u00f3 del Museu Nacional d\u2019Art de Catalunya, 1992, n\u00fam. 105.<br \/>\nDocumentaci\u00f3: Arxiu RACBASJ, Esborranys i Acta junta general del 31 d\u2019agost de 1851.<br \/>\nBibliografia: F\u00c9LIBIEN, 3\u00aa part, p. 273; ARAUJO 1875, p. 156-157; GUIA 1915, p. 18; GUIA 1930, p. 69,70, fig. 39; CAT. MAC 1936, p. 163, n\u00fam. 19; TORMO 1942, vol. I, p. 63-64; GUIA 1954, p. 50; MAR\u00c8S 1964, p. 187; MALAFARINA 1976, p. 125-126 (reprod.); CAT. EXPO. PREFIGURACI\u00d3 1992 (Cuy\u00e0s), p. 368 (reprod.), basada en abundant bibliografia a la qual remetem; CAT. EXPO. RENAIXEMENT I BARROC, p. 87; GARCIA SASTRE 1997, p. 435 (exposada a l\u2019escala d\u2019entrada del Museu Provincial al Palau de Belles Arts de Barcelona el 1902).<br \/>\nCAT\u00c0LEGS 1866, 1867 i c.1872, n\u00fam. 47; CAT\u00c0LEG 1999, p. 33 i 117 (reprod.).<br \/>\nFotografia: 108777 (Arxiu Fotogr\u00e0fic de Museus).<br \/>\nObservacions: Carracci tra\u00e7\u00e0 el conjunt i en l\u2019execuci\u00f3 fou auxiliat pels seus deixebles Francesco Albani, Il Domenichino, Sisto Badalocchio i Giovanni Lanfranco. Vegeu la s\u00edntesi que fa de la realitzaci\u00f3 de tot el conjunt Mar\u00eda Margarita Cuy\u00e0s (p. 361-364). Dipositat als Museus d\u2019Art de Barcelona des del 1906, on t\u00e9 el n\u00famero d\u2019inventari MNAC 5675.<\/p>\n","protected":false},"featured_media":20842,"template":"","ubicacio":[1592],"tecnica":[2299],"classificacio":[404],"autor":[1888],"class_list":["post-24757","obra","type-obra","status-publish","has-post-thumbnail","hentry","ubicacio-museu-nacional-dart-de-catalunya","tecnica-fresc-traslladat-a-tela","classificacio-pintura","autor-albani-francesco"],"acf":[],"_links":{"self":[{"href":"https:\/\/www.racba.org\/es\/wp-json\/wp\/v2\/obra\/24757","targetHints":{"allow":["GET"]}}],"collection":[{"href":"https:\/\/www.racba.org\/es\/wp-json\/wp\/v2\/obra"}],"about":[{"href":"https:\/\/www.racba.org\/es\/wp-json\/wp\/v2\/types\/obra"}],"wp:featuredmedia":[{"embeddable":true,"href":"https:\/\/www.racba.org\/es\/wp-json\/wp\/v2\/media\/20842"}],"wp:attachment":[{"href":"https:\/\/www.racba.org\/es\/wp-json\/wp\/v2\/media?parent=24757"}],"wp:term":[{"taxonomy":"ubicacio","embeddable":true,"href":"https:\/\/www.racba.org\/es\/wp-json\/wp\/v2\/ubicacio?post=24757"},{"taxonomy":"tecnica","embeddable":true,"href":"https:\/\/www.racba.org\/es\/wp-json\/wp\/v2\/tecnica?post=24757"},{"taxonomy":"classificacio","embeddable":true,"href":"https:\/\/www.racba.org\/es\/wp-json\/wp\/v2\/classificacio?post=24757"},{"taxonomy":"autor","embeddable":true,"href":"https:\/\/www.racba.org\/es\/wp-json\/wp\/v2\/autor?post=24757"}],"curies":[{"name":"wp","href":"https:\/\/api.w.org\/{rel}","templated":true}]}}

Sant Dídac d’Alcalà curant un cec

<p>Procedència: Capella Juan Enríquez Herrera, a San Giacomo degli Spagnuoli deRoma. Conjunt desmuntat i repartit entre l’Acadèmia i el Museo del Prado de Madrid.<br />
Data ingrés: 9 d’agost de 1851, per donació de la reina Isabel II a l’Acadèmia, si bé no hi entrà físicament fins al març de 1852 per problemes amb la duana.<br />
Restauracions: restaurat al taller de restauració del MNAC el 2003.<br />
Exposicions: Barcelona, Prefiguració del Museu Nacional d’Art de Catalunya, 1992, núm. 105.<br />
Documentació: Arxiu RACBASJ, Esborranys i Acta junta general del 31 d’agost de 1851.<br />
Bibliografia: FÉLIBIEN, 3ª part, p. 273; ARAUJO 1875, p. 156-157; GUIA 1915, p. 18; GUIA 1930, p. 69,70, fig. 39; CAT. MAC 1936, p. 163, núm. 19; TORMO 1942, vol. I, p. 63-64; GUIA 1954, p. 50; MARÈS 1964, p. 187; MALAFARINA 1976, p. 125-126 (reprod.); CAT. EXPO. PREFIGURACIÓ 1992 (Cuyàs), p. 368 (reprod.), basada en abundant bibliografia a la qual remetem; CAT. EXPO. RENAIXEMENT I BARROC, p. 87; GARCIA SASTRE 1997, p. 435 (exposada a l’escala d’entrada del Museu Provincial al Palau de Belles Arts de Barcelona el 1902).<br />
CATÀLEGS 1866, 1867 i c.1872, núm. 47; CATÀLEG 1999, p. 33 i 117 (reprod.).<br />
Fotografia: 108777 (Arxiu Fotogràfic de Museus).<br />
Observacions: Carracci traçà el conjunt i en l’execució fou auxiliat pels seus deixebles Francesco Albani, Il Domenichino, Sisto Badalocchio i Giovanni Lanfranco. Vegeu la síntesi que fa de la realització de tot el conjunt María Margarita Cuyàs (p. 361-364). Dipositat als Museus d’Art de Barcelona des del 1906, on té el número d’inventari MNAC 5675.</p>
