{"id":24787,"date":"2023-01-12T23:54:33","date_gmt":"2023-01-12T22:54:33","guid":{"rendered":"http:\/\/novaweb.racba.org\/obra\/retrat-de-teodoro-ponte-de-la-hoz\/"},"modified":"2023-01-12T23:54:33","modified_gmt":"2023-01-12T22:54:33","slug":"retrat-de-teodoro-ponte-de-la-hoz","status":"publish","type":"obra","link":"https:\/\/www.racba.org\/es\/obra\/retrat-de-teodoro-ponte-de-la-hoz\/","title":{"rendered":"Retrat de Teodoro Ponte de la Hoz"},"content":{"rendered":"<p>Signatura: \u201cR. Mart\u00ed\/ 1865\u201d (angle inf. esq.).<br \/>\nInscripcions: Al marc, en cartel\u2022la antiga amb tinta: \u201c307\u201d. Al dors del marc, etiqueta de l&#8217;\u201cExposici\u00f3n de retratos y dibujos antiguos y modernos\u2019, amb les dades de l\u2019obra. Al bastidor, en etiqueta de l\u2019Acad\u00e8mia, amb tinta: \u201cRetrato de D. Teodoro Ponte\/ Por Ramon Mart\u00ed y Alsina\u201d.<br \/>\nProced\u00e8ncia: Enc\u00e0rrec de l\u2019Acad\u00e8mia.<br \/>\nData ingr\u00e9s: 1865.<br \/>\nExposicions: Barcelona, Exposici\u00f3n de retratos y dibujos antiguos y modernos, 1910, sala XI,  n\u00fam. 28.<br \/>\nObservacions: El retratat, Teodoro Ponte de la Hoz y Rodr\u00edguez, es form\u00e0 a l\u2019Acad\u00e8mia de San Fernando de Madrid; malgrat que com a pintor, sobretot paisatgista, no va tenir una carrera especialment destacada, n\u00b4Esdevingu\u00e9 membre numerari el 1859 i pass\u00e0 a corresponent el 1890. Fou jurat de les Exposiciones Nacionales de Bellas Artes de 1858 (en qu\u00e8 Mart\u00ed i Alsina fou premiat), 1864 i 1866. L\u2019Acad\u00e8mia decid\u00ed demostrar la seva gratitud a Eugenio de Ochoa, director general d\u2019Instrucci\u00f3 P\u00fablica, i a Ponte, oficial encarregat del negociat, per \u201cla marcada predilecci\u00f3n con que miraban todo lo que \u00e1 la Academia se refer\u00eda\u201d, encomanant un retrat de cada un; el d\u2019Ochoa l\u2019havia de fer Madrazo i no sembla que arrib\u00e9s mai, el de Ponte \u00e9s aquest.<\/p>\n","protected":false},"featured_media":20946,"template":"","ubicacio":[405],"tecnica":[403],"classificacio":[404],"autor":[1854],"class_list":["post-24787","obra","type-obra","status-publish","has-post-thumbnail","hentry","ubicacio-reial-academia-catalana-de-belles-arts-de-sant-jordi","tecnica-oli-sobre-tela","classificacio-pintura","autor-marti-i-alsina-ramon"],"acf":[],"_links":{"self":[{"href":"https:\/\/www.racba.org\/es\/wp-json\/wp\/v2\/obra\/24787","targetHints":{"allow":["GET"]}}],"collection":[{"href":"https:\/\/www.racba.org\/es\/wp-json\/wp\/v2\/obra"}],"about":[{"href":"https:\/\/www.racba.org\/es\/wp-json\/wp\/v2\/types\/obra"}],"wp:featuredmedia":[{"embeddable":true,"href":"https:\/\/www.racba.org\/es\/wp-json\/wp\/v2\/media\/20946"}],"wp:attachment":[{"href":"https:\/\/www.racba.org\/es\/wp-json\/wp\/v2\/media?parent=24787"}],"wp:term":[{"taxonomy":"ubicacio","embeddable":true,"href":"https:\/\/www.racba.org\/es\/wp-json\/wp\/v2\/ubicacio?post=24787"},{"taxonomy":"tecnica","embeddable":true,"href":"https:\/\/www.racba.org\/es\/wp-json\/wp\/v2\/tecnica?post=24787"},{"taxonomy":"classificacio","embeddable":true,"href":"https:\/\/www.racba.org\/es\/wp-json\/wp\/v2\/classificacio?post=24787"},{"taxonomy":"autor","embeddable":true,"href":"https:\/\/www.racba.org\/es\/wp-json\/wp\/v2\/autor?post=24787"}],"curies":[{"name":"wp","href":"https:\/\/api.w.org\/{rel}","templated":true}]}}

<p>Signatura: “R. Martí/ 1865” (angle inf. esq.).<br />
Inscripcions: Al marc, en cartel•la antiga amb tinta: “307”. Al dors del marc, etiqueta de l&#8217;“Exposición de retratos y dibujos antiguos y modernos’, amb les dades de l’obra. Al bastidor, en etiqueta de l’Acadèmia, amb tinta: “Retrato de D. Teodoro Ponte/ Por Ramon Martí y Alsina”.<br />
Procedència: Encàrrec de l’Acadèmia.<br />
Data ingrés: 1865.<br />
Exposicions: Barcelona, Exposición de retratos y dibujos antiguos y modernos, 1910, sala XI,  núm. 28.<br />
Observacions: El retratat, Teodoro Ponte de la Hoz y Rodríguez, es formà a l’Acadèmia de San Fernando de Madrid; malgrat que com a pintor, sobretot paisatgista, no va tenir una carrera especialment destacada, n´Esdevingué membre numerari el 1859 i passà a corresponent el 1890. Fou jurat de les Exposiciones Nacionales de Bellas Artes de 1858 (en què Martí i Alsina fou premiat), 1864 i 1866. L’Acadèmia decidí demostrar la seva gratitud a Eugenio de Ochoa, director general d’Instrucció Pública, i a Ponte, oficial encarregat del negociat, per “la marcada predilección con que miraban todo lo que á la Academia se refería”, encomanant un retrat de cada un; el d’Ochoa l’havia de fer Madrazo i no sembla que arribés mai, el de Ponte és aquest.</p>
