{"id":34204,"date":"2025-01-16T12:06:01","date_gmt":"2025-01-16T11:06:01","guid":{"rendered":"https:\/\/www.racba.org\/?post_type=obra&#038;p=34204"},"modified":"2025-02-20T12:53:37","modified_gmt":"2025-02-20T11:53:37","slug":"hortanses-bar","status":"publish","type":"obra","link":"https:\/\/www.racba.org\/es\/obra\/hortanses-bar\/","title":{"rendered":"Hortanse\u2019s Bar"},"content":{"rendered":"\n<div class=\"wp-block-group is-vertical is-layout-flex wp-container-core-group-is-layout-8cf370e7 wp-block-group-is-layout-flex\">\n<p><strong>Inventari general:<\/strong> 11000<\/p>\n\n\n\n<p><strong>Proced\u00e8ncia: <\/strong>Donaci\u00f3 de Ventura Bajet. Col\u00b7lecci\u00f3 Ventura Bajet (ADMA,* inv. n\u00fam. 30-12). Donaci\u00f3 de Ventura Bajet despr\u00e9s de llegir el seu discurs d\u2019ingr\u00e9s com a acad\u00e8mic de n\u00famero.<\/p>\n\n\n\n<p><strong>Data d\u2019ingr\u00e9s:<\/strong> 17 d\u2019abril de 2024. L\u201911 d\u2019abril de 2024 el quadre arriba a l\u2019Acad\u00e8mia.<\/p>\n\n\n\n<p><strong>Signatura: <\/strong>\u00abMariano Andreu\/30\u00bb, a la part inferior esquerra.**<\/p>\n\n\n\n<p><strong>Inscripcions: <\/strong>\u00abM.A.\/30\u00bb.<\/p>\n\n\n\n<p><strong>Estat de conservaci\u00f3:<\/strong> Bo. La pintura est\u00e0 protegida per un vidre. El marc, revestit de vidre, est\u00e0 danyat en algunes parts.<\/p>\n\n\n\n<p><strong>Observacions: <\/strong>Imatges i informaci\u00f3 \u00a9 Esther Garcia Portugu\u00e9s (drets habitants cedits pels hereus de l\u2019artista). El marc de la pintura \u00e9s obra de Mariano Andreu (76\u2006\u00d7\u200689\u2006cm) i cont\u00e9 el t\u00edtol \u00abHortanse\u2019s bar\u00bb, situat a la base. Darrere de la pintura hi ha les etiquetes del Carnegie Institute \u00abwith the number 300\u00bb, de Lerondell (Par\u00eds) i de l\u2019Art Galerie a Faubourg. Tamb\u00e9 s\u2019hi ha pintat \u00abN.Y.n\u00fam. 17\u00bb.<\/p>\n\n\n\n<p><strong>Exposicions<\/strong>: Pittsburg, Institute Carnegie (1931), n\u00fam. 423; Saint Louis, City Art Museum &#8211; Carnegie International (1932); Barcelona, Sala Par\u00e9s (1933), n\u00fam. 51; Nova York, Valentine Gallery (1938), n\u00fam. 9; Par\u00eds, Galerie Messine (desembre del 1946 &#8211; gener del 1947), n\u00fam. 20; Brussel\u00b7les, Galerie Isy Brachot Fils (1960-1961), n\u00fam. 6; Baiona (Fran\u00e7a), salons de l\u2019Ajuntament (1970); Barcelona, Galer\u00edas Padr\u00f3 (1978), n\u00fam. 22; Matar\u00f3, Museu Comarcal del Maresme-Matar\u00f3 (1995), n\u00fam. 20; Barcelona, Galer\u00eda Oriol (1997).<\/p>\n\n\n\n<p><strong>Documents:<\/strong> ADMA 1931, Carnegie photography; ADMA 1933, cat. exp.; ADMA 1938, cat. exp.; ADMA 1946, cat. exp.; ADMA 1960, cat. exp.; ADMA 1978, cat. exp.<\/p>\n\n\n\n<p><strong>Bibliografia:<\/strong><\/p>\n\n\n\n<p><em>Thirtieth Annual International Exhibition of Paintings<\/em> (cat. exp., 1931). Pittsburgh: Carnegie Institute; <em>International Exhibition of Paintings<\/em> (cat. exp., 1932). Saint Louis: City Art Museum; FARGUE, L\u00e9on-Pau. \u00abPreface a l\u2019exposition de Mariano Andreu\u00bb.<em> Mariano Andreu <\/em>(cat. exp. desembre del 1946 &#8211; gener del 1947). Par\u00eds: Galerie Messine; <em>Mari\u00e0 Andreu<\/em> (cat. exp., 16 de juny &#8211; 27 d\u2019agost de 1995, p. 20 il.). Matar\u00f3: Museu Comarcal del Maresme-Matar\u00f3; <em>Marc Dom\u00e8nech Tom\u00e0s, Mari\u00e0 Andreu (1888-1976). Un m\u00f3n particular<\/em> (cat. exp., 27 d\u2019octubre &#8211; 12 de desembre de 1997 [n. 2 s. p.]). Barcelona: Galeria d\u2019Art Oriol; HASTINGS FALK, Peter. <em>Record of the Carnegie Institute\u2019s International Exhibitions 1896-1996<\/em> (1998, p. 16, n\u00fam. 423). Pittsburgh: Institute for Art Research; GARCIA-PORTUGU\u00c9S, Esther (2019). <em>Mariano Andreu (1888-1976)<\/em>. Barcelona, n\u00fam. 358; FONTBONA, Francesc (2019). \u00abMariano Andreu, artista complet\u00bb. <em>El Temps de les Arts. Mem\u00f2ria de l\u2019Art<\/em>, 29-06-2019; GARCIA-PORTUGU\u00c9S, Esther. \u00abMariano Andreu. El paisaje, realidad y fantas\u00eda\u00bb. <em>Emblecat.<\/em> <em>Estudis de la Imatge, Art i Societat<\/em>, n\u00fam. 11, 2022, portada i p. 117. Barcelona: Emblecat; BAJET i ROYO, Ventura (2024). <em>Entrevista imagin\u00e0ria a Mariano Andreu, estiu 1965<\/em>: <em>Discurs d\u2019ingr\u00e9s de l\u2019acad\u00e8mic electe Il\u00b7lm. Sr. Ventura Bajet i Royo, llegit al sal\u00f3 d\u2019actes de l\u2019Acad\u00e8mia el 17 d\u2019abril de 2024. Discurs de resposta de l\u2019acad\u00e8mic Il\u00b7lm. Sr. Dr. Francesc Fontbona i de Vallescar<\/em>. Barcelona: Reial Acad\u00e8mia Catalana de Belles Arts de Sant Jordi.<\/p>\n\n\n\n<p>Fitxa realitzada per Esther Garc\u00eda Portugu\u00e9s.<\/p>\n\n\n\n<p>*Arxiu Documental Mariano Andreu.<\/p>\n\n\n\n<p>**La pintura tamb\u00e9 est\u00e0 signada per Andreu a la bota de vi: \u00abM.A.\/30\u00bb.<\/p>\n<\/div>\n","protected":false},"featured_media":34212,"template":"","ubicacio":[405],"tecnica":[403],"classificacio":[404],"autor":[2852],"class_list":["post-34204","obra","type-obra","status-publish","has-post-thumbnail","hentry","ubicacio-reial-academia-catalana-de-belles-arts-de-sant-jordi","tecnica-oli-sobre-tela","classificacio-pintura","autor-andreu-i-estany-maria"],"acf":[],"_links":{"self":[{"href":"https:\/\/www.racba.org\/es\/wp-json\/wp\/v2\/obra\/34204","targetHints":{"allow":["GET"]}}],"collection":[{"href":"https:\/\/www.racba.org\/es\/wp-json\/wp\/v2\/obra"}],"about":[{"href":"https:\/\/www.racba.org\/es\/wp-json\/wp\/v2\/types\/obra"}],"wp:featuredmedia":[{"embeddable":true,"href":"https:\/\/www.racba.org\/es\/wp-json\/wp\/v2\/media\/34212"}],"wp:attachment":[{"href":"https:\/\/www.racba.org\/es\/wp-json\/wp\/v2\/media?parent=34204"}],"wp:term":[{"taxonomy":"ubicacio","embeddable":true,"href":"https:\/\/www.racba.org\/es\/wp-json\/wp\/v2\/ubicacio?post=34204"},{"taxonomy":"tecnica","embeddable":true,"href":"https:\/\/www.racba.org\/es\/wp-json\/wp\/v2\/tecnica?post=34204"},{"taxonomy":"classificacio","embeddable":true,"href":"https:\/\/www.racba.org\/es\/wp-json\/wp\/v2\/classificacio?post=34204"},{"taxonomy":"autor","embeddable":true,"href":"https:\/\/www.racba.org\/es\/wp-json\/wp\/v2\/autor?post=34204"}],"curies":[{"name":"wp","href":"https:\/\/api.w.org\/{rel}","templated":true}]}}

<div class="wp-block-group is-vertical is-layout-flex wp-container-core-group-is-layout-8cf370e7 wp-block-group-is-layout-flex">
<p><strong>Inventari general:</strong> 11000</p>



<p><strong>Procedència: </strong>Donació de Ventura Bajet. Col·lecció Ventura Bajet (ADMA,* inv. núm. 30-12). Donació de Ventura Bajet després de llegir el seu discurs d’ingrés com a acadèmic de número.</p>



<p><strong>Data d’ingrés:</strong> 17 d’abril de 2024. L’11 d’abril de 2024 el quadre arriba a l’Acadèmia.</p>



<p><strong>Signatura: </strong>«Mariano Andreu/30», a la part inferior esquerra.**</p>



<p><strong>Inscripcions: </strong>«M.A./30».</p>



<p><strong>Estat de conservació:</strong> Bo. La pintura està protegida per un vidre. El marc, revestit de vidre, està danyat en algunes parts.</p>



<p><strong>Observacions: </strong>Imatges i informació © Esther Garcia Portugués (drets habitants cedits pels hereus de l’artista). El marc de la pintura és obra de Mariano Andreu (76 × 89 cm) i conté el títol «Hortanse’s bar», situat a la base. Darrere de la pintura hi ha les etiquetes del Carnegie Institute «with the number 300», de Lerondell (París) i de l’Art Galerie a Faubourg. També s’hi ha pintat «N.Y.núm. 17».</p>



<p><strong>Exposicions</strong>: Pittsburg, Institute Carnegie (1931), núm. 423; Saint Louis, City Art Museum &#8211; Carnegie International (1932); Barcelona, Sala Parés (1933), núm. 51; Nova York, Valentine Gallery (1938), núm. 9; París, Galerie Messine (desembre del 1946 &#8211; gener del 1947), núm. 20; Brussel·les, Galerie Isy Brachot Fils (1960-1961), núm. 6; Baiona (França), salons de l’Ajuntament (1970); Barcelona, Galerías Padró (1978), núm. 22; Mataró, Museu Comarcal del Maresme-Mataró (1995), núm. 20; Barcelona, Galería Oriol (1997).</p>



<p><strong>Documents:</strong> ADMA 1931, Carnegie photography; ADMA 1933, cat. exp.; ADMA 1938, cat. exp.; ADMA 1946, cat. exp.; ADMA 1960, cat. exp.; ADMA 1978, cat. exp.</p>



<p><strong>Bibliografia:</strong></p>



<p><em>Thirtieth Annual International Exhibition of Paintings</em> (cat. exp., 1931). Pittsburgh: Carnegie Institute; <em>International Exhibition of Paintings</em> (cat. exp., 1932). Saint Louis: City Art Museum; FARGUE, Léon-Pau. «Preface a l’exposition de Mariano Andreu».<em> Mariano Andreu </em>(cat. exp. desembre del 1946 &#8211; gener del 1947). París: Galerie Messine; <em>Marià Andreu</em> (cat. exp., 16 de juny &#8211; 27 d’agost de 1995, p. 20 il.). Mataró: Museu Comarcal del Maresme-Mataró; <em>Marc Domènech Tomàs, Marià Andreu (1888-1976). Un món particular</em> (cat. exp., 27 d’octubre &#8211; 12 de desembre de 1997 [n. 2 s. p.]). Barcelona: Galeria d’Art Oriol; HASTINGS FALK, Peter. <em>Record of the Carnegie Institute’s International Exhibitions 1896-1996</em> (1998, p. 16, núm. 423). Pittsburgh: Institute for Art Research; GARCIA-PORTUGUÉS, Esther (2019). <em>Mariano Andreu (1888-1976)</em>. Barcelona, núm. 358; FONTBONA, Francesc (2019). «Mariano Andreu, artista complet». <em>El Temps de les Arts. Memòria de l’Art</em>, 29-06-2019; GARCIA-PORTUGUÉS, Esther. «Mariano Andreu. El paisaje, realidad y fantasía». <em>Emblecat.</em> <em>Estudis de la Imatge, Art i Societat</em>, núm. 11, 2022, portada i p. 117. Barcelona: Emblecat; BAJET i ROYO, Ventura (2024). <em>Entrevista imaginària a Mariano Andreu, estiu 1965</em>: <em>Discurs d’ingrés de l’acadèmic electe Il·lm. Sr. Ventura Bajet i Royo, llegit al saló d’actes de l’Acadèmia el 17 d’abril de 2024. Discurs de resposta de l’acadèmic Il·lm. Sr. Dr. Francesc Fontbona i de Vallescar</em>. Barcelona: Reial Acadèmia Catalana de Belles Arts de Sant Jordi.</p>



<p>Fitxa realitzada per Esther García Portugués.</p>



<p>*Arxiu Documental Mariano Andreu.</p>



<p>**La pintura també està signada per Andreu a la bota de vi: «M.A./30».</p>
</div>
