{"id":34306,"date":"2025-01-16T13:59:39","date_gmt":"2025-01-16T12:59:39","guid":{"rendered":"https:\/\/www.racba.org\/?post_type=obra&#038;p=34306"},"modified":"2025-11-18T13:19:27","modified_gmt":"2025-11-18T12:19:27","slug":"roselles-i-blat","status":"publish","type":"obra","link":"https:\/\/www.racba.org\/es\/obra\/roselles-i-blat\/","title":{"rendered":"Roselles i blat"},"content":{"rendered":"\n<div class=\"wp-block-group is-vertical is-layout-flex wp-container-core-group-is-layout-8cf370e7 wp-block-group-is-layout-flex\">\n<p><strong>Inventari: <\/strong>4718<\/p>\n\n\n\n<p><strong>Proced\u00e8ncia: <\/strong>Donaci\u00f3 de l\u2019autora, Teresa Jord\u00e0 Vit\u00f3<\/p>\n\n\n\n<p><strong>Data d\u2019ingr\u00e9s:<\/strong> 20 d\u2019abril de 2022; ingr\u00e9s oficial: 27 d\u2019abril de 2022<\/p>\n\n\n\n<p><strong>Signatura: <\/strong>Amb pintura de color blanc: \u201cJORD\u00c0 VIT\u00d3\u201d<\/p>\n\n\n\n<p><strong>Inscripcions: <\/strong>No en t\u00e9.<\/p>\n\n\n\n<p><strong>Descripci\u00f3:<\/strong> Es tracta d\u2019una obra realitzada a partir de dos fulls enganxats que semblen un sencer. Estan plegats de tal manera que creen una obertura, o \u201csutura\u201d; un tall vertical m\u00e9s o menys al centre de la composici\u00f3. El full resultant, que t\u00e9 la forma d\u2019un sobre fet a m\u00e0, est\u00e0 cosit, segons la fitxa enganxada al revers del marc, amb fils de seda i de cot\u00f3.<\/p>\n\n\n\n<p>El cosit en horitzontal, a la part superior i en paral\u00b7lel als marges del paper, recrea la forma d\u2019uns guions amb unes anses als extrems esquerre i dreta; a la part inferior, les puntades en forma de mitja espiga que va de dins a fora dels marges del paper comencen en els extrems dret i esquerre i s\u2019uneixen a l\u2019obertura central amb un nus. Els dos fils, el de dalt i el de baix, s\u00f3n del mateix color \u2014un rosat apagat, com descolorit\u2014 i semblen del mateix material, possiblement cot\u00f3.<\/p>\n\n\n\n<p>La sutura central tamb\u00e9 t\u00e9 un fil, cosit en vertical tant al paper \u201cbase\u201d com en el llom o obertura esquerra, de color groc; probablement \u00e9s el de seda.<\/p>\n\n\n\n<p>\u00c9s una obra amb colors molt vistosos. La part esquerra est\u00e0 pintada amb un rosat que s\u2019apropa al f\u00facsia; la dreta \u00e9s d\u2019un vermell cadmi mig molt viu; i, el centre, que sembla que amaga alguna cosa inquietant i privada, es resol amb groc i restes de la pintura vermella feta servir per pintar l\u2019obertura dreta de la composici\u00f3.<\/p>\n\n\n\n<p>El dibuix est\u00e0 fet a partir de t\u00e8cniques i solucions creatives, com la picada del paper deixant a la vista el seu color blanc que contrasta amb els colors vius de l\u2019obra i que, al mateix temps, dona volum i lluminositat sobre el conjunt. Entre d\u2019altres, els efectes foscos i clars que resulten d\u2019esquin\u00e7ar el paper juguen amb les possibilitats visuals que ofereix una t\u00e8cnica art\u00edstica com \u00e9s l\u2019aquarel\u00b7la.<\/p>\n\n\n\n<p>El marc \u00e9s blanc, en forma de caixa i protegit amb un vidre.<\/p>\n\n\n\n<p><strong>Estat de conservaci\u00f3 de l\u2019obra: <\/strong>Excel\u00b7lent.<\/p>\n\n\n\n<p><strong>Observacions:<\/strong> Aquesta obra va ser finalista al Festivals IWS International Bulg\u00e0ria i Indon\u00e8sia 2018.<\/p>\n\n\n\n<p><strong>Bibliografia<\/strong>:<\/p>\n\n\n\n<p>AUGUSTO VIZCAYNO, Jos\u00e9 (2020). \u201cAcuarelista del mes: Teresa Jord\u00e0 Vit\u00f3: Pintora\u201d. A: <a href=\"https:\/\/acuarelistasmajadahonda.com\/wp-content\/uploads\/2020\/05\/revista-acuarelas-nc2ba-58.pdf\"><em>Acuarelas<\/em><\/a><em>: Revista digital de la Asociaci\u00f3n de acuarelistas de Majadahonda<\/em>, n\u00fam. 58, pp. 31-38, maig 2020.<\/p>\n\n\n\n<p>\u201cJord\u00e0 Vit\u00f3\u201d. <a href=\"https:\/\/www.terrassa.cat\/documents\/12006\/47469714\/2022+CV+TERESA+JORDA%CC%80%20VITO%CC%81%20pdf.pdf\/749acdae-386f-4cc1-8a56-86b93b22dcd0\"><em>Terrassa.cat\/documents<\/em><\/a>. <a href=\"http:\/\/aquarellistes.com\/galeria\/teresa-jorda-vito\/\">Agrupaci\u00f3 d\u2019Aquarel\u00b7listes de Catalunya<\/a>.<\/p>\n\n\n\n<p>\u201cTeresa Jord\u00e0: Confinats a casa; 7 dies 7 pintures\u201d. <a href=\"http:\/\/www.jaumeolivet.cat\/pagines_2020\/coronavirus\/coronavirus_teresajorda.html\"><em>Jaume Olivet.cat<\/em><\/a>.<\/p>\n<\/div>\n","protected":false},"featured_media":34307,"template":"","ubicacio":[405],"tecnica":[2972,2973],"classificacio":[404],"autor":[2865],"class_list":["post-34306","obra","type-obra","status-publish","has-post-thumbnail","hentry","ubicacio-reial-academia-catalana-de-belles-arts-de-sant-jordi","tecnica-aquarella-s-p-arches-300-gm2","tecnica-gm-100-coto","classificacio-pintura","autor-jorda-vito-teresa"],"acf":[],"_links":{"self":[{"href":"https:\/\/www.racba.org\/es\/wp-json\/wp\/v2\/obra\/34306","targetHints":{"allow":["GET"]}}],"collection":[{"href":"https:\/\/www.racba.org\/es\/wp-json\/wp\/v2\/obra"}],"about":[{"href":"https:\/\/www.racba.org\/es\/wp-json\/wp\/v2\/types\/obra"}],"wp:featuredmedia":[{"embeddable":true,"href":"https:\/\/www.racba.org\/es\/wp-json\/wp\/v2\/media\/34307"}],"wp:attachment":[{"href":"https:\/\/www.racba.org\/es\/wp-json\/wp\/v2\/media?parent=34306"}],"wp:term":[{"taxonomy":"ubicacio","embeddable":true,"href":"https:\/\/www.racba.org\/es\/wp-json\/wp\/v2\/ubicacio?post=34306"},{"taxonomy":"tecnica","embeddable":true,"href":"https:\/\/www.racba.org\/es\/wp-json\/wp\/v2\/tecnica?post=34306"},{"taxonomy":"classificacio","embeddable":true,"href":"https:\/\/www.racba.org\/es\/wp-json\/wp\/v2\/classificacio?post=34306"},{"taxonomy":"autor","embeddable":true,"href":"https:\/\/www.racba.org\/es\/wp-json\/wp\/v2\/autor?post=34306"}],"curies":[{"name":"wp","href":"https:\/\/api.w.org\/{rel}","templated":true}]}}

<div class="wp-block-group is-vertical is-layout-flex wp-container-core-group-is-layout-8cf370e7 wp-block-group-is-layout-flex">
<p><strong>Inventari: </strong>4718</p>



<p><strong>Procedència: </strong>Donació de l’autora, Teresa Jordà Vitó</p>



<p><strong>Data d’ingrés:</strong> 20 d’abril de 2022; ingrés oficial: 27 d’abril de 2022</p>



<p><strong>Signatura: </strong>Amb pintura de color blanc: “JORDÀ VITÓ”</p>



<p><strong>Inscripcions: </strong>No en té.</p>



<p><strong>Descripció:</strong> Es tracta d’una obra realitzada a partir de dos fulls enganxats que semblen un sencer. Estan plegats de tal manera que creen una obertura, o “sutura”; un tall vertical més o menys al centre de la composició. El full resultant, que té la forma d’un sobre fet a mà, està cosit, segons la fitxa enganxada al revers del marc, amb fils de seda i de cotó.</p>



<p>El cosit en horitzontal, a la part superior i en paral·lel als marges del paper, recrea la forma d’uns guions amb unes anses als extrems esquerre i dreta; a la part inferior, les puntades en forma de mitja espiga que va de dins a fora dels marges del paper comencen en els extrems dret i esquerre i s’uneixen a l’obertura central amb un nus. Els dos fils, el de dalt i el de baix, són del mateix color —un rosat apagat, com descolorit— i semblen del mateix material, possiblement cotó.</p>



<p>La sutura central també té un fil, cosit en vertical tant al paper “base” com en el llom o obertura esquerra, de color groc; probablement és el de seda.</p>



<p>És una obra amb colors molt vistosos. La part esquerra està pintada amb un rosat que s’apropa al fúcsia; la dreta és d’un vermell cadmi mig molt viu; i, el centre, que sembla que amaga alguna cosa inquietant i privada, es resol amb groc i restes de la pintura vermella feta servir per pintar l’obertura dreta de la composició.</p>



<p>El dibuix està fet a partir de tècniques i solucions creatives, com la picada del paper deixant a la vista el seu color blanc que contrasta amb els colors vius de l’obra i que, al mateix temps, dona volum i lluminositat sobre el conjunt. Entre d’altres, els efectes foscos i clars que resulten d’esquinçar el paper juguen amb les possibilitats visuals que ofereix una tècnica artística com és l’aquarel·la.</p>



<p>El marc és blanc, en forma de caixa i protegit amb un vidre.</p>



<p><strong>Estat de conservació de l’obra: </strong>Excel·lent.</p>



<p><strong>Observacions:</strong> Aquesta obra va ser finalista al Festivals IWS International Bulgària i Indonèsia 2018.</p>



<p><strong>Bibliografia</strong>:</p>



<p>AUGUSTO VIZCAYNO, José (2020). “Acuarelista del mes: Teresa Jordà Vitó: Pintora”. A: <a href="https://acuarelistasmajadahonda.com/wp-content/uploads/2020/05/revista-acuarelas-nc2ba-58.pdf"><em>Acuarelas</em></a><em>: Revista digital de la Asociación de acuarelistas de Majadahonda</em>, núm. 58, pp. 31-38, maig 2020.</p>



<p>“Jordà Vitó”. <a href="https://www.terrassa.cat/documents/12006/47469714/2022+CV+TERESA+JORDA%CC%80%20VITO%CC%81%20pdf.pdf/749acdae-386f-4cc1-8a56-86b93b22dcd0"><em>Terrassa.cat/documents</em></a>. <a href="http://aquarellistes.com/galeria/teresa-jorda-vito/">Agrupació d’Aquarel·listes de Catalunya</a>.</p>



<p>“Teresa Jordà: Confinats a casa; 7 dies 7 pintures”. <a href="http://www.jaumeolivet.cat/pagines_2020/coronavirus/coronavirus_teresajorda.html"><em>Jaume Olivet.cat</em></a>.</p>
</div>
