{"id":34363,"date":"2025-02-07T13:19:41","date_gmt":"2025-02-07T12:19:41","guid":{"rendered":"https:\/\/www.racba.org\/?post_type=obra&#038;p=34363"},"modified":"2025-02-12T12:20:50","modified_gmt":"2025-02-12T11:20:50","slug":"pietat","status":"publish","type":"obra","link":"https:\/\/www.racba.org\/es\/obra\/pietat\/","title":{"rendered":"Pietat"},"content":{"rendered":"\n<div class=\"wp-block-group is-vertical is-layout-flex wp-container-core-group-is-layout-8cf370e7 wp-block-group-is-layout-flex\">\n<p><strong>Inventari general: <\/strong>4719 E<\/p>\n\n\n\n<p><strong>Proced\u00e8ncia: <\/strong>Col\u00b7lecci\u00f3 particular de Maria Llu\u00efsa Granero. Adquirida pel seu marit, Enric Galcer\u00e0, al mercat dels Encants de Barcelona entorn del 1950. Donaci\u00f3 a la RACBASJ. Dipositada i retornada pel Museu Frederic Mar\u00e8s.<\/p>\n\n\n\n<p><strong>Data d\u2019ingr\u00e9s:<\/strong> 26 d\u2019abril de 2022<\/p>\n\n\n\n<p><strong>Signatura: <\/strong>No en t\u00e9.<\/p>\n\n\n\n<p><strong>Inscripcions: <\/strong>No en t\u00e9.<\/p>\n\n\n\n<p><strong>Estat de conservaci\u00f3 de l\u2019obra:<\/strong> Segons l\u2019informe em\u00e8s pel Museu Frederic Mar\u00e8s, la pe\u00e7a es troba en un estat de conservaci\u00f3 regular, presenta diverses fissures d\u2019origen (cocci\u00f3 del fang?), elements trencats i perduts. Aix\u00ed, es fa visible la fragmentaci\u00f3 amb p\u00e8rdues dels bra\u00e7 dret (fragmentat per sobre del colze i mal adherit amb exc\u00e9s de cola); hi ha un fragment de la m\u00e0 dreta que no es pot adherir per les p\u00e8rdues evidents a la base en aquesta zona. \u00c9s evident tamb\u00e9 la p\u00e8rdua de la m\u00e0 esquerra. En superf\u00edcie presenta taques de brut\u00edcia, esquitxades i taques de cola, aix\u00ed com les marques a llapis de la presa de punts per la seva reproducci\u00f3.<\/p>\n\n\n\n<p><strong>Restauracions:<\/strong> La pe\u00e7a va ser restaurada el 2022 per l\u2019acad\u00e8mic de n\u00famero Francesc Fajula i Pellicer.<\/p>\n\n\n\n<p><strong>Observacions: <\/strong>Sembla un model o, simplement, una pe\u00e7a d\u2019estudi.<\/p>\n<\/div>\n","protected":false},"featured_media":34364,"template":"","ubicacio":[405],"tecnica":[1630],"classificacio":[413],"autor":[2044],"class_list":["post-34363","obra","type-obra","status-publish","has-post-thumbnail","hentry","ubicacio-reial-academia-catalana-de-belles-arts-de-sant-jordi","tecnica-terracota","classificacio-escultura","autor-anonim"],"acf":[],"_links":{"self":[{"href":"https:\/\/www.racba.org\/es\/wp-json\/wp\/v2\/obra\/34363","targetHints":{"allow":["GET"]}}],"collection":[{"href":"https:\/\/www.racba.org\/es\/wp-json\/wp\/v2\/obra"}],"about":[{"href":"https:\/\/www.racba.org\/es\/wp-json\/wp\/v2\/types\/obra"}],"wp:featuredmedia":[{"embeddable":true,"href":"https:\/\/www.racba.org\/es\/wp-json\/wp\/v2\/media\/34364"}],"wp:attachment":[{"href":"https:\/\/www.racba.org\/es\/wp-json\/wp\/v2\/media?parent=34363"}],"wp:term":[{"taxonomy":"ubicacio","embeddable":true,"href":"https:\/\/www.racba.org\/es\/wp-json\/wp\/v2\/ubicacio?post=34363"},{"taxonomy":"tecnica","embeddable":true,"href":"https:\/\/www.racba.org\/es\/wp-json\/wp\/v2\/tecnica?post=34363"},{"taxonomy":"classificacio","embeddable":true,"href":"https:\/\/www.racba.org\/es\/wp-json\/wp\/v2\/classificacio?post=34363"},{"taxonomy":"autor","embeddable":true,"href":"https:\/\/www.racba.org\/es\/wp-json\/wp\/v2\/autor?post=34363"}],"curies":[{"name":"wp","href":"https:\/\/api.w.org\/{rel}","templated":true}]}}

<div class="wp-block-group is-vertical is-layout-flex wp-container-core-group-is-layout-8cf370e7 wp-block-group-is-layout-flex">
<p><strong>Inventari general: </strong>4719 E</p>



<p><strong>Procedència: </strong>Col·lecció particular de Maria Lluïsa Granero. Adquirida pel seu marit, Enric Galcerà, al mercat dels Encants de Barcelona entorn del 1950. Donació a la RACBASJ. Dipositada i retornada pel Museu Frederic Marès.</p>



<p><strong>Data d’ingrés:</strong> 26 d’abril de 2022</p>



<p><strong>Signatura: </strong>No en té.</p>



<p><strong>Inscripcions: </strong>No en té.</p>



<p><strong>Estat de conservació de l’obra:</strong> Segons l’informe emès pel Museu Frederic Marès, la peça es troba en un estat de conservació regular, presenta diverses fissures d’origen (cocció del fang?), elements trencats i perduts. Així, es fa visible la fragmentació amb pèrdues dels braç dret (fragmentat per sobre del colze i mal adherit amb excés de cola); hi ha un fragment de la mà dreta que no es pot adherir per les pèrdues evidents a la base en aquesta zona. És evident també la pèrdua de la mà esquerra. En superfície presenta taques de brutícia, esquitxades i taques de cola, així com les marques a llapis de la presa de punts per la seva reproducció.</p>



<p><strong>Restauracions:</strong> La peça va ser restaurada el 2022 per l’acadèmic de número Francesc Fajula i Pellicer.</p>



<p><strong>Observacions: </strong>Sembla un model o, simplement, una peça d’estudi.</p>
</div>
