{"id":34371,"date":"2025-02-07T13:40:01","date_gmt":"2025-02-07T12:40:01","guid":{"rendered":"https:\/\/www.racba.org\/?post_type=obra&#038;p=34371"},"modified":"2025-02-12T12:20:54","modified_gmt":"2025-02-12T11:20:54","slug":"retrat-de-ramon-miquel-i-planas","status":"publish","type":"obra","link":"https:\/\/www.racba.org\/es\/obra\/retrat-de-ramon-miquel-i-planas\/","title":{"rendered":"Retrat de Ramon Miquel i Planas"},"content":{"rendered":"\n<div class=\"wp-block-group is-vertical is-layout-flex wp-container-core-group-is-layout-8cf370e7 wp-block-group-is-layout-flex\">\n<p>Antoni Oll\u00e9 Pinell acad\u00e8mic de n\u00famero des del 1943<\/p>\n\n\n\n<p><strong>Inventari general:<\/strong> 4721<\/p>\n\n\n\n<p><strong>Proced\u00e8ncia: <\/strong>Donaci\u00f3 de l\u2019acad\u00e8mic de n\u00famero Alberto Velasco<\/p>\n\n\n\n<p><strong>Data d\u2019ingr\u00e9s:<\/strong> Presentaci\u00f3 a la Junta General el 27 d\u2019abril de 2022<\/p>\n\n\n\n<p><strong>Signatura: <\/strong>\u201ca. oll\u00e9 Pinell\u201d<\/p>\n\n\n\n<p><strong>Inscripcions: <\/strong>\u201c1951\u201d<\/p>\n\n\n\n<p><strong>Estat de <\/strong><strong>conservaci\u00f3 de <\/strong><strong>l\u2019obra:<\/strong> L\u2019estat de conservaci\u00f3 \u00e9s bo; est\u00e0 una mica enfosquida.<\/p>\n\n\n\n<p><strong>Observacions: <\/strong>L\u2019acad\u00e8mic de n\u00famero Alberto Velasco va adquirir l\u2019obra a una subhasta a la Sala Bonanova de Barcelona. Antoni Oll\u00e9 Pinell va ser secretari accidental entre 1954-1956, secretari entre 1963-1969 i acad\u00e8mic bibliotecari de la RACBASJ des del 1951 fins al 1963. Ramon Miquel i Planas tamb\u00e9 va ser acad\u00e8mic de n\u00famero entre 1940 i 1950 i bibliotecari entre 1943 i 1950.<\/p>\n\n\n\n<p>La pintura es va poder veure a la Biblioteca de Catalunya a l\u2019exposici\u00f3 <em>Col\u00b7leccions privades, llibres singulars<\/em>.<\/p>\n\n\n\n<p>Altres obres d\u2019Antoni Oll\u00e9 Pinell conservades a l\u2019Acad\u00e8mia: inv. 750; inv. 4644 F; inv. 6597 G; inv. 6598 G; inv. 6599 G; inv. 6819 G; inv. 6871 G; inv. 7119 G \u2013 7142 G; inv. 8110 G; inv. 8111 G.<\/p>\n\n\n\n<p><strong>Bibliografia<\/strong>:<\/p>\n\n\n\n<p>Biblioteca de Catalunya (2022). \u201cCol\u00b7leccions privades, llibres singulars\u201d. A: <em>Exposicions<\/em> [en l\u00ednia]. Barcelona: Biblioteca de Catalunya. <a href=\"https:\/\/www.bnc.cat\/Visita-ns\/Exposicions\/Exposicio-Col-leccions-privades-llibres-singulars\">https:\/\/www.bnc.cat\/Visita-ns\/Exposicions\/Exposicio-Col-leccions-privades-llibres-singulars<\/a> [Consulta: 4 de maig 2022].<\/p>\n\n\n\n<p>Biblioteca de Catalunya (2022). \u201cMiquel i Planas, Ramon\u201d. A: <em>Cerca fons i col\u00b7leccions<\/em> [en l\u00ednia]. Barcelona: Biblioteca de Catalunya. <a href=\"https:\/\/www.bnc.cat\/Fons-i-col-leccions\/Cerca-Fons-i-col-leccions\/Miquel-i-Planas-Ramon\">https:\/\/www.bnc.cat\/Fons-i-col-leccions\/Cerca-Fons-i-col-leccions\/Miquel-i-Planas-Ramon<\/a> [Consulta: 4 de maig 2022].<\/p>\n\n\n\n<p>Biblioteca de Catalunya (2022). \u201cRamon Miquel i Planas\u201d. A: <em>Blog<\/em> [en l\u00ednia]. <a href=\"https:\/\/www.bnc.cat\/esl\/Media\/Images\/Ramon-Miquel-Planas\">https:\/\/www.bnc.cat\/esl\/Media\/Images\/Ramon-Miquel-Planas<\/a> [Consulta: 4 de maig 2022].<\/p>\n\n\n\n<p>QUINEY, Aitor (2011). \u201cAntoni Oll\u00e9 Pinell i Ramon Miquel i Planas. Noves dades sobre els seus inicis com a xil\u00f2graf (1922-1927)\u201d. A: <em>Butllet\u00ed de la Reial Acad\u00e8mia Catalana de Belles Arts de Sant Jordi,<\/em> vol. 25, p. 165-86 [en l\u00ednia]. <a href=\"https:\/\/raco.cat\/index.php\/ButlletiRACBASJ\/article\/view\/252929\">https:\/\/raco.cat\/index.php\/ButlletiRACBASJ\/article\/view\/252929<\/a> [Consulta: 4 de maig de 2022].<\/p>\n<\/div>\n","protected":false},"featured_media":34372,"template":"","ubicacio":[405],"tecnica":[403],"classificacio":[404],"autor":[1756],"class_list":["post-34371","obra","type-obra","status-publish","has-post-thumbnail","hentry","ubicacio-reial-academia-catalana-de-belles-arts-de-sant-jordi","tecnica-oli-sobre-tela","classificacio-pintura","autor-olle-pinell-antoni"],"acf":[],"_links":{"self":[{"href":"https:\/\/www.racba.org\/es\/wp-json\/wp\/v2\/obra\/34371","targetHints":{"allow":["GET"]}}],"collection":[{"href":"https:\/\/www.racba.org\/es\/wp-json\/wp\/v2\/obra"}],"about":[{"href":"https:\/\/www.racba.org\/es\/wp-json\/wp\/v2\/types\/obra"}],"wp:featuredmedia":[{"embeddable":true,"href":"https:\/\/www.racba.org\/es\/wp-json\/wp\/v2\/media\/34372"}],"wp:attachment":[{"href":"https:\/\/www.racba.org\/es\/wp-json\/wp\/v2\/media?parent=34371"}],"wp:term":[{"taxonomy":"ubicacio","embeddable":true,"href":"https:\/\/www.racba.org\/es\/wp-json\/wp\/v2\/ubicacio?post=34371"},{"taxonomy":"tecnica","embeddable":true,"href":"https:\/\/www.racba.org\/es\/wp-json\/wp\/v2\/tecnica?post=34371"},{"taxonomy":"classificacio","embeddable":true,"href":"https:\/\/www.racba.org\/es\/wp-json\/wp\/v2\/classificacio?post=34371"},{"taxonomy":"autor","embeddable":true,"href":"https:\/\/www.racba.org\/es\/wp-json\/wp\/v2\/autor?post=34371"}],"curies":[{"name":"wp","href":"https:\/\/api.w.org\/{rel}","templated":true}]}}

<div class="wp-block-group is-vertical is-layout-flex wp-container-core-group-is-layout-8cf370e7 wp-block-group-is-layout-flex">
<p>Antoni Ollé Pinell acadèmic de número des del 1943</p>



<p><strong>Inventari general:</strong> 4721</p>



<p><strong>Procedència: </strong>Donació de l’acadèmic de número Alberto Velasco</p>



<p><strong>Data d’ingrés:</strong> Presentació a la Junta General el 27 d’abril de 2022</p>



<p><strong>Signatura: </strong>“a. ollé Pinell”</p>



<p><strong>Inscripcions: </strong>“1951”</p>



<p><strong>Estat de </strong><strong>conservació de </strong><strong>l’obra:</strong> L’estat de conservació és bo; està una mica enfosquida.</p>



<p><strong>Observacions: </strong>L’acadèmic de número Alberto Velasco va adquirir l’obra a una subhasta a la Sala Bonanova de Barcelona. Antoni Ollé Pinell va ser secretari accidental entre 1954-1956, secretari entre 1963-1969 i acadèmic bibliotecari de la RACBASJ des del 1951 fins al 1963. Ramon Miquel i Planas també va ser acadèmic de número entre 1940 i 1950 i bibliotecari entre 1943 i 1950.</p>



<p>La pintura es va poder veure a la Biblioteca de Catalunya a l’exposició <em>Col·leccions privades, llibres singulars</em>.</p>



<p>Altres obres d’Antoni Ollé Pinell conservades a l’Acadèmia: inv. 750; inv. 4644 F; inv. 6597 G; inv. 6598 G; inv. 6599 G; inv. 6819 G; inv. 6871 G; inv. 7119 G – 7142 G; inv. 8110 G; inv. 8111 G.</p>



<p><strong>Bibliografia</strong>:</p>



<p>Biblioteca de Catalunya (2022). “Col·leccions privades, llibres singulars”. A: <em>Exposicions</em> [en línia]. Barcelona: Biblioteca de Catalunya. <a href="https://www.bnc.cat/Visita-ns/Exposicions/Exposicio-Col-leccions-privades-llibres-singulars">https://www.bnc.cat/Visita-ns/Exposicions/Exposicio-Col-leccions-privades-llibres-singulars</a> [Consulta: 4 de maig 2022].</p>



<p>Biblioteca de Catalunya (2022). “Miquel i Planas, Ramon”. A: <em>Cerca fons i col·leccions</em> [en línia]. Barcelona: Biblioteca de Catalunya. <a href="https://www.bnc.cat/Fons-i-col-leccions/Cerca-Fons-i-col-leccions/Miquel-i-Planas-Ramon">https://www.bnc.cat/Fons-i-col-leccions/Cerca-Fons-i-col-leccions/Miquel-i-Planas-Ramon</a> [Consulta: 4 de maig 2022].</p>



<p>Biblioteca de Catalunya (2022). “Ramon Miquel i Planas”. A: <em>Blog</em> [en línia]. <a href="https://www.bnc.cat/esl/Media/Images/Ramon-Miquel-Planas">https://www.bnc.cat/esl/Media/Images/Ramon-Miquel-Planas</a> [Consulta: 4 de maig 2022].</p>



<p>QUINEY, Aitor (2011). “Antoni Ollé Pinell i Ramon Miquel i Planas. Noves dades sobre els seus inicis com a xilògraf (1922-1927)”. A: <em>Butlletí de la Reial Acadèmia Catalana de Belles Arts de Sant Jordi,</em> vol. 25, p. 165-86 [en línia]. <a href="https://raco.cat/index.php/ButlletiRACBASJ/article/view/252929">https://raco.cat/index.php/ButlletiRACBASJ/article/view/252929</a> [Consulta: 4 de maig de 2022].</p>
</div>
