{"id":34459,"date":"2025-02-11T12:39:44","date_gmt":"2025-02-11T11:39:44","guid":{"rendered":"https:\/\/www.racba.org\/?post_type=obra&#038;p=34459"},"modified":"2025-02-12T12:42:43","modified_gmt":"2025-02-12T11:42:43","slug":"retrat-de-joan-bassegoda-i-nonell","status":"publish","type":"obra","link":"https:\/\/www.racba.org\/es\/obra\/retrat-de-joan-bassegoda-i-nonell\/","title":{"rendered":"Retrat de Joan Bassegoda i Nonell"},"content":{"rendered":"\n<div class=\"wp-block-group is-vertical is-layout-flex wp-container-core-group-is-layout-8cf370e7 wp-block-group-is-layout-flex\">\n<p><strong>Inventari general:<\/strong> 4711<\/p>\n\n\n\n<p><strong>Proced\u00e8ncia: <\/strong>Donaci\u00f3 dels hereus d\u2019Olga de los R\u00edos Magri\u00f1\u00e1, Vda. Bassegoda.<\/p>\n\n\n\n<p><strong>Data d\u2019ingr\u00e9s:<\/strong> 21 de juliol de 2020.<\/p>\n\n\n\n<p><strong>Inscripcions:<\/strong> A la part inferior esquerra: \u201cPara Olga y Juan con un fuerte abrazo \u2013 F. Revello de Toro \u2013 1990\u201d.<\/p>\n\n\n\n<p><strong>Estat de conservaci\u00f3: <\/strong>L\u2019obra es troba en un estat excel\u00b7lent.<\/p>\n\n\n\n<p><strong>Observacions:<\/strong> El retrat del senyor Joan Bassegoda i Nonell (1930-2012) pintat per F\u00e9lix Revello de Toro amb destinaci\u00f3 a la galeria de presidents de la Reial Acad\u00e8mia Catalana de Belles Arts de Sant Jordi. Amb aix\u00f2 s\u2019acompleix el desig manifestat a aquesta Acad\u00e8mia per part del retratat. Joan Bassegoda i Nonell \u00e9s retratat vestit amb jaqueta i corbata portant la medalla acad\u00e8mica.<\/p>\n\n\n\n<p>Al darrere del llen\u00e7 hi ha un segell, probablement del fabricant.<\/p>\n<\/div>\n","protected":false},"featured_media":34460,"template":"","ubicacio":[405],"tecnica":[403],"classificacio":[404],"autor":[2886],"class_list":["post-34459","obra","type-obra","status-publish","has-post-thumbnail","hentry","ubicacio-reial-academia-catalana-de-belles-arts-de-sant-jordi","tecnica-oli-sobre-tela","classificacio-pintura","autor-revello-de-toro-felix"],"acf":[],"_links":{"self":[{"href":"https:\/\/www.racba.org\/es\/wp-json\/wp\/v2\/obra\/34459","targetHints":{"allow":["GET"]}}],"collection":[{"href":"https:\/\/www.racba.org\/es\/wp-json\/wp\/v2\/obra"}],"about":[{"href":"https:\/\/www.racba.org\/es\/wp-json\/wp\/v2\/types\/obra"}],"wp:featuredmedia":[{"embeddable":true,"href":"https:\/\/www.racba.org\/es\/wp-json\/wp\/v2\/media\/34460"}],"wp:attachment":[{"href":"https:\/\/www.racba.org\/es\/wp-json\/wp\/v2\/media?parent=34459"}],"wp:term":[{"taxonomy":"ubicacio","embeddable":true,"href":"https:\/\/www.racba.org\/es\/wp-json\/wp\/v2\/ubicacio?post=34459"},{"taxonomy":"tecnica","embeddable":true,"href":"https:\/\/www.racba.org\/es\/wp-json\/wp\/v2\/tecnica?post=34459"},{"taxonomy":"classificacio","embeddable":true,"href":"https:\/\/www.racba.org\/es\/wp-json\/wp\/v2\/classificacio?post=34459"},{"taxonomy":"autor","embeddable":true,"href":"https:\/\/www.racba.org\/es\/wp-json\/wp\/v2\/autor?post=34459"}],"curies":[{"name":"wp","href":"https:\/\/api.w.org\/{rel}","templated":true}]}}

<div class="wp-block-group is-vertical is-layout-flex wp-container-core-group-is-layout-8cf370e7 wp-block-group-is-layout-flex">
<p><strong>Inventari general:</strong> 4711</p>



<p><strong>Procedència: </strong>Donació dels hereus d’Olga de los Ríos Magriñá, Vda. Bassegoda.</p>



<p><strong>Data d’ingrés:</strong> 21 de juliol de 2020.</p>



<p><strong>Inscripcions:</strong> A la part inferior esquerra: “Para Olga y Juan con un fuerte abrazo – F. Revello de Toro – 1990”.</p>



<p><strong>Estat de conservació: </strong>L’obra es troba en un estat excel·lent.</p>



<p><strong>Observacions:</strong> El retrat del senyor Joan Bassegoda i Nonell (1930-2012) pintat per Félix Revello de Toro amb destinació a la galeria de presidents de la Reial Acadèmia Catalana de Belles Arts de Sant Jordi. Amb això s’acompleix el desig manifestat a aquesta Acadèmia per part del retratat. Joan Bassegoda i Nonell és retratat vestit amb jaqueta i corbata portant la medalla acadèmica.</p>



<p>Al darrere del llenç hi ha un segell, probablement del fabricant.</p>
</div>
