{"id":35424,"date":"2025-07-28T11:23:51","date_gmt":"2025-07-28T09:23:51","guid":{"rendered":"https:\/\/www.racba.org\/?post_type=obra&#038;p=35424"},"modified":"2025-07-28T14:50:28","modified_gmt":"2025-07-28T12:50:28","slug":"elias-abad-navarro","status":"publish","type":"obra","link":"https:\/\/www.racba.org\/es\/obra\/elias-abad-navarro\/","title":{"rendered":"El\u00edas Abad Navarro (1897-1952)"},"content":{"rendered":"\n<div class=\"wp-block-group is-vertical is-layout-flex wp-container-core-group-is-layout-8cf370e7 wp-block-group-is-layout-flex\">\n<p><strong>Inventari<\/strong><strong>: <\/strong>Ba002<strong><\/strong><\/p>\n\n\n\n<p><strong>Cognom\/T\u00edtol\/Descripci\u00f3<\/strong><strong>: <\/strong>Abad Navarro<\/p>\n\n\n\n<p><strong>Nom\/Pa\u00eds<\/strong><strong>: <\/strong>El\u00edas<\/p>\n\n\n\n<p><strong>\u00c0rea Geografia: <\/strong>Desconeguda<\/p>\n\n\n\n<p><strong>Inscripcions<\/strong><strong>: <\/strong>En el revers de la fotografia: \u00ab(tallat) gado el \u00abPremi Cervantes\u00bb (10.000 pesseta\u00bb (mecanografiat); \u00abRnd. El\u00edas Abad Navarro\u00bb (a llapis); \u00abn 22\u00bb (a llapis); \u00ab1 B\u00bb (a llapis); \u00ab21\/28\u00bb (a llapis); segell: \u00ab15 MAY 1928\u00bb (color lila); segell: \u00abFot. \u00abVIDAL\u00bb- MADRID\u00bb (color lila); segell: \u00abFORMIGA\u00bb (color lila). En la part superior del paper suport: \u00abABAD NAVARRO, Rnd. El\u00edas\u00bb; \u00ab(P. 21\/1928)\u00bb (a tinta negra).<\/p>\n\n\n\n<p><strong>Data \/ \u00c8poca<\/strong>:  15\/05\/1928&nbsp;<\/p>\n\n\n\n<p><strong>Data publ\/N\u00fam.<\/strong>: 1928<\/p>\n\n\n\n<p><strong>T\u00e8cnica\/material<\/strong>: Fotografia ; gelatina i plata ; blanc i negre. Vertical. Positiu.<\/p>\n\n\n\n<p><strong>Suport<\/strong>: Paper fotogr\u00e0fic<\/p>\n\n\n\n<p> <strong>Estat de conservaci\u00f3<\/strong>: Bo.<\/p>\n\n\n\n<p><strong>Observacions\/ descripci\u00f3 \/ hist\u00f2ria-context<\/strong>: Fotografia enganxada parcialment a un paper suport de major grand\u00e0ria de color ocre. Canonge lectoral de la catedral d&#8217;Oriola i acad\u00e8mic corresponent de l&#8217;Acad\u00e8mia de la Hist\u00f2ria, autor de \u00abEl Castell de la Mola a la ciutat de Novelda\u00bb, premi de 10.000 pessetes i diploma Cervantes en el Concurs de la Grandesa Espanyola en homenatge a Cervantes (anunciat en ABC del 5 de maig de 1928).<\/p>\n\n\n\n<p><strong>Personatges<\/strong>: El\u00edas Abad Navarro (1897-1952).<\/p>\n\n\n\n<p><strong>Proced\u00e8ncia<\/strong>: Fons de la revista <em>La Hormiga de Oro<\/em>, RACBASJ<\/p>\n\n\n\n<p><strong>Bibliografia<\/strong>:<\/p>\n\n\n\n<p>&nbsp;&nbsp;&nbsp;&nbsp; \u2022 Revista <em>La Hormiga de Oro<\/em>: <a href=\"https:\/\/hemerotecadigital.bne.es\/hd\/es\/viewer?id=4112c0f6-bf94-4825-b482-6ee714e12116&amp;page=9\">https:\/\/hemerotecadigital.bne.es\/hd\/es\/viewer?id=4112c0f6-bf94-4825-b482-6ee714e12116&amp;page=9<\/a><\/p>\n<\/div>\n","protected":false},"featured_media":35432,"template":"","ubicacio":[405],"tecnica":[2926],"classificacio":[2907],"autor":[1746],"class_list":["post-35424","obra","type-obra","status-publish","has-post-thumbnail","hentry","ubicacio-reial-academia-catalana-de-belles-arts-de-sant-jordi","tecnica-gelatina-i-plata","classificacio-fotografia","autor-vidal"],"acf":[],"_links":{"self":[{"href":"https:\/\/www.racba.org\/es\/wp-json\/wp\/v2\/obra\/35424","targetHints":{"allow":["GET"]}}],"collection":[{"href":"https:\/\/www.racba.org\/es\/wp-json\/wp\/v2\/obra"}],"about":[{"href":"https:\/\/www.racba.org\/es\/wp-json\/wp\/v2\/types\/obra"}],"wp:featuredmedia":[{"embeddable":true,"href":"https:\/\/www.racba.org\/es\/wp-json\/wp\/v2\/media\/35432"}],"wp:attachment":[{"href":"https:\/\/www.racba.org\/es\/wp-json\/wp\/v2\/media?parent=35424"}],"wp:term":[{"taxonomy":"ubicacio","embeddable":true,"href":"https:\/\/www.racba.org\/es\/wp-json\/wp\/v2\/ubicacio?post=35424"},{"taxonomy":"tecnica","embeddable":true,"href":"https:\/\/www.racba.org\/es\/wp-json\/wp\/v2\/tecnica?post=35424"},{"taxonomy":"classificacio","embeddable":true,"href":"https:\/\/www.racba.org\/es\/wp-json\/wp\/v2\/classificacio?post=35424"},{"taxonomy":"autor","embeddable":true,"href":"https:\/\/www.racba.org\/es\/wp-json\/wp\/v2\/autor?post=35424"}],"curies":[{"name":"wp","href":"https:\/\/api.w.org\/{rel}","templated":true}]}}

Elías Abad Navarro (1897-1952)

<div class="wp-block-group is-vertical is-layout-flex wp-container-core-group-is-layout-8cf370e7 wp-block-group-is-layout-flex">
<p><strong>Inventari</strong><strong>: </strong>Ba002<strong></strong></p>



<p><strong>Cognom/Títol/Descripció</strong><strong>: </strong>Abad Navarro</p>



<p><strong>Nom/País</strong><strong>: </strong>Elías</p>



<p><strong>Àrea Geografia: </strong>Desconeguda</p>



<p><strong>Inscripcions</strong><strong>: </strong>En el revers de la fotografia: «(tallat) gado el «Premi Cervantes» (10.000 pesseta» (mecanografiat); «Rnd. Elías Abad Navarro» (a llapis); «n 22» (a llapis); «1 B» (a llapis); «21/28» (a llapis); segell: «15 MAY 1928» (color lila); segell: «Fot. «VIDAL»- MADRID» (color lila); segell: «FORMIGA» (color lila). En la part superior del paper suport: «ABAD NAVARRO, Rnd. Elías»; «(P. 21/1928)» (a tinta negra).</p>



<p><strong>Data / Època</strong>:  15/05/1928&nbsp;</p>



<p><strong>Data publ/Núm.</strong>: 1928</p>



<p><strong>Tècnica/material</strong>: Fotografia ; gelatina i plata ; blanc i negre. Vertical. Positiu.</p>



<p><strong>Suport</strong>: Paper fotogràfic</p>



<p> <strong>Estat de conservació</strong>: Bo.</p>



<p><strong>Observacions/ descripció / història-context</strong>: Fotografia enganxada parcialment a un paper suport de major grandària de color ocre. Canonge lectoral de la catedral d&#8217;Oriola i acadèmic corresponent de l&#8217;Acadèmia de la Història, autor de «El Castell de la Mola a la ciutat de Novelda», premi de 10.000 pessetes i diploma Cervantes en el Concurs de la Grandesa Espanyola en homenatge a Cervantes (anunciat en ABC del 5 de maig de 1928).</p>



<p><strong>Personatges</strong>: Elías Abad Navarro (1897-1952).</p>



<p><strong>Procedència</strong>: Fons de la revista <em>La Hormiga de Oro</em>, RACBASJ</p>



<p><strong>Bibliografia</strong>:</p>



<p>&nbsp;&nbsp;&nbsp;&nbsp; • Revista <em>La Hormiga de Oro</em>: <a href="https://hemerotecadigital.bne.es/hd/es/viewer?id=4112c0f6-bf94-4825-b482-6ee714e12116&amp;page=9">https://hemerotecadigital.bne.es/hd/es/viewer?id=4112c0f6-bf94-4825-b482-6ee714e12116&amp;page=9</a></p>
</div>
