{"id":36755,"date":"2025-10-10T13:16:17","date_gmt":"2025-10-10T11:16:17","guid":{"rendered":"https:\/\/www.racba.org\/?post_type=obra&#038;p=36755"},"modified":"2025-10-10T13:20:02","modified_gmt":"2025-10-10T11:20:02","slug":"cerimonia-grecoromana-de-vestir-i-coronar-de-llorer-un-grup-dhomes-nus-davant-duna-multitud-i-de-tres-nobles-o-filosofs","status":"publish","type":"obra","link":"https:\/\/www.racba.org\/es\/obra\/cerimonia-grecoromana-de-vestir-i-coronar-de-llorer-un-grup-dhomes-nus-davant-duna-multitud-i-de-tres-nobles-o-filosofs\/","title":{"rendered":"Cerim\u00f2nia grecoromana de vestir i coronar de llorer un grup d\u2019homes nus davant d\u2019una multitud i de tres nobles, o fil\u00f2sofs"},"content":{"rendered":"\n<div class=\"wp-block-group is-vertical is-layout-flex wp-container-core-group-is-layout-8cf370e7 wp-block-group-is-layout-flex\">\n<p><strong>Inventari general:<\/strong> 5100 D<\/p>\n\n\n\n<p><strong>Proced\u00e8ncia<\/strong>: El dibuix pertany a l&#8217;\u00e0lbum comprat per l&#8217;Acad\u00e8mia a Soler y Llach, Subastas Internacionales S. A. per 1.180 euros.<\/p>\n\n\n\n<p><strong>Data ingr\u00e9s: <\/strong>30 de juliol de 2003.<\/p>\n\n\n\n<p><strong>Observacions:<\/strong> Aquest \u00e9s un dels temes m\u00e9s complicats d\u2019identificar a m\u00e9s de no tenir cap rastre de l&#8217;autor.<\/p>\n\n\n\n<p>Els dibuixos n\u00fam. d&#8217;inv. 5088 D-5110 D formen part de l&#8217;\u00e0lbum dedicat a Pau Mil\u00e0 i Fontanals pels seus alumnes, despr\u00e9s que el mestre renunci\u00e9s a la c\u00e0tedra d&#8217;Hist\u00f2ria de l&#8217;Art de l&#8217;Escola de Belles Arts de Barcelona l&#8217;any 1856. Posteriorment, l&#8217;any 2006, l&#8217;acad\u00e8mic secretari general, Leopoldo Gil Nebot, don\u00e0 a l\u2019Acad\u00e8mia tres dibuixos m\u00e9s, els n\u00fam. d&#8217;inv. 6604 D-6606 D, que formaven tamb\u00e9 part d&#8217;aquest conjunt.<\/p>\n\n\n\n<p>L&#8217;\u00e0lbum es troba en molt mal estat de conservaci\u00f3, el paper de suport est\u00e0 molt fr\u00e0gil i la majoria dels fulls estan trencats; \u00e9s per aix\u00f2 que es va decidir extreure els dibuixos de l\u2019\u00e0lbum i conservar-los individualment.<\/p>\n\n\n\n<p>Probablement en origen l&#8217;\u00e0lbum va comptar amb un centenar de dibuixos, ja que sembla que cada artista signant va realitzar cinc o sis apunts. Als dibuixos que ens van arribar s\u2019haurien de sumar, doncs, els dels artistes signants de la dedicat\u00f2ria que n\u2019hi ha a la primera p\u00e0gina, dels quals no n\u2019hi havia cap dibuix quan es va comprar l\u2019\u00e0lbum, o b\u00e9 alguns d\u2019ells s\u00f3n autors dels dibuixos que hem catalogat com a an\u00f2nims. Es tracta de: Mari\u00e0 Fortuny, Agapit Vallmitjana, Andreu Aleu, Eduard Grenzner, Aureli\u00e1 Ibarra, Francesc Saladrigas, Josep Vidal i Vilardell, Joan Sams\u00f3, Narc\u00eds Aug\u00e9, Ramon Tarrag\u00f3, Manel Belau, Eugeni Estasens, R\u00f2mul Batlle i Venanci Vallmitjana. Alguns dels dibuixos que ja no hi s\u00f3n han deixat la seva empremta al dors del full suport del dibuix anterior.<\/p>\n\n\n\n<p><strong>Bibliografia: <\/strong>Dur\u00e1 2005, p. 192 (reprod.).<\/p>\n<\/div>\n","protected":false},"featured_media":36756,"template":"","ubicacio":[405],"tecnica":[2963],"classificacio":[408],"autor":[2005],"class_list":["post-36755","obra","type-obra","status-publish","has-post-thumbnail","hentry","ubicacio-reial-academia-catalana-de-belles-arts-de-sant-jordi","tecnica-llapis-tinta-negra-i-aiguada-marro-sobre-paper","classificacio-dibuix","autor-anonim-segle-xix"],"acf":[],"_links":{"self":[{"href":"https:\/\/www.racba.org\/es\/wp-json\/wp\/v2\/obra\/36755","targetHints":{"allow":["GET"]}}],"collection":[{"href":"https:\/\/www.racba.org\/es\/wp-json\/wp\/v2\/obra"}],"about":[{"href":"https:\/\/www.racba.org\/es\/wp-json\/wp\/v2\/types\/obra"}],"wp:featuredmedia":[{"embeddable":true,"href":"https:\/\/www.racba.org\/es\/wp-json\/wp\/v2\/media\/36756"}],"wp:attachment":[{"href":"https:\/\/www.racba.org\/es\/wp-json\/wp\/v2\/media?parent=36755"}],"wp:term":[{"taxonomy":"ubicacio","embeddable":true,"href":"https:\/\/www.racba.org\/es\/wp-json\/wp\/v2\/ubicacio?post=36755"},{"taxonomy":"tecnica","embeddable":true,"href":"https:\/\/www.racba.org\/es\/wp-json\/wp\/v2\/tecnica?post=36755"},{"taxonomy":"classificacio","embeddable":true,"href":"https:\/\/www.racba.org\/es\/wp-json\/wp\/v2\/classificacio?post=36755"},{"taxonomy":"autor","embeddable":true,"href":"https:\/\/www.racba.org\/es\/wp-json\/wp\/v2\/autor?post=36755"}],"curies":[{"name":"wp","href":"https:\/\/api.w.org\/{rel}","templated":true}]}}

Cerimònia grecoromana de vestir i coronar de llorer un grup d’homes nus davant d’una multitud i de tres nobles, o filòsofs

<div class="wp-block-group is-vertical is-layout-flex wp-container-core-group-is-layout-8cf370e7 wp-block-group-is-layout-flex">
<p><strong>Inventari general:</strong> 5100 D</p>



<p><strong>Procedència</strong>: El dibuix pertany a l&#8217;àlbum comprat per l&#8217;Acadèmia a Soler y Llach, Subastas Internacionales S. A. per 1.180 euros.</p>



<p><strong>Data ingrés: </strong>30 de juliol de 2003.</p>



<p><strong>Observacions:</strong> Aquest és un dels temes més complicats d’identificar a més de no tenir cap rastre de l&#8217;autor.</p>



<p>Els dibuixos núm. d&#8217;inv. 5088 D-5110 D formen part de l&#8217;àlbum dedicat a Pau Milà i Fontanals pels seus alumnes, després que el mestre renunciés a la càtedra d&#8217;Història de l&#8217;Art de l&#8217;Escola de Belles Arts de Barcelona l&#8217;any 1856. Posteriorment, l&#8217;any 2006, l&#8217;acadèmic secretari general, Leopoldo Gil Nebot, donà a l’Acadèmia tres dibuixos més, els núm. d&#8217;inv. 6604 D-6606 D, que formaven també part d&#8217;aquest conjunt.</p>



<p>L&#8217;àlbum es troba en molt mal estat de conservació, el paper de suport està molt fràgil i la majoria dels fulls estan trencats; és per això que es va decidir extreure els dibuixos de l’àlbum i conservar-los individualment.</p>



<p>Probablement en origen l&#8217;àlbum va comptar amb un centenar de dibuixos, ja que sembla que cada artista signant va realitzar cinc o sis apunts. Als dibuixos que ens van arribar s’haurien de sumar, doncs, els dels artistes signants de la dedicatòria que n’hi ha a la primera pàgina, dels quals no n’hi havia cap dibuix quan es va comprar l’àlbum, o bé alguns d’ells són autors dels dibuixos que hem catalogat com a anònims. Es tracta de: Marià Fortuny, Agapit Vallmitjana, Andreu Aleu, Eduard Grenzner, Aureliá Ibarra, Francesc Saladrigas, Josep Vidal i Vilardell, Joan Samsó, Narcís Augé, Ramon Tarragó, Manel Belau, Eugeni Estasens, Ròmul Batlle i Venanci Vallmitjana. Alguns dels dibuixos que ja no hi són han deixat la seva empremta al dors del full suport del dibuix anterior.</p>



<p><strong>Bibliografia: </strong>Durá 2005, p. 192 (reprod.).</p>
</div>
