{"id":37380,"date":"2026-03-16T13:12:03","date_gmt":"2026-03-16T12:12:03","guid":{"rendered":"https:\/\/www.racba.org\/?post_type=obra&#038;p=37380"},"modified":"2026-03-16T13:12:05","modified_gmt":"2026-03-16T12:12:05","slug":"retrat-del-cardenal-giacomo-piccolomini-1795-1845","status":"publish","type":"obra","link":"https:\/\/www.racba.org\/es\/obra\/retrat-del-cardenal-giacomo-piccolomini-1795-1845\/","title":{"rendered":"Retrat del Cardenal Giacomo Piccolomini (1795-1845)"},"content":{"rendered":"\n<div class=\"wp-block-group is-vertical is-layout-flex wp-container-core-group-is-layout-8cf370e7 wp-block-group-is-layout-flex\">\n<p><strong>Inventari general: <\/strong>11044 G<\/p>\n\n\n\n<p><strong>Proced\u00e8ncia: <\/strong>Donaci\u00f3 d\u2019Enric Oliv\u00e9 i Serret, acad\u00e8mic corresponent per Tarragona, i de la seva esposa Sra. Maria Rosa Elias Arcalis.<\/p>\n\n\n\n<p><strong>Data d\u2019ingr\u00e9s: <\/strong>17 de novembre de 2025.<\/p>\n\n\n\n<p><strong>Signatura: <\/strong>No est\u00e0 signada.<\/p>\n\n\n\n<p><strong>Inscripcions: <\/strong>A la banda inferior esquerra del dibuix, gravat al suport: \u00abD\u2019apr\u00e9s le tableau original de J. Galofre\u00bb. A la part central, gravat al suport \u00abCardinal Piccolomini.\u00bb. Al la banda dreta, tamb\u00e9 gravat al suport, \u00abImprime per Lemercier \u00e0 Paris\u00bb. A la part inferior esquerra, escrit a llapis \u00abmuy mala litografia. | tal cual como es se la | mando a V. mi buen D | Vicente Rodes\u00bb. Al revers del paper, estampat amb un segell de tinta aiguada:\u00abFidel de Moragas\u00bb (net de Vicent Rodes).<\/p>\n\n\n\n<p><strong>Estat de conservaci\u00f3: <\/strong>Regular. Presenta oxidaci\u00f3 i brut\u00edcia; el paper est\u00e0 trencat i arrugat als marges. Destaca un estrip a la part superior del paper que, al revers, s\u2019ha solucionat amb cinta adhesiva.<\/p>\n\n\n\n<p><strong>Observacions: <\/strong>\u00c9s una reproducci\u00f3 litogr\u00e0fica del retrat del cardenal Giacomo Piccolomini (Siena, 1795-1845) nomenat com a tal l\u2019any 1844 per Gregori xVi i pintat per Josep Galofre el 1845. Josep Galofr\u00e9 va ser alumne de Rodes a l\u2019Escola de Llotja al voltant de la d\u00e8cada dels trenta del segle xix; posteriorment van mantenir una relaci\u00f3 d\u2019amistat. Tot i que a la litografia s\u2019indica que \u00e9s una c\u00f2pia de l\u2019original \u2014la pintura de Galofre, que actualment es conserva a la <em>Soprintendenza Archeologia, belle arti e paesaggio per le province di Siena, Grosseto e Arezzo<\/em>, a Sienna\u2014 hi ha detalls que no es corresponen, com \u00e9s la posici\u00f3 de les mans. Pot ser aquest el motiu pel qual a la inscripci\u00f3 s\u2019informa que la litografia \u00e9s \u00abmuy mala\u00bb? A internet es pot trobar un altre retrat del cardenal Piccolomini, del qual no se sap ni l\u2019autor ni la proced\u00e8ncia, per\u00f2 que s\u00ed que t\u00e9 m\u00e9s punts de similitud.<\/p>\n\n\n\n<p><strong>Bibliografia<\/strong>:<\/p>\n\n\n\n<p>\u00b7 \u00abGiacomo Piccolomini\u00bb (2023). A: <em>Wikip\u00e9dia : L\u2019encyclop\u00e9die libre <\/em>[en l\u00ednia]. <a href=\"https:\/\/fr.wikipedia.org\/wiki\/\">https:\/\/fr.wikipedia.org\/wiki\/<\/a> Giacomo_Piccolomini [Consulta: 23-12-2025].<\/p>\n\n\n\n<p>\u00b7 \u00abLemercier &amp; Cie.\u00bb (s. d.). A: <em>Artista <\/em>[en l\u00ednia]. Madrid: Museo del Prado. <a href=\"https:\/\/www.museodelprado.es\/coleccion\/artista\/lemercier-cie\/e36337fc-db81-4ae9-8f0a-dc7d149b5a4c\">https:\/\/www.museodelprado.es\/coleccion\/artista\/lemercier-cie\/e36337fc-db81-4ae9-8f0a-dc7d149b5a4c<\/a> [Consulta: 23-12-2025].<\/p>\n\n\n\n<p>\u00b7 \u00abRitratto del cardinale Giacomo Piccolomini\u00bb (2009). A: <em>Beni storici e artistici <\/em>[en l\u00ednia]. Roma. &nbsp;<a href=\"https:\/\/catalogo.beniculturali.it\/detail\/HistoricOrArtisticProperty\/0901107020\">https:\/\/catalogo.beniculturali.it\/detail\/HistoricOrArtisticProperty\/0901107020<\/a> &nbsp;[Consulta: 23-12-2025].<\/p>\n\n\n\n<p>\u00b7 MARTI, Jep (2019). \u00abEl pintor alacant\u00ed Vicente Rodes i la daguerrot\u00edpia\u00bb. A: <em>Articles. <\/em>[en l\u00ednia]. Barcelona: L\u2019\u00e0lbum del Jep. <a href=\"https:\/\/lalbumdeljep.wordpress.com\/2019\/11\/02\/el-pintor-alacanti-vicente-rodes-i-la-daguerreotipia\/\">https:\/\/lalbumdeljep.wordpress.com\/2019\/11\/02\/el-pintor-alacanti-vicente-rodes-i-la-daguerreotipia\/<\/a> [Consulta: 23-12-2025].<\/p>\n<\/div>\n","protected":false},"featured_media":37381,"template":"","ubicacio":[405],"tecnica":[3027],"classificacio":[1653],"autor":[3031],"class_list":["post-37380","obra","type-obra","status-publish","has-post-thumbnail","hentry","ubicacio-reial-academia-catalana-de-belles-arts-de-sant-jordi","tecnica-litografia-sobre-paper","classificacio-estampa","autor-galofre-i-coma-josep"],"acf":[],"_links":{"self":[{"href":"https:\/\/www.racba.org\/es\/wp-json\/wp\/v2\/obra\/37380","targetHints":{"allow":["GET"]}}],"collection":[{"href":"https:\/\/www.racba.org\/es\/wp-json\/wp\/v2\/obra"}],"about":[{"href":"https:\/\/www.racba.org\/es\/wp-json\/wp\/v2\/types\/obra"}],"wp:featuredmedia":[{"embeddable":true,"href":"https:\/\/www.racba.org\/es\/wp-json\/wp\/v2\/media\/37381"}],"wp:attachment":[{"href":"https:\/\/www.racba.org\/es\/wp-json\/wp\/v2\/media?parent=37380"}],"wp:term":[{"taxonomy":"ubicacio","embeddable":true,"href":"https:\/\/www.racba.org\/es\/wp-json\/wp\/v2\/ubicacio?post=37380"},{"taxonomy":"tecnica","embeddable":true,"href":"https:\/\/www.racba.org\/es\/wp-json\/wp\/v2\/tecnica?post=37380"},{"taxonomy":"classificacio","embeddable":true,"href":"https:\/\/www.racba.org\/es\/wp-json\/wp\/v2\/classificacio?post=37380"},{"taxonomy":"autor","embeddable":true,"href":"https:\/\/www.racba.org\/es\/wp-json\/wp\/v2\/autor?post=37380"}],"curies":[{"name":"wp","href":"https:\/\/api.w.org\/{rel}","templated":true}]}}

<div class="wp-block-group is-vertical is-layout-flex wp-container-core-group-is-layout-8cf370e7 wp-block-group-is-layout-flex">
<p><strong>Inventari general: </strong>11044 G</p>



<p><strong>Procedència: </strong>Donació d’Enric Olivé i Serret, acadèmic corresponent per Tarragona, i de la seva esposa Sra. Maria Rosa Elias Arcalis.</p>



<p><strong>Data d’ingrés: </strong>17 de novembre de 2025.</p>



<p><strong>Signatura: </strong>No està signada.</p>



<p><strong>Inscripcions: </strong>A la banda inferior esquerra del dibuix, gravat al suport: «D’aprés le tableau original de J. Galofre». A la part central, gravat al suport «Cardinal Piccolomini.». Al la banda dreta, també gravat al suport, «Imprime per Lemercier à Paris». A la part inferior esquerra, escrit a llapis «muy mala litografia. | tal cual como es se la | mando a V. mi buen D | Vicente Rodes». Al revers del paper, estampat amb un segell de tinta aiguada:«Fidel de Moragas» (net de Vicent Rodes).</p>



<p><strong>Estat de conservació: </strong>Regular. Presenta oxidació i brutícia; el paper està trencat i arrugat als marges. Destaca un estrip a la part superior del paper que, al revers, s’ha solucionat amb cinta adhesiva.</p>



<p><strong>Observacions: </strong>És una reproducció litogràfica del retrat del cardenal Giacomo Piccolomini (Siena, 1795-1845) nomenat com a tal l’any 1844 per Gregori xVi i pintat per Josep Galofre el 1845. Josep Galofré va ser alumne de Rodes a l’Escola de Llotja al voltant de la dècada dels trenta del segle xix; posteriorment van mantenir una relació d’amistat. Tot i que a la litografia s’indica que és una còpia de l’original —la pintura de Galofre, que actualment es conserva a la <em>Soprintendenza Archeologia, belle arti e paesaggio per le province di Siena, Grosseto e Arezzo</em>, a Sienna— hi ha detalls que no es corresponen, com és la posició de les mans. Pot ser aquest el motiu pel qual a la inscripció s’informa que la litografia és «muy mala»? A internet es pot trobar un altre retrat del cardenal Piccolomini, del qual no se sap ni l’autor ni la procedència, però que sí que té més punts de similitud.</p>



<p><strong>Bibliografia</strong>:</p>



<p>· «Giacomo Piccolomini» (2023). A: <em>Wikipédia : L’encyclopédie libre </em>[en línia]. <a href="https://fr.wikipedia.org/wiki/">https://fr.wikipedia.org/wiki/</a> Giacomo_Piccolomini [Consulta: 23-12-2025].</p>



<p>· «Lemercier &amp; Cie.» (s. d.). A: <em>Artista </em>[en línia]. Madrid: Museo del Prado. <a href="https://www.museodelprado.es/coleccion/artista/lemercier-cie/e36337fc-db81-4ae9-8f0a-dc7d149b5a4c">https://www.museodelprado.es/coleccion/artista/lemercier-cie/e36337fc-db81-4ae9-8f0a-dc7d149b5a4c</a> [Consulta: 23-12-2025].</p>



<p>· «Ritratto del cardinale Giacomo Piccolomini» (2009). A: <em>Beni storici e artistici </em>[en línia]. Roma. &nbsp;<a href="https://catalogo.beniculturali.it/detail/HistoricOrArtisticProperty/0901107020">https://catalogo.beniculturali.it/detail/HistoricOrArtisticProperty/0901107020</a> &nbsp;[Consulta: 23-12-2025].</p>



<p>· MARTI, Jep (2019). «El pintor alacantí Vicente Rodes i la daguerrotípia». A: <em>Articles. </em>[en línia]. Barcelona: L’àlbum del Jep. <a href="https://lalbumdeljep.wordpress.com/2019/11/02/el-pintor-alacanti-vicente-rodes-i-la-daguerreotipia/">https://lalbumdeljep.wordpress.com/2019/11/02/el-pintor-alacanti-vicente-rodes-i-la-daguerreotipia/</a> [Consulta: 23-12-2025].</p>
</div>
