{"id":11111,"date":"1994-01-01T00:00:00","date_gmt":"1993-12-31T23:00:00","guid":{"rendered":"http:\/\/novaweb.racba.org\/publicacio\/josep-m-ros-vila-1899-1993\/"},"modified":"2023-04-14T15:05:55","modified_gmt":"2023-04-14T13:05:55","slug":"lluis-esteva-i-cruanas-sant-feliu-de-guixols-1906-1994-2","status":"publish","type":"publicacio","link":"https:\/\/www.racba.org\/es\/publicacio\/lluis-esteva-i-cruanas-sant-feliu-de-guixols-1906-1994-2\/","title":{"rendered":"Llu\u00eds Esteva i Crua\u00f1as (Sant Feliu de Gu\u00edxols, 1906-1994)"},"content":{"rendered":"<p>\u00abLlu\u00eds Esteva i Crua\u00f1as (Sant Feliu de Gu\u00edxols, 1906-1994)\u00bb. Butllet\u00ed VII-VIII, 1994 (p\u00e0g. 373-380). 3,00 \u20ac.<\/p>\n","protected":false},"featured_media":11114,"template":"","tipus":[2543],"autor-publicacio":[2627],"class_list":["post-11111","publicacio","type-publicacio","status-publish","has-post-thumbnail","hentry","tipus-butlleti","autor-publicacio-aicart-francesc-necrologica"],"acf":[],"_links":{"self":[{"href":"https:\/\/www.racba.org\/es\/wp-json\/wp\/v2\/publicacio\/11111","targetHints":{"allow":["GET"]}}],"collection":[{"href":"https:\/\/www.racba.org\/es\/wp-json\/wp\/v2\/publicacio"}],"about":[{"href":"https:\/\/www.racba.org\/es\/wp-json\/wp\/v2\/types\/publicacio"}],"version-history":[{"count":1,"href":"https:\/\/www.racba.org\/es\/wp-json\/wp\/v2\/publicacio\/11111\/revisions"}],"predecessor-version":[{"id":25385,"href":"https:\/\/www.racba.org\/es\/wp-json\/wp\/v2\/publicacio\/11111\/revisions\/25385"}],"wp:featuredmedia":[{"embeddable":true,"href":"https:\/\/www.racba.org\/es\/wp-json\/wp\/v2\/media\/11114"}],"wp:attachment":[{"href":"https:\/\/www.racba.org\/es\/wp-json\/wp\/v2\/media?parent=11111"}],"wp:term":[{"taxonomy":"tipus","embeddable":true,"href":"https:\/\/www.racba.org\/es\/wp-json\/wp\/v2\/tipus?post=11111"},{"taxonomy":"autor-publicacio","embeddable":true,"href":"https:\/\/www.racba.org\/es\/wp-json\/wp\/v2\/autor-publicacio?post=11111"}],"curies":[{"name":"wp","href":"https:\/\/api.w.org\/{rel}","templated":true}]}}

Lluís Esteva i Cruañas (Sant Feliu de Guíxols, 1906-1994)

<p>«Lluís Esteva i Cruañas (Sant Feliu de Guíxols, 1906-1994)». Butlletí VII-VIII, 1994 (pàg. 373-380). 3,00 €.</p>
