{"id":11368,"date":"1996-01-01T00:00:00","date_gmt":"1995-12-31T23:00:00","guid":{"rendered":"http:\/\/novaweb.racba.org\/publicacio\/el-greco-la-seva-revaloritzacio-pel-modernisme-catala\/"},"modified":"2023-04-14T15:06:15","modified_gmt":"2023-04-14T13:06:15","slug":"el-ojo-mistico-pintura-y-vision-religiosa-en-el-siglo-de-oro-espanol","status":"publish","type":"publicacio","link":"https:\/\/www.racba.org\/es\/publicacio\/el-ojo-mistico-pintura-y-vision-religiosa-en-el-siglo-de-oro-espanol\/","title":{"rendered":"El ojo m\u00edstico (pintura y visi\u00f3n religiosa en el Siglo de Oro Espa\u00f1ol)"},"content":{"rendered":"<p>Stoichita, V.I.: \u00abEl ojo m\u00edstico (pintura y visi\u00f3n religiosa en el Siglo de Oro Espa\u00f1ol)\u00bb. Madrid, 1996. Butllet\u00ed X, 1996 (p\u00e0g. 331-332). 3,00 \u20ac<\/p>\n","protected":false},"featured_media":11372,"template":"","tipus":[2543],"autor-publicacio":[2666],"class_list":["post-11368","publicacio","type-publicacio","status-publish","has-post-thumbnail","hentry","tipus-butlleti","autor-publicacio-delgado-lopez-felix-recensio"],"acf":[],"_links":{"self":[{"href":"https:\/\/www.racba.org\/es\/wp-json\/wp\/v2\/publicacio\/11368","targetHints":{"allow":["GET"]}}],"collection":[{"href":"https:\/\/www.racba.org\/es\/wp-json\/wp\/v2\/publicacio"}],"about":[{"href":"https:\/\/www.racba.org\/es\/wp-json\/wp\/v2\/types\/publicacio"}],"version-history":[{"count":1,"href":"https:\/\/www.racba.org\/es\/wp-json\/wp\/v2\/publicacio\/11368\/revisions"}],"predecessor-version":[{"id":25468,"href":"https:\/\/www.racba.org\/es\/wp-json\/wp\/v2\/publicacio\/11368\/revisions\/25468"}],"wp:featuredmedia":[{"embeddable":true,"href":"https:\/\/www.racba.org\/es\/wp-json\/wp\/v2\/media\/11372"}],"wp:attachment":[{"href":"https:\/\/www.racba.org\/es\/wp-json\/wp\/v2\/media?parent=11368"}],"wp:term":[{"taxonomy":"tipus","embeddable":true,"href":"https:\/\/www.racba.org\/es\/wp-json\/wp\/v2\/tipus?post=11368"},{"taxonomy":"autor-publicacio","embeddable":true,"href":"https:\/\/www.racba.org\/es\/wp-json\/wp\/v2\/autor-publicacio?post=11368"}],"curies":[{"name":"wp","href":"https:\/\/api.w.org\/{rel}","templated":true}]}}

El ojo místico (pintura y visión religiosa en el Siglo de Oro Español)

<p>Stoichita, V.I.: «El ojo místico (pintura y visión religiosa en el Siglo de Oro Español)». Madrid, 1996. Butlletí X, 1996 (pàg. 331-332). 3,00 €</p>
