{"id":12138,"date":"2015-01-01T00:00:00","date_gmt":"2014-12-31T23:00:00","guid":{"rendered":"http:\/\/novaweb.racba.org\/publicacio\/lescultura-plensiana-o-lart-de-sensibilitzar-lespai\/"},"modified":"2023-04-14T15:07:07","modified_gmt":"2023-04-14T13:07:07","slug":"lescultura-plensiana-o-lart-de-sensibilitzar-lespai","status":"publish","type":"publicacio","link":"https:\/\/www.racba.org\/es\/publicacio\/lescultura-plensiana-o-lart-de-sensibilitzar-lespai\/","title":{"rendered":"L&#8217;escultura plensiana o l&#8217;art de sensibilitzar l&#8217;espai"},"content":{"rendered":"<p>Discurs d&#8217;inauguraci\u00f3 del Curs Acad\u00e8mic 2015-2016 del Consell Interacad\u00e8mic de Catalunya: \u00abL&#8217;escultura plensiana o l&#8217;art de sensibilitzar l&#8217;espai\u00bb. (17 p\u00e0gs., 23 cm.). 10,00 \u20ac.<\/p>\n","protected":false},"featured_media":12139,"template":"","tipus":[2323],"autor-publicacio":[2769],"class_list":["post-12138","publicacio","type-publicacio","status-publish","has-post-thumbnail","hentry","tipus-altres","autor-publicacio-vives-i-pique-m-rosa"],"acf":[],"_links":{"self":[{"href":"https:\/\/www.racba.org\/es\/wp-json\/wp\/v2\/publicacio\/12138","targetHints":{"allow":["GET"]}}],"collection":[{"href":"https:\/\/www.racba.org\/es\/wp-json\/wp\/v2\/publicacio"}],"about":[{"href":"https:\/\/www.racba.org\/es\/wp-json\/wp\/v2\/types\/publicacio"}],"version-history":[{"count":1,"href":"https:\/\/www.racba.org\/es\/wp-json\/wp\/v2\/publicacio\/12138\/revisions"}],"predecessor-version":[{"id":25729,"href":"https:\/\/www.racba.org\/es\/wp-json\/wp\/v2\/publicacio\/12138\/revisions\/25729"}],"wp:featuredmedia":[{"embeddable":true,"href":"https:\/\/www.racba.org\/es\/wp-json\/wp\/v2\/media\/12139"}],"wp:attachment":[{"href":"https:\/\/www.racba.org\/es\/wp-json\/wp\/v2\/media?parent=12138"}],"wp:term":[{"taxonomy":"tipus","embeddable":true,"href":"https:\/\/www.racba.org\/es\/wp-json\/wp\/v2\/tipus?post=12138"},{"taxonomy":"autor-publicacio","embeddable":true,"href":"https:\/\/www.racba.org\/es\/wp-json\/wp\/v2\/autor-publicacio?post=12138"}],"curies":[{"name":"wp","href":"https:\/\/api.w.org\/{rel}","templated":true}]}}

<p>Discurs d&#8217;inauguració del Curs Acadèmic 2015-2016 del Consell Interacadèmic de Catalunya: «L&#8217;escultura plensiana o l&#8217;art de sensibilitzar l&#8217;espai». (17 pàgs., 23 cm.). 10,00 €.</p>
